INSERT INTO informe VALUES("9359","123456789","2015-10-01","18:40:11","82/1monterreynuevo/Modulos/modvehiculo/contratos/admin1.php?i=d745e06106d97b8dafaaf5310abe4dca8905a615","::1");
INSERT INTO informe VALUES("9360","123456789","2015-10-01","18:40:11","82/1monterreynuevo/Modulos/modvehiculo/contratos/admin1.php?tmp=699ad89ef0352c7db2553e4173ab795c940687d0","::1");
INSERT INTO informe VALUES("9361","123456789","2015-10-01","18:40:15","82/1monterreynuevo/Modulos/modvehiculo/contratos/admin1.php?tmp=699ad89ef0352c7db2553e4173ab795c940687d0","::1");
INSERT INTO informe VALUES("9362","123456789","2015-10-01","18:40:44","82/1monterreynuevo/Modulos/modvehiculo/contratos/admin1.php?tmp=699ad89ef0352c7db2553e4173ab795c940687d0","::1");
INSERT INTO informe VALUES("9363","123456789","2015-10-01","18:40:51","82/1monterreynuevo/Modulos/modvehiculo/contratos/admin1.php?tmp=699ad89ef0352c7db2553e4173ab795c940687d0","::1");
INSERT INTO informe VALUES("9364","123456789","2015-10-02","10:05:16","82/1monterreynuevo/Modulos/principal/","::1");
INSERT INTO informe VALUES("9365","123456789","2015-10-02","10:16:40","82/1monterreynuevo/Modulos/bodega/contenido.php","::1");
INSERT INTO informe VALUES("9366","123456789","2015-10-02","10:18:25","82/1monterreynuevo/Modulos/usuario/consultar.php","::1");
INSERT INTO informe VALUES("9367","123456789","2015-10-02","10:18:27","82/1monterreynuevo/Modulos/usuario/permiso.php?u=caa297fe47671dbb6c4ba4547ebef3a4a022cc91","::1");
INSERT INTO informe VALUES("9368","123456789","2015-10-02","10:18:29","82/1monterreynuevo/Modulos/usuario/permiso.php?i=9ed4c7e36c823fbe94dcea985c5505e9ad560190&u=caa297fe47671dbb6c4ba4547ebef3a4a022cc91","::1");
INSERT INTO informe VALUES("9369","123456789","2015-10-02","10:18:30","82/1monterreynuevo/Modulos/usuario/permiso.php?u=caa297fe47671dbb6c4ba4547ebef3a4a022cc91","::1");
INSERT INTO informe VALUES("9370","123456789","2015-10-02","10:18:34","82/1monterreynuevo/Modulos/bodega/mm.php","::1");
INSERT INTO informe VALUES("9371","123456789","2015-10-02","10:20:52","82/1monterreynuevo/Modulos/bodega/mm.php","::1");
INSERT INTO informe VALUES("9372","123456789","2015-10-02","10:23:18","82/1monterreynuevo/Modulos/bodega/mm.php","::1");
INSERT INTO informe VALUES("9373","123456789","2015-10-02","10:29:19","82/1monterreynuevo/Modulos/bodega/mm.php","::1");
INSERT INTO informe VALUES("9374","123456789","2015-10-02","10:29:59","82/1monterreynuevo/Modulos/bodega/mm.php","::1");
INSERT INTO informe VALUES("9375","123456789","2015-10-02","10:30:02","82/1monterreynuevo/Modulos/bodega/mm.php?sucursal=todas&refe=subgrupo&subrefe=5","::1");
INSERT INTO informe VALUES("9376","123456789","2015-10-02","10:30:06","82/1monterreynuevo/Modulos/bodega/mm.php","::1");
INSERT INTO informe VALUES("9377","123456789","2015-10-02","10:30:40","82/1monterreynuevo/Modulos/bodega/mm.php","::1");
INSERT INTO informe VALUES("9378","123456789","2015-10-02","10:31:55","82/1monterreynuevo/Modulos/bodega/mm.php?sucursal=todas&refe=grupo&subrefe=16","::1");
INSERT INTO informe VALUES("9379","123456789","2015-10-02","10:35:38","82/1monterreynuevo/Modulos/bodega/mm.php?sucursal=todas&refe=grupo&subrefe=16","::1");
INSERT INTO informe VALUES("9380","123456789","2015-10-02","10:38:14","82/1monterreynuevo/Modulos/bodega/mm.php?sucursal=todas&refe=grupo&subrefe=16","::1");
INSERT INTO informe VALUES("9381","123456789","2015-10-02","10:38:20","82/1monterreynuevo/Modulos/bodega/mm.php?sucursal=todas&refe=grupo&subrefe=16","::1");
INSERT INTO informe VALUES("9382","123456789","2015-10-02","10:45:08","82/1monterreynuevo/Modulos/bodega/mm.php?sucursal=todas&refe=grupo&subrefe=16","::1");
INSERT INTO informe VALUES("9383","123456789","2015-10-02","10:45:14","82/1monterreynuevo/Modulos/bodega/mm.php?sucursal=todas&refe=grupo&subrefe=16","::1");
INSERT INTO informe VALUES("9384","123456789","2015-10-02","10:46:25","82/1monterreynuevo/Modulos/bodega/mm.php?sucursal=todas&refe=grupo&subrefe=16","::1");
INSERT INTO informe VALUES("9385","123456789","2015-10-02","10:46:46","82/1monterreynuevo/Modulos/bodega/mm.php?sucursal=todas&refe=grupo&subrefe=16","::1");
INSERT INTO informe VALUES("9386","123456789","2015-10-02","10:47:32","82/1monterreynuevo/Modulos/bodega/mm.php?refe=grupo&subrefe=grupo","::1");
INSERT INTO informe VALUES("9387","123456789","2015-10-02","10:47:35","82/1monterreynuevo/Modulos/bodega/mm.php?refe=subgrupo&subrefe=5","::1");
INSERT INTO informe VALUES("9388","123456789","2015-10-02","10:47:37","82/1monterreynuevo/Modulos/bodega/mm.php?refe=subgrupo&subrefe=subgrupo","::1");
INSERT INTO informe VALUES("9389","123456789","2015-10-02","10:49:36","82/1monterreynuevo/Modulos/bodega/mm.php?refe=grupo&subrefe=16","::1");
INSERT INTO informe VALUES("9390","123456789","2015-10-02","10:49:54","82/1monterreynuevo/Modulos/bodega/mm.php?refe=grupo&subrefe=16","::1");
INSERT INTO informe VALUES("9391","123456789","2015-10-02","10:50:21","82/1monterreynuevo/Modulos/bodega/mm.php?refe=grupo&subrefe=16","::1");
INSERT INTO informe VALUES("9392","123456789","2015-10-02","10:50:41","82/1monterreynuevo/Modulos/bodega/mm.php?refe=grupo&subrefe=16","::1");
INSERT INTO informe VALUES("9393","123456789","2015-10-02","10:50:53","82/1monterreynuevo/Modulos/bodega/mm.php?refe=grupo&subrefe=16","::1");
INSERT INTO informe VALUES("9394","123456789","2015-10-02","10:53:05","82/1monterreynuevo/Modulos/bodega/mm.php?refe=grupo&subrefe=16","::1");
INSERT INTO informe VALUES("9395","123456789","2015-10-02","10:53:30","82/1monterreynuevo/Modulos/bodega/mm.php?refe=grupo&subrefe=16","::1");
INSERT INTO informe VALUES("9396","123456789","2015-10-02","10:53:49","82/1monterreynuevo/Modulos/bodega/mm.php?refe=grupo&subrefe=16","::1");
INSERT INTO informe VALUES("9397","123456789","2015-10-02","10:53:58","82/1monterreynuevo/Modulos/bodega/mm.php?refe=grupo&subrefe=16","::1");
INSERT INTO informe VALUES("9398","123456789","2015-10-02","11:08:10","82/1monterreynuevo/Modulos/bodega/mm.php?refe=grupo&subrefe=16","::1");
INSERT INTO informe VALUES("9399","123456789","2015-10-02","11:08:12","82/1monterreynuevo/Modulos/bodega/imp_mm.php?","::1");
INSERT INTO informe VALUES("9400","123456789","2015-10-02","11:08:39","82/1monterreynuevo/Modulos/bodega/mm.php?refe=grupo&subrefe=16","::1");
INSERT INTO informe VALUES("9401","123456789","2015-10-02","11:08:44","82/1monterreynuevo/Modulos/bodega/imp_mm.php?subrefe=16&refe=grupo","::1");
INSERT INTO informe VALUES("9402","123456789","2015-10-02","11:09:36","82/1monterreynuevo/Modulos/bodega/imp_mm.php?subrefe=16&refe=grupo","::1");
INSERT INTO informe VALUES("9403","123456789","2015-10-02","13:14:37","82/1monterreynuevo/Modulos/principal/","::1");
INSERT INTO informe VALUES("9404","123456789","2015-10-02","13:16:53","82/1monterreynuevo/Modulos/principal/","::1");
INSERT INTO informe VALUES("9405","123456789","2015-10-02","13:16:56","82/1monterreynuevo/Modulos/usuario/consultar.php","::1");
INSERT INTO informe VALUES("9406","123456789","2015-10-02","13:16:57","82/1monterreynuevo/Modulos/usuario/permiso.php?u=caa297fe47671dbb6c4ba4547ebef3a4a022cc91","::1");
INSERT INTO informe VALUES("9407","123456789","2015-10-02","13:16:59","82/1monterreynuevo/Modulos/usuario/permiso.php?i=a481096bd0007afb68a02b50b8c31f334690f253&u=caa297fe47671dbb6c4ba4547ebef3a4a022cc91","::1");
INSERT INTO informe VALUES("9408","123456789","2015-10-02","13:16:59","82/1monterreynuevo/Modulos/usuario/permiso.php?u=caa297fe47671dbb6c4ba4547ebef3a4a022cc91","::1");
INSERT INTO informe VALUES("9409","123456789","2015-10-02","13:17:59","82/1monterreynuevo/Modulos/principal/","::1");
INSERT INTO informe VALUES("9410","123456789","2015-10-02","13:18:11","82/1monterreynuevo/Modulos/bodega/devo.php","::1");
INSERT INTO informe VALUES("9411","123456789","2015-10-02","13:18:26","82/1monterreynuevo/Modulos/principal/","::1");
INSERT INTO informe VALUES("9412","123456789","2015-10-02","13:18:31","82/1monterreynuevo/Modulos/bodega/devo.php","::1");
INSERT INTO informe VALUES("9413","123456789","2015-10-02","13:21:51","82/1monterreynuevo/Modulos/bodega/devo.php","::1");
INSERT INTO informe VALUES("9414","123456789","2015-10-02","13:22:02","82/1monterreynuevo/Modulos/bodega/devo.php","::1");
INSERT INTO informe VALUES("9415","123456789","2015-10-02","13:22:09","82/1monterreynuevo/Modulos/bodega/devo.php","::1");
INSERT INTO informe VALUES("9416","123456789","2015-10-02","13:43:29","82/1monterreynuevo/Modulos/bodega/devo.php","::1");
INSERT INTO informe VALUES("9417","123456789","2015-10-02","13:43:46","82/1monterreynuevo/Modulos/bodega/devo.php","::1");
INSERT INTO informe VALUES("9418","123456789","2015-10-02","13:44:27","82/1monterreynuevo/Modulos/bodega/devo.php","::1");
INSERT INTO informe VALUES("9419","123456789","2015-10-02","13:47:10","82/1monterreynuevo/Modulos/bodega/devo.php","::1");
INSERT INTO informe VALUES("9420","123456789","2015-10-02","13:48:35","82/1monterreynuevo/Modulos/bodega/devo.php","::1");
INSERT INTO informe VALUES("9421","123456789","2015-10-02","22:54:24","82/1monterreynuevo/Modulos/bodega/devo.php","::1");
INSERT INTO informe VALUES("9422","123456789","2015-10-02","22:54:37","82/1monterreynuevo/Modulos/bodega/devo.php","::1");
INSERT INTO informe VALUES("9423","123456789","2015-10-02","22:55:27","82/1monterreynuevo/Modulos/bodega/devo.php","::1");
INSERT INTO informe VALUES("9424","123456789","2015-10-02","22:57:55","82/1monterreynuevo/Modulos/bodega/devo.php","::1");
INSERT INTO informe VALUES("9425","123456789","2015-10-02","22:58:59","82/1monterreynuevo/Modulos/bodega/devo.php","::1");
INSERT INTO informe VALUES("9426","123456789","2015-10-02","23:01:36","82/1monterreynuevo/Modulos/bodega/devo.php","::1");
INSERT INTO informe VALUES("9427","123456789","2015-10-02","23:02:19","82/1monterreynuevo/Modulos/bodega/devo.php?c=29ee8e97b9abb24b15143123855474fcd1ad142a","::1");
INSERT INTO informe VALUES("9428","123456789","2015-10-02","23:02:21","82/1monterreynuevo/Modulos/bodega/devo.php?c=f575c1e5fc9f71ed15028b94b1e2d97daf4fbd29","::1");
INSERT INTO informe VALUES("9429","123456789","2015-10-02","23:02:22","82/1monterreynuevo/Modulos/bodega/devo.php?c=29ee8e97b9abb24b15143123855474fcd1ad142a","::1");
INSERT INTO informe VALUES("9430","123456789","2015-10-02","23:02:23","82/1monterreynuevo/Modulos/bodega/devo.php?c=5fc496f46c77672f6b65c16b4d24b1954b865185","::1");
INSERT INTO informe VALUES("9431","123456789","2015-10-02","23:04:06","82/1monterreynuevo/Modulos/bodega/devo.php?c=5fc496f46c77672f6b65c16b4d24b1954b865185","::1");
INSERT INTO informe VALUES("9432","123456789","2015-10-02","23:04:10","82/1monterreynuevo/Modulos/bodega/devo.php?c=5fc496f46c77672f6b65c16b4d24b1954b865185","::1");
INSERT INTO informe VALUES("9433","123456789","2015-10-02","23:05:36","82/1monterreynuevo/Modulos/bodega/devo.php?c=5fc496f46c77672f6b65c16b4d24b1954b865185","::1");
INSERT INTO informe VALUES("9434","123456789","2015-10-02","23:05:49","82/1monterreynuevo/Modulos/bodega/devo.php?c=5fc496f46c77672f6b65c16b4d24b1954b865185","::1");
INSERT INTO informe VALUES("9435","123456789","2015-10-02","23:10:03","82/1monterreynuevo/Modulos/bodega/devo.php?c=5fc496f46c77672f6b65c16b4d24b1954b865185","::1");
INSERT INTO informe VALUES("9436","123456789","2015-10-02","23:11:36","82/1monterreynuevo/Modulos/bodega/devo.php?c=5fc496f46c77672f6b65c16b4d24b1954b865185","::1");
INSERT INTO informe VALUES("9437","123456789","2015-10-02","23:13:54","82/1monterreynuevo/Modulos/bodega/devo.php?c=5fc496f46c77672f6b65c16b4d24b1954b865185","::1");
INSERT INTO informe VALUES("9438","123456789","2015-10-02","23:14:49","82/1monterreynuevo/Modulos/bodega/devo.php?c=5fc496f46c77672f6b65c16b4d24b1954b865185","::1");
INSERT INTO informe VALUES("9439","123456789","2015-10-02","23:15:19","82/1monterreynuevo/Modulos/bodega/devo.php?c=5fc496f46c77672f6b65c16b4d24b1954b865185","::1");
INSERT INTO informe VALUES("9440","123456789","2015-10-02","23:15:23","82/1monterreynuevo/Modulos/bodega/devo.php?c=5fc496f46c77672f6b65c16b4d24b1954b865185","::1");
INSERT INTO informe VALUES("9441","123456789","2015-10-02","23:15:32","82/1monterreynuevo/Modulos/bodega/devo.php?c=5fc496f46c77672f6b65c16b4d24b1954b865185","::1");
INSERT INTO informe VALUES("9442","123456789","2015-10-02","23:19:52","82/1monterreynuevo/Modulos/bodega/devo.php?c=5fc496f46c77672f6b65c16b4d24b1954b865185","::1");
INSERT INTO informe VALUES("9443","123456789","2015-10-02","23:20:28","82/1monterreynuevo/Modulos/bodega/devo.php?c=5fc496f46c77672f6b65c16b4d24b1954b865185","::1");
INSERT INTO informe VALUES("9444","123456789","2015-10-03","13:04:31","82/1monterreynuevo/Modulos/principal/","::1");
INSERT INTO informe VALUES("9445","123456789","2015-10-03","13:04:48","82/1monterreynuevo/Modulos/bodega/devo.php","::1");
INSERT INTO informe VALUES("9446","123456789","2015-10-03","13:04:52","82/1monterreynuevo/Modulos/bodega/devo.php?c=29ee8e97b9abb24b15143123855474fcd1ad142a","::1");
INSERT INTO informe VALUES("9447","123456789","2015-10-03","13:25:21","82/1monterreynuevo/Modulos/bodega/devo.php?c=29ee8e97b9abb24b15143123855474fcd1ad142a","::1");
INSERT INTO informe VALUES("9448","123456789","2015-10-03","13:25:25","82/1monterreynuevo/Modulos/bodega/devo.php?c=acfdbc266b5c94497c61f74a30e5d70692d69108","::1");
INSERT INTO informe VALUES("9449","123456789","2015-10-03","13:25:30","82/1monterreynuevo/Modulos/bodega/devo.php","::1");
INSERT INTO informe VALUES("9450","123456789","2015-10-03","13:25:34","82/1monterreynuevo/Modulos/bodega/devo.php?c=29ee8e97b9abb24b15143123855474fcd1ad142a","::1");
INSERT INTO informe VALUES("9451","123456789","2015-10-03","13:31:35","82/1monterreynuevo/Modulos/reportes/cierre.php","::1");
INSERT INTO informe VALUES("9452","123456789","2015-10-03","13:31:55","82/1monterreynuevo/Modulos/reportes/cierre.php?fechai=2014-10-03&tipo=todos&fechaf=2015-10-03&ref=todos&sucursal=todos&usu=todos","::1");
INSERT INTO informe VALUES("9453","123456789","2015-10-03","14:04:18","82/1monterreynuevo/Modulos/usuario/consultar.php","::1");
INSERT INTO informe VALUES("9454","123456789","2015-10-03","14:04:19","82/1monterreynuevo/Modulos/usuario/permiso.php?u=caa297fe47671dbb6c4ba4547ebef3a4a022cc91","::1");
INSERT INTO informe VALUES("9455","123456789","2015-10-03","14:05:44","82/1monterreynuevo/Modulos/usuario/permiso.php?u=caa297fe47671dbb6c4ba4547ebef3a4a022cc91","::1");
INSERT INTO informe VALUES("9456","123456789","2015-10-03","14:05:47","82/1monterreynuevo/Modulos/usuario/permiso.php?i=a481096bd0007afb68a02b50b8c31f334690f253&u=caa297fe47671dbb6c4ba4547ebef3a4a022cc91","::1");
INSERT INTO informe VALUES("9457","123456789","2015-10-03","14:05:48","82/1monterreynuevo/Modulos/usuario/permiso.php?u=caa297fe47671dbb6c4ba4547ebef3a4a022cc91","::1");
INSERT INTO informe VALUES("9458","123456789","2015-10-03","14:06:09","82/1monterreynuevo/Modulos/bodega/devo_concepto.php","::1");
INSERT INTO informe VALUES("9459","123456789","2015-10-03","14:06:24","82/1monterreynuevo/Modulos/usuario/permiso.php?u=caa297fe47671dbb6c4ba4547ebef3a4a022cc91","::1");
INSERT INTO informe VALUES("9460","123456789","2015-10-03","14:06:27","82/1monterreynuevo/Modulos/bodega/devo_concepto.php","::1");
INSERT INTO informe VALUES("9461","123456789","2015-10-03","14:13:55","82/1monterreynuevo/Modulos/bodega/devo_concepto.php","::1");
INSERT INTO informe VALUES("9462","123456789","2015-10-03","14:14:02","82/1monterreynuevo/Modulos/bodega/devo_concepto.php","::1");
INSERT INTO informe VALUES("9463","123456789","2015-10-03","14:14:12","82/1monterreynuevo/Modulos/bodega/devo_concepto.php","::1");
INSERT INTO informe VALUES("9464","123456789","2015-10-03","14:14:18","82/1monterreynuevo/Modulos/bodega/devo_concepto.php","::1");
INSERT INTO informe VALUES("9465","123456789","2015-10-03","14:14:31","82/1monterreynuevo/Modulos/bodega/devo_concepto.php","::1");
INSERT INTO informe VALUES("9466","123456789","2015-10-03","14:15:50","82/1monterreynuevo/Modulos/bodega/devo_concepto.php","::1");
INSERT INTO informe VALUES("9467","123456789","2015-10-03","14:16:00","82/1monterreynuevo/Modulos/bodega/devo_concepto.php","::1");
INSERT INTO informe VALUES("9468","123456789","2015-10-03","14:16:56","82/1monterreynuevo/Modulos/bodega/devo_concepto.php","::1");
INSERT INTO informe VALUES("9469","123456789","2015-10-03","14:17:02","82/1monterreynuevo/Modulos/bodega/devo_concepto.php","::1");
INSERT INTO informe VALUES("9470","123456789","2015-10-03","14:17:07","82/1monterreynuevo/Modulos/bodega/devo_concepto.php","::1");
INSERT INTO informe VALUES("9471","123456789","2015-10-03","14:22:36","82/1monterreynuevo/Modulos/bodega/devo_concepto.php","::1");
INSERT INTO informe VALUES("9472","123456789","2015-10-03","14:22:40","82/1monterreynuevo/Modulos/bodega/devo_concepto.php","::1");
INSERT INTO informe VALUES("9473","123456789","2015-10-03","14:22:42","82/1monterreynuevo/Modulos/bodega/devo_concepto.php?i=0ba7617b922bddaa530f611bc915f17b6f821c23","::1");
INSERT INTO informe VALUES("9474","123456789","2015-10-03","14:22:42","82/1monterreynuevo/Modulos/bodega/devo_concepto.php","::1");
INSERT INTO informe VALUES("9475","123456789","2015-10-03","14:22:48","82/1monterreynuevo/Modulos/bodega/devo.php","::1");
INSERT INTO informe VALUES("9476","123456789","2015-10-03","14:22:51","82/1monterreynuevo/Modulos/bodega/devo.php?c=f575c1e5fc9f71ed15028b94b1e2d97daf4fbd29","::1");
INSERT INTO informe VALUES("9477","123456789","2015-10-03","14:23:04","82/1monterreynuevo/Modulos/bodega/devo.php?c=f575c1e5fc9f71ed15028b94b1e2d97daf4fbd29","::1");
INSERT INTO informe VALUES("9478","123456789","2015-10-03","14:31:17","82/1monterreynuevo/Modulos/usuario/consultar.php","::1");
INSERT INTO informe VALUES("9479","123456789","2015-10-03","14:31:19","82/1monterreynuevo/Modulos/usuario/permiso.php?u=caa297fe47671dbb6c4ba4547ebef3a4a022cc91","::1");
INSERT INTO informe VALUES("9480","123456789","2015-10-03","14:31:24","82/1monterreynuevo/Modulos/usuario/permiso.php?i=7c3b73cce06ab23164e772ddcee2b447355855dc&u=caa297fe47671dbb6c4ba4547ebef3a4a022cc91","::1");
INSERT INTO informe VALUES("9481","123456789","2015-10-03","14:31:24","82/1monterreynuevo/Modulos/usuario/permiso.php?u=caa297fe47671dbb6c4ba4547ebef3a4a022cc91","::1");
INSERT INTO informe VALUES("9482","123456789","2015-10-03","14:32:33","82/1monterreynuevo/Modulos/bodega/devo.php","::1");
INSERT INTO informe VALUES("9483","123456789","2015-10-03","14:32:34","82/1monterreynuevo/Modulos/bodega/devo.php","::1");
INSERT INTO informe VALUES("9484","123456789","2015-10-03","14:32:35","82/1monterreynuevo/Modulos/bodega/devo.php","::1");
INSERT INTO informe VALUES("9485","123456789","2015-10-03","14:32:51","82/1monterreynuevo/Modulos/bodega/devo.php","::1");
INSERT INTO informe VALUES("9486","123456789","2015-10-03","14:32:52","82/1monterreynuevo/Modulos/bodega/devo.php","::1");
INSERT INTO informe VALUES("9487","123456789","2015-10-03","14:32:53","82/1monterreynuevo/Modulos/bodega/devo.php","::1");
INSERT INTO informe VALUES("9488","123456789","2015-10-03","14:32:56","82/1monterreynuevo/Modulos/bodega/devo_consultar.php","::1");
INSERT INTO informe VALUES("9489","123456789","2015-10-03","14:34:34","82/1monterreynuevo/Modulos/bodega/devo_consultar.php","::1");
INSERT INTO informe VALUES("9490","123456789","2015-10-03","14:40:18","82/1monterreynuevo/Modulos/bodega/devo_consultar.php","::1");
INSERT INTO informe VALUES("9491","123456789","2015-10-03","14:41:51","82/1monterreynuevo/Modulos/bodega/devo_consultar.php","::1");
INSERT INTO informe VALUES("9492","123456789","2015-10-03","14:44:59","82/1monterreynuevo/Modulos/principal/","::1");
INSERT INTO informe VALUES("9493","123456789","2015-10-03","14:45:01","82/1monterreynuevo/Modulos/principal/admin_BD.php","::1");
INSERT INTO informe VALUES("9494","123456789","2015-10-03","14:45:03","82/1monterreynuevo/Modulos/principal/admin_BD.php?b=devo_","::1");
INSERT INTO informe VALUES("9495","123456789","2015-10-03","14:45:09","82/1monterreynuevo/Modulos/principal/admin_BD.php?b=devo_","::1");
INSERT INTO informe VALUES("9496","123456789","2015-10-03","14:45:27","82/1monterreynuevo/Modulos/principal/admin_BD.php?b=devo_","::1");
INSERT INTO informe VALUES("9497","123456789","2015-10-03","22:59:01","82/1monterreynuevo/Modulos/principal/","::1");
INSERT INTO informe VALUES("9498","123456789","2015-10-03","23:02:55","82/1monterreynuevo/Modulos/venta/admin_cxc.php","::1");
INSERT INTO informe VALUES("9499","123456789","2015-10-03","23:02:59","82/1monterreynuevo/Modulos/venta/admin_cxc.php?cliente=12","::1");
INSERT INTO informe VALUES("9500","123456789","2015-10-03","23:03:03","82/1monterreynuevo/Modulos/venta/admin_cxc.php?fechai=2014-10-03&fechaf=2015-10-03","::1");
INSERT INTO informe VALUES("9501","123456789","2015-10-03","23:03:15","82/1monterreynuevo/Modulos/venta/admin_cxc.php?cliente=16","::1");
INSERT INTO informe VALUES("9502","123456789","2015-10-03","23:03:17","82/1monterreynuevo/Modulos/venta/admin_cxc.php?cliente=16","::1");
INSERT INTO informe VALUES("9503","123456789","2015-10-03","23:03:35","82/1monterreynuevo/Modulos/venta/abonar.php?i=fbfe629560a5b62b5fafc1a31be7f11de7ebca12","::1");
INSERT INTO informe VALUES("9504","123456789","2015-10-03","23:03:45","82/1monterreynuevo/Modulos/venta/admin_cxc.php?cliente=16","::1");
INSERT INTO informe VALUES("9505","123456789","2015-10-03","23:03:52","82/1monterreynuevo/Modulos/principal/","::1");
INSERT INTO informe VALUES("9506","123456789","2015-10-03","23:03:53","82/1monterreynuevo/Modulos/modrestaurante/principal/","::1");
INSERT INTO informe VALUES("9507","123456789","2015-10-03","23:07:05","82/1monterreynuevo/Modulos/principal/","::1");
INSERT INTO informe VALUES("9508","123456789","2015-10-03","23:10:01","82/1monterreynuevo/Modulos/modrestaurante/principal/","::1");
INSERT INTO informe VALUES("9509","123456789","2015-10-03","23:10:08","82/1monterreynuevo/Modulos/modrestaurante/cxc/index.php","::1");
INSERT INTO informe VALUES("9510","123456789","2015-10-03","23:10:19","82/1monterreynuevo/Modulos/modrestaurante/cxc/admin.php?i=85853c61e91d09b8a747b224ea4697dd79184e85","::1");
INSERT INTO informe VALUES("9511","123456789","2015-10-03","23:10:44","82/1monterreynuevo/Modulos/modrestaurante/cxc/abonar.php?i=05945e745eab191c26c37b5d9e5890695180dba1","::1");
INSERT INTO informe VALUES("9512","123456789","2015-10-03","23:10:49","82/1monterreynuevo/Modulos/modrestaurante/cxc/admin.php?i=85853c61e91d09b8a747b224ea4697dd79184e85","::1");
INSERT INTO informe VALUES("9513","123456789","2015-10-03","23:15:34","82/1monterreynuevo/Modulos/principal/","::1");
INSERT INTO informe VALUES("9514","123456789","2015-10-03","23:16:03","82/1monterreynuevo/Modulos/modrestaurante/principal/","::1");
INSERT INTO informe VALUES("9515","123456789","2015-10-03","23:16:06","82/1monterreynuevo/Modulos/modrestaurante/cxc/index.php","::1");
INSERT INTO informe VALUES("9516","123456789","2015-10-03","23:16:08","82/1monterreynuevo/Modulos/principal/","::1");
INSERT INTO informe VALUES("9517","123456789","2015-10-03","23:16:09","82/1monterreynuevo/Modulos/modeventos/principal/","::1");
INSERT INTO informe VALUES("9518","123456789","2015-10-03","23:16:11","82/1monterreynuevo/Modulos/modeventos/cxc/index.php","::1");
INSERT INTO informe VALUES("9519","123456789","2015-10-03","23:16:14","82/1monterreynuevo/Modulos/principal/","::1");
INSERT INTO informe VALUES("9520","123456789","2015-10-03","23:16:15","82/1monterreynuevo/Modulos/modvehiculo/principal/","::1");
INSERT INTO informe VALUES("9521","123456789","2015-10-03","23:16:21","82/1monterreynuevo/Modulos/modvehiculo/cxc/","::1");
INSERT INTO informe VALUES("9522","123456789","2015-10-03","23:16:26","82/1monterreynuevo/Modulos/principal/","::1");
INSERT INTO informe VALUES("9523","123456789","2015-10-03","23:17:31","82/1monterreynuevo/Modulos/modrestaurante/principal/","::1");
INSERT INTO informe VALUES("9524","123456789","2015-10-03","23:17:35","82/1monterreynuevo/Modulos/modrestaurante/cxc/index.php","::1");
INSERT INTO informe VALUES("9525","123456789","2015-10-03","23:17:37","82/1monterreynuevo/Modulos/modrestaurante/cxc/admin.php?i=85853c61e91d09b8a747b224ea4697dd79184e85","::1");
INSERT INTO informe VALUES("9526","123456789","2015-10-03","23:18:12","82/1monterreynuevo/Modulos/principal/","::1");
INSERT INTO informe VALUES("9527","123456789","2015-10-03","23:18:15","82/1monterreynuevo/Modulos/venta/","::1");
INSERT INTO informe VALUES("9528","123456789","2015-10-03","23:18:19","82/1monterreynuevo/Modulos/venta/venta.php","::1");
INSERT INTO informe VALUES("9529","123456789","2015-10-03","23:18:19","82/1monterreynuevo/Modulos/venta/venta.php","::1");
INSERT INTO informe VALUES("9530","123456789","2015-10-03","23:18:24","82/1monterreynuevo/Modulos/venta/venta.php","::1");
INSERT INTO informe VALUES("9531","123456789","2015-10-03","23:18:26","82/1monterreynuevo/Modulos/venta/venta.php","::1");
INSERT INTO informe VALUES("9532","123456789","2015-10-03","23:18:28","82/1monterreynuevo/Modulos/venta/facturar.php","::1");
INSERT INTO informe VALUES("9533","123456789","2015-10-03","23:18:40","82/1monterreynuevo/Modulos/venta/facturar.php","::1");
INSERT INTO informe VALUES("9534","123456789","2015-10-03","23:18:47","82/1monterreynuevo/Modulos/venta/facturar.php","::1");
INSERT INTO informe VALUES("9535","123456789","2015-10-03","23:20:32","82/1monterreynuevo/Modulos/principal/","::1");
INSERT INTO informe VALUES("9536","123456789","2015-10-03","23:20:41","82/1monterreynuevo/Modulos/modrestaurante/principal/","::1");
INSERT INTO informe VALUES("9537","123456789","2015-10-03","23:20:43","82/1monterreynuevo/Modulos/modrestaurante/principal/","::1");
INSERT INTO informe VALUES("9538","123456789","2015-10-03","23:20:45","82/1monterreynuevo/Modulos/modrestaurante/cxc/index.php","::1");
INSERT INTO informe VALUES("9539","123456789","2015-10-03","23:20:47","82/1monterreynuevo/Modulos/modrestaurante/cxc/admin.php?i=85853c61e91d09b8a747b224ea4697dd79184e85","::1");
INSERT INTO informe VALUES("9540","123456789","2015-10-03","23:24:20","82/1monterreynuevo/Modulos/principal/","::1");
INSERT INTO informe VALUES("9541","123456789","2015-10-03","23:24:22","82/1monterreynuevo/Modulos/venta/","::1");
INSERT INTO informe VALUES("9542","123456789","2015-10-03","23:24:25","82/1monterreynuevo/Modulos/venta/consignar.php?doc=85853c61e91d09b8a747b224ea4697dd79184e85&usu=caa297fe47671dbb6c4ba4547ebef3a4a022cc91","::1");
INSERT INTO informe VALUES("9543","123456789","2015-10-03","23:24:28","82/1monterreynuevo/Modulos/venta/","::1");
INSERT INTO informe VALUES("9544","123456789","2015-10-03","23:24:29","82/1monterreynuevo/Modulos/venta/venta.php","::1");
INSERT INTO informe VALUES("9545","123456789","2015-10-03","23:24:29","82/1monterreynuevo/Modulos/venta/venta.php","::1");
INSERT INTO informe VALUES("9546","123456789","2015-10-03","23:24:31","82/1monterreynuevo/Modulos/venta/facturar.php","::1");
INSERT INTO informe VALUES("9547","123456789","2015-10-03","23:24:35","82/1monterreynuevo/Modulos/venta/proceso.php","::1");
INSERT INTO informe VALUES("9548","123456789","2015-10-03","23:24:35","82/1monterreynuevo/Modulos/venta/proceso.php?i=f575c1e5fc9f71ed15028b94b1e2d97daf4fbd29","::1");
INSERT INTO informe VALUES("9549","123456789","2015-10-03","23:25:30","82/1monterreynuevo/Modulos/reportes/cierre.php","::1");
INSERT INTO informe VALUES("9550","123456789","2015-10-03","23:28:10","82/1monterreynuevo/Modulos/venta/admin_cxc.php","::1");
INSERT INTO informe VALUES("9551","123456789","2015-10-03","23:28:12","82/1monterreynuevo/Modulos/reportes/cierre.php","::1");
INSERT INTO informe VALUES("9552","123456789","2015-10-03","23:28:16","82/1monterreynuevo/Modulos/venta/consultar.php","::1");
INSERT INTO informe VALUES("9553","123456789","2015-10-03","23:28:25","82/1monterreynuevo/Modulos/venta/consultar.php?fechai=2016-10-03&fechaf=2015-10-03","::1");
INSERT INTO informe VALUES("9554","123456789","2015-10-03","23:28:30","82/1monterreynuevo/Modulos/venta/consultar.php?fechai=2014-10-03&fechaf=2015-10-03","::1");
INSERT INTO informe VALUES("9555","123456789","2015-10-03","23:28:54","82/1monterreynuevo/Modulos/venta/ticket.php?i=699ad89ef0352c7db2553e4173ab795c940687d0","::1");
INSERT INTO informe VALUES("9556","123456789","2015-10-03","23:29:39","82/1monterreynuevo/Modulos/venta/ticket.php?i=f575c1e5fc9f71ed15028b94b1e2d97daf4fbd29","::1");
INSERT INTO informe VALUES("9557","123456789","2015-10-03","23:30:21","82/1monterreynuevo/Modulos/venta/","::1");
INSERT INTO informe VALUES("9558","123456789","2015-10-03","23:30:24","82/1monterreynuevo/Modulos/venta/venta.php","::1");
INSERT INTO informe VALUES("9559","123456789","2015-10-03","23:30:24","82/1monterreynuevo/Modulos/venta/venta.php","::1");
INSERT INTO informe VALUES("9560","123456789","2015-10-03","23:30:29","82/1monterreynuevo/Modulos/venta/venta.php","::1");
INSERT INTO informe VALUES("9561","123456789","2015-10-03","23:30:30","82/1monterreynuevo/Modulos/venta/facturar.php","::1");
INSERT INTO informe VALUES("9562","123456789","2015-10-03","23:30:36","82/1monterreynuevo/Modulos/venta/facturar.php","::1");
INSERT INTO informe VALUES("9563","123456789","2015-10-03","23:30:39","82/1monterreynuevo/Modulos/venta/facturar.php?r=c0b56e05b4f234bd2ee0f4ac624c98d9a4615d69","::1");
INSERT INTO informe VALUES("9564","123456789","2015-10-03","23:30:39","82/1monterreynuevo/Modulos/venta/facturar.php","::1");
INSERT INTO informe VALUES("9565","123456789","2015-10-03","23:30:47","82/1monterreynuevo/Modulos/venta/facturar.php","::1");
INSERT INTO informe VALUES("9566","123456789","2015-10-03","23:31:07","82/1monterreynuevo/Modulos/venta/venta.php","::1");
INSERT INTO informe VALUES("9567","123456789","2015-10-03","23:31:25","82/1monterreynuevo/Modulos/principal/","::1");
INSERT INTO informe VALUES("9568","123456789","2015-10-03","23:31:55","82/1monterreynuevo/Modulos/producto/admin.php","::1");
INSERT INTO informe VALUES("9569","123456789","2015-10-03","23:32:45","82/1monterreynuevo/Modulos/principal/","::1");
INSERT INTO informe VALUES("9570","123456789","2015-10-03","23:33:20","82/1monterreynuevo/Modulos/principal/admin_BD.php","::1");
INSERT INTO informe VALUES("9571","12345","2015-10-04","10:14:31","82/1monterreynuevo/","::1");
INSERT INTO informe VALUES("9572","12345","2015-10-04","10:17:17","82/1monterreynuevo/","::1");
INSERT INTO informe VALUES("9573","123456789","2015-10-04","10:17:19","82/1monterreynuevo/Modulos/principal/","::1");
INSERT INTO informe VALUES("9574","123456789","2015-10-04","10:17:47","82/1monterreynuevo/Modulos/principal/admin_BD.php","::1");
INSERT INTO informe VALUES("9575","123456789","2015-10-04","10:18:42","82/1monterreynuevo/Modulos/principal/admin_BD.php?b=asi_","::1");
INSERT INTO informe VALUES("9576","123456789","2015-10-04","10:20:03","82/1monterreynuevo/Modulos/principal/admin_BD.php?b=asi_","::1");
INSERT INTO informe VALUES("9577","123456789","2015-10-04","10:20:11","82/1monterreynuevo/Modulos/principal/admin_BD.php?b=asi_","::1");
INSERT INTO informe VALUES("9578","123456789","2015-10-04","10:20:33","82/1monterreynuevo/Modulos/principal/admin_BD.php?b=asi_","::1");
INSERT INTO informe VALUES("9579","123456789","2015-10-04","10:20:52","82/1monterreynuevo/Modulos/principal/admin_BD.php?b=asi_","::1");
INSERT INTO informe VALUES("9580","123456789","2015-10-04","10:20:56","82/1monterreynuevo/Modulos/principal/admin_BD.php?b=asi_","::1");
INSERT INTO informe VALUES("9581","123456789","2015-10-04","10:21:02","82/1monterreynuevo/Modulos/principal/admin_BD.php?b=asi_","::1");
INSERT INTO informe VALUES("9582","123456789","2015-10-04","10:21:12","82/1monterreynuevo/Modulos/principal/admin_BD.php?b=asi_","::1");
INSERT INTO informe VALUES("9583","123456789","2015-10-04","10:21:26","82/1monterreynuevo/Modulos/principal/admin_BD.php?b=asi_","::1");
INSERT INTO informe VALUES("9584","123456789","2015-10-04","10:22:19","82/1monterreynuevo/Modulos/principal/admin_BD.php?b=asi_","::1");
INSERT INTO informe VALUES("9585","123456789","2015-10-04","10:23:35","82/1monterreynuevo/Modulos/principal/admin_BD.php?b=asi_","::1");
INSERT INTO informe VALUES("9586","123456789","2015-10-04","10:23:39","82/1monterreynuevo/Modulos/principal/admin_BD.php?b=asi_","::1");
INSERT INTO informe VALUES("9587","123456789","2015-10-04","10:24:32","82/1monterreynuevo/Modulos/principal/admin_BD.php?b=asi_","::1");
INSERT INTO informe VALUES("9588","123456789","2015-10-04","10:24:35","82/1monterreynuevo/Modulos/principal/admin_BD.php?b=asi_","::1");
INSERT INTO informe VALUES("9589","123456789","2015-10-04","10:25:17","82/1monterreynuevo/Modulos/principal/admin_BD.php?b=asi_","::1");
INSERT INTO informe VALUES("9590","123456789","2015-10-04","10:25:20","82/1monterreynuevo/Modulos/principal/admin_BD.php?b=asi_","::1");
INSERT INTO informe VALUES("9591","123456789","2015-10-04","10:25:37","82/1monterreynuevo/Modulos/principal/admin_BD.php?b=asi_","::1");
INSERT INTO informe VALUES("9592","123456789","2015-10-04","10:25:41","82/1monterreynuevo/Modulos/principal/admin_BD.php?b=asi_","::1");
INSERT INTO informe VALUES("9593","123456789","2015-10-04","10:32:01","82/1monterreynuevo/Modulos/principal/admin_BD.php?b=asi_","::1");
INSERT INTO informe VALUES("9594","123456789","2015-10-04","10:32:04","82/1monterreynuevo/Modulos/principal/admin_BD.php?b=asi_","::1");
INSERT INTO informe VALUES("9595","123456789","2015-10-04","10:32:20","82/1monterreynuevo/Modulos/principal/admin_BD.php?b=asi_","::1");
INSERT INTO informe VALUES("9596","123456789","2015-10-04","10:32:46","82/1monterreynuevo/Modulos/principal/admin_BD.php?b=asi_","::1");
INSERT INTO informe VALUES("9597","123456789","2015-10-04","10:32:50","82/1monterreynuevo/Modulos/principal/admin_BD.php?b=asi_","::1");
INSERT INTO informe VALUES("9598","123456789","2015-10-04","10:33:11","82/1monterreynuevo/Modulos/principal/admin_BD.php?b=asi_","::1");
INSERT INTO informe VALUES("9599","123456789","2015-10-04","10:33:12","82/1monterreynuevo/Modulos/principal/admin_BD.php?b=asi_","::1");
INSERT INTO informe VALUES("9600","123456789","2015-10-04","10:33:19","82/1monterreynuevo/Modulos/principal/admin_BD.php?b=asi_","::1");
INSERT INTO informe VALUES("9601","123456789","2015-10-04","10:33:36","82/1monterreynuevo/Modulos/principal/admin_BD.php?b=asi_","::1");
INSERT INTO informe VALUES("9602","123456789","2015-10-04","10:33:39","82/1monterreynuevo/Modulos/principal/admin_BD.php?b=asi_","::1");
INSERT INTO informe VALUES("9603","123456789","2015-10-04","10:34:04","82/1monterreynuevo/Modulos/principal/admin_BD.php?b=asi_","::1");
INSERT INTO informe VALUES("9604","123456789","2015-10-04","10:34:07","82/1monterreynuevo/Modulos/principal/admin_BD.php?b=asi_","::1");
INSERT INTO informe VALUES("9605","123456789","2015-10-04","10:34:46","82/1monterreynuevo/Modulos/principal/admin_BD.php?b=asi_","::1");
INSERT INTO informe VALUES("9606","123456789","2015-10-04","10:34:50","82/1monterreynuevo/Modulos/principal/admin_BD.php?b=asi_","::1");
INSERT INTO informe VALUES("9607","123456789","2015-10-04","10:35:05","82/1monterreynuevo/Modulos/principal/","::1");
INSERT INTO informe VALUES("9608","12345","2015-10-05","10:09:46","82/1monterreynuevo/Modulos/usuario/consultar.php","::1");
INSERT INTO informe VALUES("9609","12345","2015-10-05","10:11:05","82/1monterreynuevo/Modulos/principal/","::1");
INSERT INTO informe VALUES("9610","12345","2015-10-05","10:11:30","82/1monterreynuevo/Modulos/principal/","::1");
INSERT INTO informe VALUES("9611","123456789","2015-10-05","10:12:05","82/1monterreynuevo/Modulos/principal/","::1");
INSERT INTO informe VALUES("9612","123456789","2015-10-05","10:17:57","82/1monterreynuevo/Modulos/principal/","::1");
INSERT INTO informe VALUES("9613","123456789","2015-10-05","10:18:04","82/1monterreynuevo/Modulos/usuario/consultar.php","::1");
INSERT INTO informe VALUES("9614","123456789","2015-10-05","10:18:05","82/1monterreynuevo/Modulos/usuario/permiso.php?u=caa297fe47671dbb6c4ba4547ebef3a4a022cc91","::1");
INSERT INTO informe VALUES("9615","123456789","2015-10-05","10:18:10","82/1monterreynuevo/Modulos/usuario/permiso.php?i=52c0867c22977b710631dfafadc43fef7c77b7b4&u=caa297fe47671dbb6c4ba4547ebef3a4a022cc91","::1");
INSERT INTO informe VALUES("9616","123456789","2015-10-05","10:18:10","82/1monterreynuevo/Modulos/usuario/permiso.php?u=caa297fe47671dbb6c4ba4547ebef3a4a022cc91","::1");
INSERT INTO informe VALUES("9617","123456789","2015-10-05","10:18:12","82/1monterreynuevo/Modulos/reportes/costos.php","::1");
INSERT INTO informe VALUES("9618","123456789","2015-10-05","10:19:42","82/1monterreynuevo/Modulos/reportes/costos.php","::1");
INSERT INTO informe VALUES("9619","123456789","2015-10-05","10:19:51","82/1monterreynuevo/Modulos/reportes/costos.php","::1");
INSERT INTO informe VALUES("9620","123456789","2015-10-05","10:20:09","82/1monterreynuevo/Modulos/reportes/costos.php","::1");
INSERT INTO informe VALUES("9621","123456789","2015-10-05","10:26:50","82/1monterreynuevo/Modulos/reportes/costos.php","::1");
INSERT INTO informe VALUES("9622","123456789","2015-10-05","10:27:00","82/1monterreynuevo/Modulos/reportes/costos.php","::1");
INSERT INTO informe VALUES("9623","123456789","2015-10-05","10:30:28","82/1monterreynuevo/Modulos/reportes/costos.php","::1");
INSERT INTO informe VALUES("9624","123456789","2015-10-05","10:30:37","82/1monterreynuevo/Modulos/reportes/costos.php","::1");
INSERT INTO informe VALUES("9625","123456789","2015-10-05","10:30:39","82/1monterreynuevo/Modulos/reportes/costos.php?fechai=2015-10-05&fechaf=2015-10-05&sucursal=t","::1");
INSERT INTO informe VALUES("9626","123456789","2015-10-05","10:30:51","82/1monterreynuevo/Modulos/reportes/costos.php?fechai=2015-10-05&fechaf=2015-10-05&sucursal=t","::1");
INSERT INTO informe VALUES("9627","123456789","2015-10-05","10:34:51","82/1monterreynuevo/Modulos/reportes/costos.php?fechai=2015-10-05&fechaf=2015-10-05&sucursal=t","::1");
INSERT INTO informe VALUES("9628","123456789","2015-10-05","10:35:05","82/1monterreynuevo/Modulos/reportes/costos.php?fechai=2015-10-05&fechaf=2015-10-05&sucursal=t","::1");
INSERT INTO informe VALUES("9629","123456789","2015-10-05","10:39:31","82/1monterreynuevo/Modulos/reportes/costos.php?fechai=2015-10-05&fechaf=2015-10-05&sucursal=t","::1");
INSERT INTO informe VALUES("9630","123456789","2015-10-05","10:44:10","82/1monterreynuevo/Modulos/reportes/costos.php?fechai=2015-10-05&fechaf=2015-10-05&sucursal=t","::1");
INSERT INTO informe VALUES("9631","123456789","2015-10-05","10:44:17","82/1monterreynuevo/Modulos/reportes/costos.php?fechai=2014-10-05&fechaf=2015-10-05&sucursal=t","::1");
INSERT INTO informe VALUES("9632","123456789","2015-10-05","10:50:08","82/1monterreynuevo/Modulos/reportes/costos.php?fechai=2014-10-05&fechaf=2015-10-05&sucursal=t","::1");
INSERT INTO informe VALUES("9633","123456789","2015-10-05","10:51:51","82/1monterreynuevo/Modulos/reportes/costos.php?fechai=2014-10-05&fechaf=2015-10-05&sucursal=t","::1");
INSERT INTO informe VALUES("9634","123456789","2015-10-05","10:52:31","82/1monterreynuevo/Modulos/reportes/costos.php?fechai=2014-10-05&fechaf=2015-10-05&sucursal=t","::1");
INSERT INTO informe VALUES("9635","123456789","2015-10-05","10:52:47","82/1monterreynuevo/Modulos/reportes/costos.php?folio=B&codigo=6","::1");
INSERT INTO informe VALUES("9636","123456789","2015-10-05","11:24:13","82/1monterreynuevo/","::1");
INSERT INTO informe VALUES("9637","123456789","2015-10-05","11:24:51","82/1monterreynuevo/","::1");
INSERT INTO informe VALUES("9638","123456789","2015-10-05","11:24:59","82/1monterreynuevo/","::1");
INSERT INTO informe VALUES("9639","123456789","2015-10-05","11:25:02","82/1monterreynuevo/Modulos/principal/","::1");
INSERT INTO informe VALUES("9640","123456789","2015-10-05","11:33:15","82/1monterreynuevo/Modulos/reportes/costos.php","::1");
INSERT INTO informe VALUES("9641","123456789","2015-10-05","11:33:25","82/1monterreynuevo/Modulos/reportes/costos.php","::1");
INSERT INTO informe VALUES("9642","123456789","2015-10-05","12:40:32","82/1monterreynuevo/Modulos/reportes/costos.php?cliente=1","::1");
INSERT INTO informe VALUES("9643","123456789","2015-10-05","12:40:36","82/1monterreynuevo/Modulos/reportes/costos_detalle.php?i=05945e745eab191c26c37b5d9e5890695180dba1","::1");
INSERT INTO informe VALUES("9644","123456789","2015-10-05","12:43:30","82/1monterreynuevo/Modulos/reportes/costos_detalle.php?i=05945e745eab191c26c37b5d9e5890695180dba1","::1");
INSERT INTO informe VALUES("9645","123456789","2015-10-05","12:43:54","82/1monterreynuevo/Modulos/reportes/costos_detalle.php?i=05945e745eab191c26c37b5d9e5890695180dba1","::1");
INSERT INTO informe VALUES("9646","123456789","2015-10-05","13:23:38","82/1monterreynuevo/","::1");
INSERT INTO informe VALUES("9647","123456789","2015-10-05","13:23:52","82/1monterreynuevo/","::1");
INSERT INTO informe VALUES("9648","123456789","2015-10-05","13:23:55","82/1monterreynuevo/Modulos/principal/","::1");
INSERT INTO informe VALUES("9649","123456789","2015-10-05","13:27:23","82/1monterreynuevo/Modulos/reportes/costos.php","::1");
INSERT INTO informe VALUES("9650","123456789","2015-10-05","13:27:28","82/1monterreynuevo/Modulos/reportes/costos.php?cliente=1","::1");
INSERT INTO informe VALUES("9651","123456789","2015-10-05","13:27:29","82/1monterreynuevo/Modulos/reportes/costos_detalle.php?i=05945e745eab191c26c37b5d9e5890695180dba1","::1");
INSERT INTO informe VALUES("9652","123456789","2015-10-05","13:31:01","82/1monterreynuevo/Modulos/reportes/costos_detalle.php?i=05945e745eab191c26c37b5d9e5890695180dba1","::1");
INSERT INTO informe VALUES("9653","123456789","2015-10-05","13:31:34","82/1monterreynuevo/Modulos/reportes/costos_detalle.php?i=05945e745eab191c26c37b5d9e5890695180dba1","::1");
INSERT INTO informe VALUES("9654","123456789","2015-10-05","13:32:08","82/1monterreynuevo/Modulos/reportes/costos_detalle.php?i=05945e745eab191c26c37b5d9e5890695180dba1","::1");
INSERT INTO informe VALUES("9655","123456789","2015-10-05","13:33:38","82/1monterreynuevo/Modulos/reportes/costos_detalle.php?i=05945e745eab191c26c37b5d9e5890695180dba1","::1");
INSERT INTO informe VALUES("9656","123456789","2015-10-05","13:35:09","82/1monterreynuevo/Modulos/reportes/costos_detalle.php?i=05945e745eab191c26c37b5d9e5890695180dba1","::1");
INSERT INTO informe VALUES("9657","123456789","2015-10-05","13:36:17","82/1monterreynuevo/Modulos/reportes/costos_detalle.php?i=05945e745eab191c26c37b5d9e5890695180dba1","::1");
INSERT INTO informe VALUES("9658","123456789","2015-10-05","13:36:48","82/1monterreynuevo/Modulos/reportes/costos_detalle.php?i=05945e745eab191c26c37b5d9e5890695180dba1","::1");
INSERT INTO informe VALUES("9659","123456789","2015-10-05","13:37:03","82/1monterreynuevo/Modulos/reportes/costos_detalle.php?i=05945e745eab191c26c37b5d9e5890695180dba1","::1");
INSERT INTO informe VALUES("9660","123456789","2015-10-05","14:04:46","82/1monterreynuevo/Modulos/reportes/costos_detalle.php?i=05945e745eab191c26c37b5d9e5890695180dba1","::1");
INSERT INTO informe VALUES("9661","123456789","2015-10-05","14:12:15","82/1monterreynuevo/Modulos/principal/","::1");
INSERT INTO informe VALUES("9662","123456789","2015-10-05","14:12:17","82/1monterreynuevo/Modulos/principal/admin_BD.php","::1");
INSERT INTO informe VALUES("9663","123456789","2015-10-05","14:12:19","82/1monterreynuevo/Modulos/principal/admin_BD.php?b=seg_n","::1");
INSERT INTO informe VALUES("9664","123456789","2015-10-05","14:12:22","82/1monterreynuevo/Modulos/principal/admin_BD.php?b=seg_n","::1");
INSERT INTO informe VALUES("9665","123456789","2015-10-05","14:38:47","82/1monterreynuevo/Modulos/principal/admin_BD.php?b=seg_n","::1");
INSERT INTO informe VALUES("9666","123456789","2015-10-05","14:40:20","82/1monterreynuevo/Modulos/principal/imp_tablas.php","::1");
INSERT INTO informe VALUES("9667","123456789","2015-10-05","14:40:30","82/1monterreynuevo/Modulos/principal/imp_tablas.php","::1");
INSERT INTO informe VALUES("9668","123456789","2015-10-05","14:42:12","82/1monterreynuevo/Modulos/principal/imp_tablas.php","::1");
INSERT INTO informe VALUES("9669","123456789","2015-10-05","14:42:32","82/1monterreynuevo/Modulos/principal/imp_tablas.php","::1");
INSERT INTO informe VALUES("9670","123456789","2015-10-05","14:47:35","82/1monterreynuevo/Modulos/principal/admin_BD.php?b=seg_n","::1");
INSERT INTO informe VALUES("9671","123456789","2015-10-05","14:47:36","82/1monterreynuevo/Modulos/principal/actualizar.php","::1");
INSERT INTO informe VALUES("9672","123456789","2015-10-05","14:51:25","82/1monterreynuevo/Modulos/principal/actualizar.php","::1");
INSERT INTO informe VALUES("9673","123456789","2015-10-05","14:51:48","82/1monterreynuevo/Modulos/principal/actualizar.php","::1");
INSERT INTO informe VALUES("9674","123456789","2015-10-05","14:52:11","82/1monterreynuevo/Modulos/principal/actualizar.php","::1");
INSERT INTO informe VALUES("9675","123456789","2015-10-05","14:58:14","82/1monterreynuevo/Modulos/principal/actualizar.php","::1");
INSERT INTO informe VALUES("9676","123456789","2015-10-05","14:58:16","82/1monterreynuevo/Modulos/principal/actualizar.php","::1");
INSERT INTO informe VALUES("9677","123456789","2015-10-05","14:58:38","82/1monterreynuevo/Modulos/principal/actualizar.php","::1");
INSERT INTO informe VALUES("9678","123456789","2015-10-05","14:58:40","82/1monterreynuevo/Modulos/principal/actualizar.php","::1");
INSERT INTO informe VALUES("9679","123456789","2015-10-05","14:59:45","82/1monterreynuevo/Modulos/principal/actualizar.php","::1");
INSERT INTO informe VALUES("9680","123456789","2015-10-05","15:00:12","82/1monterreynuevo/Modulos/principal/actualizar.php","::1");
INSERT INTO informe VALUES("9681","123456789","2015-10-05","15:00:13","82/1monterreynuevo/Modulos/principal/actualizar.php","::1");
INSERT INTO informe VALUES("9682","123456789","2015-10-05","15:00:29","82/1monterreynuevo/Modulos/principal/actualizar.php","::1");
INSERT INTO informe VALUES("9683","123456789","2015-10-05","15:00:43","82/1monterreynuevo/Modulos/principal/actualizar.php","::1");
INSERT INTO informe VALUES("9684","123456789","2015-10-05","15:03:00","82/1monterreynuevo/Modulos/principal/actualizar.php","::1");
INSERT INTO informe VALUES("9685","123456789","2015-10-05","15:04:32","82/1monterreynuevo/Modulos/principal/actualizar.php","::1");
INSERT INTO informe VALUES("9686","123456789","2015-10-05","15:04:35","82/1monterreynuevo/Modulos/principal/actualizar.php","::1");
INSERT INTO informe VALUES("9687","123456789","2015-10-05","15:05:08","82/1monterreynuevo/Modulos/principal/actualizar.php","::1");
INSERT INTO informe VALUES("9688","123456789","2015-10-05","15:05:13","82/1monterreynuevo/Modulos/principal/actualizar.php","::1");
INSERT INTO informe VALUES("9689","123456789","2015-10-05","15:05:42","82/1monterreynuevo/Modulos/principal/actualizar.php","::1");
INSERT INTO informe VALUES("9690","123456789","2015-10-05","15:05:45","82/1monterreynuevo/Modulos/principal/actualizar.php","::1");
INSERT INTO informe VALUES("9691","123456789","2015-10-05","15:05:46","82/1monterreynuevo/Modulos/principal/actualizar.php","::1");
INSERT INTO informe VALUES("9692","123456789","2015-10-05","15:06:01","82/1monterreynuevo/Modulos/principal/actualizar.php","::1");
INSERT INTO informe VALUES("9693","123456789","2015-10-05","15:06:02","82/1monterreynuevo/Modulos/principal/actualizar.php","::1");
INSERT INTO informe VALUES("9694","123456789","2015-10-05","15:10:00","82/1monterreynuevo/Modulos/principal/actualizar.php","::1");
INSERT INTO informe VALUES("9695","123456789","2015-10-05","15:10:02","82/1monterreynuevo/Modulos/principal/actualizar.php","::1");
INSERT INTO informe VALUES("9696","123456789","2015-10-05","15:10:41","82/1monterreynuevo/Modulos/principal/actualizar.php","::1");
INSERT INTO informe VALUES("9697","123456789","2015-10-05","15:10:43","82/1monterreynuevo/Modulos/principal/actualizar.php","::1");
INSERT INTO informe VALUES("9698","123456789","2015-10-05","15:10:58","82/1monterreynuevo/Modulos/principal/actualizar.php","::1");
INSERT INTO informe VALUES("9699","123456789","2015-10-05","15:13:21","82/1monterreynuevo/Modulos/principal/actualizar.php","::1");
INSERT INTO informe VALUES("9700","123456789","2015-10-05","15:13:35","82/1monterreynuevo/Modulos/principal/actualizar.php","::1");
INSERT INTO informe VALUES("9701","123456789","2015-10-05","15:16:41","82/1monterreynuevo/Modulos/principal/actualizar.php","::1");
INSERT INTO informe VALUES("9702","123456789","2015-10-05","15:32:31","82/1monterreynuevo/Modulos/principal/actualizar.php","::1");
INSERT INTO informe VALUES("9703","123456789","2015-10-05","15:33:04","82/1monterreynuevo/Modulos/principal/actualizar.php","::1");
INSERT INTO informe VALUES("9704","123456789","2015-10-05","15:34:17","82/1monterreynuevo/Modulos/principal/actualizar.php","::1");
INSERT INTO informe VALUES("9705","123456789","2015-10-05","15:37:08","82/1monterreynuevo/Modulos/principal/actualizar.php","::1");
INSERT INTO informe VALUES("9706","123456789","2015-10-05","15:37:37","82/1monterreynuevo/Modulos/principal/actualizar.php","::1");
INSERT INTO informe VALUES("9707","123456789","2015-10-05","15:43:11","82/1monterreynuevo/Modulos/principal/actualizar.php","::1");
INSERT INTO informe VALUES("9708","123456789","2015-10-05","15:44:14","82/1monterreynuevo/Modulos/principal/actualizar.php","::1");
INSERT INTO informe VALUES("9709","123456789","2015-10-05","15:48:03","82/1monterreynuevo/Modulos/principal/actualizar.php","::1");
INSERT INTO informe VALUES("9710","123456789","2015-10-05","15:48:54","82/1monterreynuevo/Modulos/principal/actualizar.php","::1");
INSERT INTO informe VALUES("9711","123456789","2015-10-05","15:50:40","82/1monterreynuevo/Modulos/principal/actualizar.php","::1");
INSERT INTO informe VALUES("9712","123456789","2015-10-05","15:50:42","82/1monterreynuevo/Modulos/principal/actualizar.php","::1");
INSERT INTO informe VALUES("9713","123456789","2015-10-05","15:52:43","82/1monterreynuevo/Modulos/principal/actualizar.php","::1");
INSERT INTO informe VALUES("9714","123456789","2015-10-05","15:52:44","82/1monterreynuevo/Modulos/principal/actualizar.php","::1");
INSERT INTO informe VALUES("9715","123456789","2015-10-05","15:54:32","82/1monterreynuevo/Modulos/principal/actualizar.php","::1");
INSERT INTO informe VALUES("9716","123456789","2015-10-05","15:54:38","82/1monterreynuevo/Modulos/principal/actualizar.php","::1");
INSERT INTO informe VALUES("9717","123456789","2015-10-05","15:57:45","82/1monterreynuevo/Modulos/principal/actualizar.php","::1");
INSERT INTO informe VALUES("9718","123456789","2015-10-05","15:58:24","82/1monterreynuevo/Modulos/principal/actualizar.php","::1");
INSERT INTO informe VALUES("9719","123456789","2015-10-05","15:58:53","82/1monterreynuevo/Modulos/principal/actualizar.php","::1");
INSERT INTO informe VALUES("9720","123456789","2015-10-05","15:59:03","82/1monterreynuevo/Modulos/principal/actualizar.php","::1");
INSERT INTO informe VALUES("9721","123456789","2015-10-05","16:01:24","82/1monterreynuevo/Modulos/principal/actualizar.php","::1");
INSERT INTO informe VALUES("9722","123456789","2015-10-05","16:01:26","82/1monterreynuevo/Modulos/principal/actualizar.php","::1");
INSERT INTO informe VALUES("9723","123456789","2015-10-05","16:03:05","82/1monterreynuevo/Modulos/principal/actualizar.php","::1");
INSERT INTO informe VALUES("9724","123456789","2015-10-05","16:03:12","82/1monterreynuevo/Modulos/principal/actualizar.php","::1");
INSERT INTO informe VALUES("9725","123456789","2015-10-05","16:03:24","82/1monterreynuevo/Modulos/principal/actualizar.php","::1");
INSERT INTO informe VALUES("9726","123456789","2015-10-05","16:03:27","82/1monterreynuevo/Modulos/principal/actualizar.php","::1");
INSERT INTO informe VALUES("9727","123456789","2015-10-05","16:03:29","82/1monterreynuevo/Modulos/principal/actualizar.php","::1");
INSERT INTO informe VALUES("9728","123456789","2015-10-05","16:04:45","82/1monterreynuevo/Modulos/principal/actualizar.php","::1");
INSERT INTO informe VALUES("9729","123456789","2015-10-05","16:04:49","82/1monterreynuevo/Modulos/principal/actualizar.php","::1");
INSERT INTO informe VALUES("9730","123456789","2015-10-05","16:04:51","82/1monterreynuevo/Modulos/principal/actualizar.php","::1");
INSERT INTO informe VALUES("9731","123456789","2015-10-05","16:05:53","82/1monterreynuevo/Modulos/principal/actualizar.php","::1");
INSERT INTO informe VALUES("9732","123456789","2015-10-05","16:06:03","82/1monterreynuevo/Modulos/principal/actualizar.php","::1");
INSERT INTO informe VALUES("9733","123456789","2015-10-05","16:07:46","82/1monterreynuevo/Modulos/principal/actualizar.php","::1");
INSERT INTO informe VALUES("9734","123456789","2015-10-05","16:07:48","82/1monterreynuevo/Modulos/principal/actualizar.php","::1");
INSERT INTO informe VALUES("9735","123456789","2015-10-05","16:08:32","82/1monterreynuevo/Modulos/principal/actualizar.php","::1");
INSERT INTO informe VALUES("9736","123456789","2015-10-05","16:08:52","82/1monterreynuevo/Modulos/principal/actualizar.php","::1");
INSERT INTO informe VALUES("9737","123456789","2015-10-05","16:08:53","82/1monterreynuevo/Modulos/principal/actualizar.php","::1");
INSERT INTO informe VALUES("9738","123456789","2015-10-05","16:09:16","82/1monterreynuevo/Modulos/principal/actualizar.php","::1");
INSERT INTO informe VALUES("9739","123456789","2015-10-05","16:09:17","82/1monterreynuevo/Modulos/principal/actualizar.php","::1");
INSERT INTO informe VALUES("9740","123456789","2015-10-05","16:09:31","82/1monterreynuevo/Modulos/principal/actualizar.php","::1");
INSERT INTO informe VALUES("9741","123456789","2015-10-05","16:09:44","82/1monterreynuevo/Modulos/principal/actualizar.php","::1");
INSERT INTO informe VALUES("9742","123456789","2015-10-05","16:10:01","82/1monterreynuevo/Modulos/principal/actualizar.php","::1");
INSERT INTO informe VALUES("9743","123456789","2015-10-05","16:10:13","82/1monterreynuevo/Modulos/principal/actualizar.php","::1");
INSERT INTO informe VALUES("9744","123456789","2015-10-05","16:10:20","82/1monterreynuevo/Modulos/principal/actualizar.php","::1");
INSERT INTO informe VALUES("9745","123456789","2015-10-05","16:10:22","82/1monterreynuevo/Modulos/principal/actualizar.php","::1");
INSERT INTO informe VALUES("9746","123456789","2015-10-05","16:10:29","82/1monterreynuevo/Modulos/principal/actualizar.php","::1");
INSERT INTO informe VALUES("9747","123456789","2015-10-05","16:10:31","82/1monterreynuevo/Modulos/principal/actualizar.php","::1");
INSERT INTO informe VALUES("9748","123456789","2015-10-05","16:10:38","82/1monterreynuevo/Modulos/principal/actualizar.php","::1");
INSERT INTO informe VALUES("9749","123456789","2015-10-05","16:12:11","82/1monterreynuevo/Modulos/principal/actualizar.php","::1");
INSERT INTO informe VALUES("9750","123456789","2015-10-05","16:12:20","82/1monterreynuevo/Modulos/principal/actualizar.php","::1");
INSERT INTO informe VALUES("9751","123456789","2015-10-05","16:20:04","82/1monterreynuevo/Modulos/principal/actualizar.php","::1");
INSERT INTO informe VALUES("9752","123456789","2015-10-05","16:20:26","82/1monterreynuevo/Modulos/principal/actualizar.php","::1");
INSERT INTO informe VALUES("9753","123456789","2015-10-05","16:20:52","82/1monterreynuevo/Modulos/principal/actualizar.php","::1");
INSERT INTO informe VALUES("9754","123456789","2015-10-05","16:20:54","82/1monterreynuevo/Modulos/principal/actualizar.php","::1");
INSERT INTO informe VALUES("9755","123456789","2015-10-05","16:22:53","82/1monterreynuevo/Modulos/principal/actualizar.php","::1");
INSERT INTO informe VALUES("9756","123456789","2015-10-05","16:23:56","82/1monterreynuevo/Modulos/principal/actualizar.php","::1");
INSERT INTO informe VALUES("9757","123456789","2015-10-05","16:24:30","82/1monterreynuevo/Modulos/principal/actualizar.php","::1");
INSERT INTO informe VALUES("9758","123456789","2015-10-05","16:27:47","82/1monterreynuevo/Modulos/principal/","::1");
INSERT INTO informe VALUES("9759","123456789","2015-10-05","16:27:49","82/1monterreynuevo/Modulos/principal/admin_BD.php","::1");
INSERT INTO informe VALUES("9760","123456789","2015-10-05","16:27:53","82/1monterreynuevo/Modulos/principal/admin_BD.php?b=seg_","::1");
INSERT INTO informe VALUES("9761","123456789","2015-10-05","16:27:59","82/1monterreynuevo/Modulos/principal/admin_BD.php?b=seg_","::1");
INSERT INTO informe VALUES("9762","123456789","2015-10-05","20:05:48","82/1monterreynuevo/Modulos/principal/actualizar.php","::1");
INSERT INTO informe VALUES("9763","123456789","2015-10-05","20:05:52","82/1monterreynuevo/Modulos/principal/actualizar.php","::1");
INSERT INTO informe VALUES("9764","123456789","2015-10-05","20:12:34","82/1monterreynuevo/Modulos/usuario/consultar.php","::1");
INSERT INTO informe VALUES("9765","123456789","2015-10-05","20:12:36","82/1monterreynuevo/Modulos/usuario/permiso.php?u=caa297fe47671dbb6c4ba4547ebef3a4a022cc91","::1");
INSERT INTO informe VALUES("9766","123456789","2015-10-06","09:29:37","82/1monterreynuevo/","::1");
INSERT INTO informe VALUES("9767","123456789","2015-10-06","09:30:01","82/1monterreynuevo/","::1");
INSERT INTO informe VALUES("9768","123456789","2015-10-06","09:30:04","82/1monterreynuevo/Modulos/principal/","::1");
INSERT INTO informe VALUES("9769","123456789","2015-10-06","09:36:11","82/1monterreynuevo/Modulos/usuario/consultar.php","::1");
INSERT INTO informe VALUES("9770","123456789","2015-10-06","09:36:14","82/1monterreynuevo/Modulos/usuario/admin.php?i=730cdf062eed2454e64723c83d45b243c277bcb0","::1");
INSERT INTO informe VALUES("9771","123456789","2015-10-06","09:36:31","82/1monterreynuevo/Modulos/producto/pro_subgrupo.php","::1");
INSERT INTO informe VALUES("9772","123456789","2015-10-06","09:36:54","82/1monterreynuevo/Modulos/venta/consultar.php","::1");
INSERT INTO informe VALUES("9773","123456789","2015-10-06","09:37:13","82/1monterreynuevo/Modulos/usuario/admin.php","::1");
INSERT INTO informe VALUES("9774","123456789","2015-10-06","09:37:26","82/1monterreynuevo/Modulos/producto/pro_subgrupo.php","::1");
INSERT INTO informe VALUES("9775","123456789","2015-10-06","09:37:35","82/1monterreynuevo/Modulos/venta/vencidas.php","::1");
INSERT INTO informe VALUES("9776","123456789","2015-10-06","09:37:49","82/1monterreynuevo/Modulos/financiero/cuenta.php","::1");
INSERT INTO informe VALUES("9777","123456789","2015-10-06","09:37:58","82/1monterreynuevo/Modulos/financiero/sscuenta.php","::1");
INSERT INTO informe VALUES("9778","123456789","2015-10-06","09:45:05","82/1monterreynuevo/Modulos/principal/","::1");
INSERT INTO informe VALUES("9779","123456789","2015-10-06","09:45:37","82/1monterreynuevo/Modulos/venta/","::1");
INSERT INTO informe VALUES("9780","123456789","2015-10-06","09:45:43","82/1monterreynuevo/Modulos/venta/venta.php","::1");
INSERT INTO informe VALUES("9781","123456789","2015-10-06","09:45:43","82/1monterreynuevo/Modulos/venta/venta.php","::1");
INSERT INTO informe VALUES("9782","123456789","2015-10-06","09:45:53","82/1monterreynuevo/Modulos/venta/venta.php?i=93956e4adddd2a280b1ef8666151e14ff1142457","::1");
INSERT INTO informe VALUES("9783","123456789","2015-10-06","09:46:08","82/1monterreynuevo/Modulos/venta/venta.php","::1");
INSERT INTO informe VALUES("9784","123456789","2015-10-06","09:46:09","82/1monterreynuevo/Modulos/venta/venta.php?i=93956e4adddd2a280b1ef8666151e14ff1142457","::1");
INSERT INTO informe VALUES("9785","123456789","2015-10-06","09:46:13","82/1monterreynuevo/Modulos/venta/venta.php","::1");
INSERT INTO informe VALUES("9786","123456789","2015-10-06","09:46:15","82/1monterreynuevo/Modulos/venta/venta.php?i=93956e4adddd2a280b1ef8666151e14ff1142457","::1");
INSERT INTO informe VALUES("9787","123456789","2015-10-06","09:46:17","82/1monterreynuevo/Modulos/venta/venta.php","::1");
INSERT INTO informe VALUES("9788","123456789","2015-10-06","09:46:18","82/1monterreynuevo/Modulos/venta/venta.php?i=93956e4adddd2a280b1ef8666151e14ff1142457","::1");
INSERT INTO informe VALUES("9789","123456789","2015-10-06","09:47:08","82/1monterreynuevo/Modulos/reportes/cierre.php","::1");
INSERT INTO informe VALUES("9790","123456789","2015-10-06","09:59:54","82/1monterreynuevo/Modulos/principal/","::1");
INSERT INTO informe VALUES("9791","123456789","2015-10-06","10:00:00","82/1monterreynuevo/Modulos/cliente/admin.php","::1");
INSERT INTO informe VALUES("9792","123456789","2015-10-06","10:54:08","82/1monterreynuevo/Modulos/principal/","::1");
INSERT INTO informe VALUES("9793","123456789","2015-10-06","10:54:49","82/1monterreynuevo/Modulos/usuario/cargo.php","::1");
INSERT INTO informe VALUES("9794","123456789","2015-10-06","11:07:44","82/1monterreynuevo/Modulos/usuario/cargo.php","::1");
INSERT INTO informe VALUES("9795","123456789","2015-10-06","11:07:46","82/1monterreynuevo/Modulos/usuario/cargo_permiso.php?i=85853c61e91d09b8a747b224ea4697dd79184e85","::1");
INSERT INTO informe VALUES("9796","123456789","2015-10-06","11:08:40","82/1monterreynuevo/Modulos/usuario/cargo_permiso.php?i=85853c61e91d09b8a747b224ea4697dd79184e85","::1");
INSERT INTO informe VALUES("9797","123456789","2015-10-06","11:10:05","82/1monterreynuevo/Modulos/usuario/cargo_permiso.php?i=85853c61e91d09b8a747b224ea4697dd79184e85","::1");
INSERT INTO informe VALUES("9798","123456789","2015-10-06","11:10:08","82/1monterreynuevo/Modulos/usuario/cargo_permiso.php?i=85853c61e91d09b8a747b224ea4697dd79184e85","::1");
INSERT INTO informe VALUES("9799","123456789","2015-10-06","11:11:42","82/1monterreynuevo/Modulos/usuario/cargo_permiso.php?i=85853c61e91d09b8a747b224ea4697dd79184e85","::1");
INSERT INTO informe VALUES("9800","123456789","2015-10-06","11:11:55","82/1monterreynuevo/Modulos/usuario/cargo_permiso.php?i=85853c61e91d09b8a747b224ea4697dd79184e85","::1");
INSERT INTO informe VALUES("9801","123456789","2015-10-06","11:13:54","82/1monterreynuevo/Modulos/usuario/cargo_permiso.php?i=85853c61e91d09b8a747b224ea4697dd79184e85","::1");
INSERT INTO informe VALUES("9802","123456789","2015-10-06","11:13:57","82/1monterreynuevo/Modulos/usuario/permiso.php?p=1f8511beffbd823ca49229e4c81af8f948e7bddf&i=85853c61e91d09b8a747b224ea4697dd79184e85","::1");
INSERT INTO informe VALUES("9803","123456789","2015-10-06","11:14:01","82/1monterreynuevo/Modulos/usuario/cargo_permiso.php?i=85853c61e91d09b8a747b224ea4697dd79184e85","::1");
INSERT INTO informe VALUES("9804","123456789","2015-10-06","11:14:13","82/1monterreynuevo/Modulos/usuario/cargo_permiso.php?i=85853c61e91d09b8a747b224ea4697dd79184e85","::1");
INSERT INTO informe VALUES("9805","123456789","2015-10-06","11:14:15","82/1monterreynuevo/Modulos/usuario/permiso.php?p=1f8511beffbd823ca49229e4c81af8f948e7bddf&i=85853c61e91d09b8a747b224ea4697dd79184e85","::1");
INSERT INTO informe VALUES("9806","123456789","2015-10-06","11:14:19","82/1monterreynuevo/Modulos/usuario/cargo_permiso.php?i=85853c61e91d09b8a747b224ea4697dd79184e85","::1");
INSERT INTO informe VALUES("9807","123456789","2015-10-06","11:14:43","82/1monterreynuevo/Modulos/usuario/cargo_permiso.php?i=85853c61e91d09b8a747b224ea4697dd79184e85","::1");
INSERT INTO informe VALUES("9808","123456789","2015-10-06","11:14:45","82/1monterreynuevo/Modulos/usuario/cargo_permiso.php?p=1f8511beffbd823ca49229e4c81af8f948e7bddf&i=85853c61e91d09b8a747b224ea4697dd79184e85","::1");
INSERT INTO informe VALUES("9809","123456789","2015-10-06","11:14:46","82/1monterreynuevo/Modulos/usuario/cargo_permiso.php?i=85853c61e91d09b8a747b224ea4697dd79184e85","::1");
INSERT INTO informe VALUES("9810","123456789","2015-10-06","11:14:47","82/1monterreynuevo/Modulos/usuario/cargo_permiso.php?p=1f8511beffbd823ca49229e4c81af8f948e7bddf&i=85853c61e91d09b8a747b224ea4697dd79184e85","::1");
INSERT INTO informe VALUES("9811","123456789","2015-10-06","11:14:47","82/1monterreynuevo/Modulos/usuario/cargo_permiso.php?i=85853c61e91d09b8a747b224ea4697dd79184e85","::1");
INSERT INTO informe VALUES("9812","123456789","2015-10-06","11:16:58","82/1monterreynuevo/Modulos/usuario/consultar.php","::1");
INSERT INTO informe VALUES("9813","123456789","2015-10-06","11:17:01","82/1monterreynuevo/Modulos/usuario/permiso.php?u=7229d98cfb771336daaebdde53206a658a76e460","::1");
INSERT INTO informe VALUES("9814","123456789","2015-10-06","11:17:16","82/1monterreynuevo/Modulos/usuario/permiso.php?u=7229d98cfb771336daaebdde53206a658a76e460","::1");
INSERT INTO informe VALUES("9815","123456789","2015-10-06","11:22:02","82/1monterreynuevo/Modulos/usuario/cargo.php","::1");
INSERT INTO informe VALUES("9816","123456789","2015-10-06","11:22:08","82/1monterreynuevo/Modulos/usuario/cargo_permiso.php?i=85853c61e91d09b8a747b224ea4697dd79184e85","::1");
INSERT INTO informe VALUES("9817","123456789","2015-10-06","11:22:09","82/1monterreynuevo/Modulos/usuario/cargo_permiso.php?p=1f8511beffbd823ca49229e4c81af8f948e7bddf&i=85853c61e91d09b8a747b224ea4697dd79184e85","::1");
INSERT INTO informe VALUES("9818","123456789","2015-10-06","11:22:09","82/1monterreynuevo/Modulos/usuario/cargo_permiso.php?i=85853c61e91d09b8a747b224ea4697dd79184e85","::1");
INSERT INTO informe VALUES("9819","123456789","2015-10-06","11:22:10","82/1monterreynuevo/Modulos/usuario/cargo_permiso.php?p=5ea249310622a6b420583beb1c46cc854460ff99&i=85853c61e91d09b8a747b224ea4697dd79184e85","::1");
INSERT INTO informe VALUES("9820","123456789","2015-10-06","11:22:10","82/1monterreynuevo/Modulos/usuario/cargo_permiso.php?i=85853c61e91d09b8a747b224ea4697dd79184e85","::1");
INSERT INTO informe VALUES("9821","123456789","2015-10-06","11:22:12","82/1monterreynuevo/Modulos/usuario/cargo_permiso.php?p=05945e745eab191c26c37b5d9e5890695180dba1&i=85853c61e91d09b8a747b224ea4697dd79184e85","::1");
INSERT INTO informe VALUES("9822","123456789","2015-10-06","11:22:12","82/1monterreynuevo/Modulos/usuario/cargo_permiso.php?i=85853c61e91d09b8a747b224ea4697dd79184e85","::1");
INSERT INTO informe VALUES("9823","123456789","2015-10-06","11:22:15","82/1monterreynuevo/Modulos/usuario/cargo_permiso.php?p=f575c1e5fc9f71ed15028b94b1e2d97daf4fbd29&i=85853c61e91d09b8a747b224ea4697dd79184e85","::1");
INSERT INTO informe VALUES("9824","123456789","2015-10-06","11:22:15","82/1monterreynuevo/Modulos/usuario/cargo_permiso.php?i=85853c61e91d09b8a747b224ea4697dd79184e85","::1");
INSERT INTO informe VALUES("9825","123456789","2015-10-06","11:22:20","82/1monterreynuevo/Modulos/usuario/permiso.php?u=7229d98cfb771336daaebdde53206a658a76e460","::1");
INSERT INTO informe VALUES("9826","123456789","2015-10-06","11:22:22","82/1monterreynuevo/Modulos/usuario/permiso.php?u=7229d98cfb771336daaebdde53206a658a76e460","::1");
INSERT INTO informe VALUES("9827","123456789","2015-10-06","11:22:37","82/1monterreynuevo/Modulos/usuario/permiso.php?u=7229d98cfb771336daaebdde53206a658a76e460","::1");
INSERT INTO informe VALUES("9828","123456789","2015-10-06","11:22:43","82/1monterreynuevo/Modulos/usuario/permiso.php?u=7229d98cfb771336daaebdde53206a658a76e460","::1");
INSERT INTO informe VALUES("9829","123456789","2015-10-06","11:23:07","82/1monterreynuevo/Modulos/usuario/permiso.php?u=7229d98cfb771336daaebdde53206a658a76e460","::1");
INSERT INTO informe VALUES("9830","123456789","2015-10-06","11:23:50","82/1monterreynuevo/Modulos/usuario/permiso.php?u=7229d98cfb771336daaebdde53206a658a76e460","::1");
INSERT INTO informe VALUES("9831","123456789","2015-10-06","11:24:22","82/1monterreynuevo/Modulos/usuario/permiso.php?u=7229d98cfb771336daaebdde53206a658a76e460","::1");
INSERT INTO informe VALUES("9832","123456789","2015-10-06","11:24:25","82/1monterreynuevo/Modulos/usuario/permiso.php?u=7229d98cfb771336daaebdde53206a658a76e460","::1");
INSERT INTO informe VALUES("9833","123456789","2015-10-06","11:24:47","82/1monterreynuevo/Modulos/usuario/permiso.php?u=7229d98cfb771336daaebdde53206a658a76e460","::1");
INSERT INTO informe VALUES("9834","123456789","2015-10-06","11:25:11","82/1monterreynuevo/Modulos/usuario/cargo_permiso.php?p=f575c1e5fc9f71ed15028b94b1e2d97daf4fbd29&i=85853c61e91d09b8a747b224ea4697dd79184e85","::1");
INSERT INTO informe VALUES("9835","123456789","2015-10-06","11:25:11","82/1monterreynuevo/Modulos/usuario/cargo_permiso.php?i=85853c61e91d09b8a747b224ea4697dd79184e85","::1");
INSERT INTO informe VALUES("9836","123456789","2015-10-06","11:25:14","82/1monterreynuevo/Modulos/usuario/cargo_permiso.php?p=5ea249310622a6b420583beb1c46cc854460ff99&i=85853c61e91d09b8a747b224ea4697dd79184e85","::1");
INSERT INTO informe VALUES("9837","123456789","2015-10-06","11:25:14","82/1monterreynuevo/Modulos/usuario/cargo_permiso.php?i=85853c61e91d09b8a747b224ea4697dd79184e85","::1");
INSERT INTO informe VALUES("9838","123456789","2015-10-06","11:25:19","82/1monterreynuevo/Modulos/usuario/cargo_permiso.php?p=5ea249310622a6b420583beb1c46cc854460ff99&i=85853c61e91d09b8a747b224ea4697dd79184e85","::1");
INSERT INTO informe VALUES("9839","123456789","2015-10-06","11:25:19","82/1monterreynuevo/Modulos/usuario/cargo_permiso.php?i=85853c61e91d09b8a747b224ea4697dd79184e85","::1");
INSERT INTO informe VALUES("9840","123456789","2015-10-06","11:25:21","82/1monterreynuevo/Modulos/usuario/cargo_permiso.php?p=29ee8e97b9abb24b15143123855474fcd1ad142a&i=85853c61e91d09b8a747b224ea4697dd79184e85","::1");
INSERT INTO informe VALUES("9841","123456789","2015-10-06","11:25:21","82/1monterreynuevo/Modulos/usuario/cargo_permiso.php?i=85853c61e91d09b8a747b224ea4697dd79184e85","::1");
INSERT INTO informe VALUES("9842","123456789","2015-10-06","11:25:24","82/1monterreynuevo/Modulos/usuario/cargo_permiso.php?p=edb315156d96584f6eb04f382c70a73bfe4e7649&i=85853c61e91d09b8a747b224ea4697dd79184e85","::1");
INSERT INTO informe VALUES("9843","123456789","2015-10-06","11:25:24","82/1monterreynuevo/Modulos/usuario/cargo_permiso.php?i=85853c61e91d09b8a747b224ea4697dd79184e85","::1");
INSERT INTO informe VALUES("9844","123456789","2015-10-06","11:25:27","82/1monterreynuevo/Modulos/usuario/permiso.php?u=7229d98cfb771336daaebdde53206a658a76e460","::1");
INSERT INTO informe VALUES("9845","123456789","2015-10-06","11:25:31","82/1monterreynuevo/Modulos/usuario/permiso.php?u=7229d98cfb771336daaebdde53206a658a76e460","::1");
INSERT INTO informe VALUES("9846","123456789","2015-10-06","11:25:45","82/1monterreynuevo/Modulos/usuario/permiso.php?u=7229d98cfb771336daaebdde53206a658a76e460","::1");
INSERT INTO informe VALUES("9847","123456789","2015-10-06","12:34:03","82/1monterreynuevo/Modulos/principal/","::1");
INSERT INTO informe VALUES("9848","123456789","2015-10-06","13:45:43","82/1monterreynuevo/Modulos/reportes/costos.php","::1");
INSERT INTO informe VALUES("9849","123456789","2015-10-06","13:51:40","82/1monterreynuevo/Modulos/reportes/costos.php","::1");
INSERT INTO informe VALUES("9850","123456789","2015-10-06","13:52:43","82/1monterreynuevo/Modulos/reportes/costos.php?cliente=1","::1");
INSERT INTO informe VALUES("9851","123456789","2015-10-06","13:53:01","82/1monterreynuevo/Modulos/reportes/costos.php?cliente=1","::1");
INSERT INTO informe VALUES("9852","123456789","2015-10-06","13:53:20","82/1monterreynuevo/Modulos/reportes/costos.php?cliente=1","::1");
INSERT INTO informe VALUES("9853","123456789","2015-10-06","13:53:30","82/1monterreynuevo/Modulos/reportes/costos_detalle.php?i=05945e745eab191c26c37b5d9e5890695180dba1","::1");
INSERT INTO informe VALUES("9854","123456789","2015-10-06","13:55:19","82/1monterreynuevo/Modulos/reportes/costos.php?cliente=1","::1");
INSERT INTO informe VALUES("9855","123456789","2015-10-06","13:56:26","82/1monterreynuevo/Modulos/reportes/costos.php?cliente=1","::1");
INSERT INTO informe VALUES("9856","123456789","2015-10-06","14:01:46","82/1monterreynuevo/Modulos/reportes/costos.php?cliente=1","::1");
INSERT INTO informe VALUES("9857","123456789","2015-10-06","14:02:05","82/1monterreynuevo/Modulos/reportes/costos.php?cliente=1","::1");
INSERT INTO informe VALUES("9858","123456789","2015-10-06","14:06:48","82/1monterreynuevo/Modulos/reportes/costos.php?cliente=1","::1");
INSERT INTO informe VALUES("9859","123456789","2015-10-06","14:07:01","82/1monterreynuevo/Modulos/reportes/costos.php?cliente=1","::1");
INSERT INTO informe VALUES("9860","123456789","2015-10-06","14:07:16","82/1monterreynuevo/","::1");
INSERT INTO informe VALUES("9861","123456789","2015-10-06","14:07:24","82/1monterreynuevo/","::1");
INSERT INTO informe VALUES("9862","123456789","2015-10-06","14:07:27","82/1monterreynuevo/Modulos/principal/","::1");
INSERT INTO informe VALUES("9863","123456789","2015-10-06","14:07:36","82/1monterreynuevo/Modulos/reportes/costos.php","::1");
INSERT INTO informe VALUES("9864","123456789","2015-10-06","14:07:43","82/1monterreynuevo/Modulos/reportes/costos.php?cliente=1","::1");
INSERT INTO informe VALUES("9865","123456789","2015-10-06","14:07:49","82/1monterreynuevo/Modulos/reportes/costos.php?cliente=1","::1");
INSERT INTO informe VALUES("9866","123456789","2015-10-06","14:08:20","82/1monterreynuevo/Modulos/reportes/costos.php?cliente=1","::1");
INSERT INTO informe VALUES("9867","123456789","2015-10-06","14:08:25","82/1monterreynuevo/Modulos/reportes/costos.php?cliente=1","::1");
INSERT INTO informe VALUES("9868","123456789","2015-10-06","14:08:48","82/1monterreynuevo/Modulos/reportes/costos.php?cliente=1","::1");
INSERT INTO informe VALUES("9869","123456789","2015-10-06","14:08:49","82/1monterreynuevo/Modulos/reportes/costo_imp.php?cliente=1","::1");
INSERT INTO informe VALUES("9870","123456789","2015-10-06","14:09:45","82/1monterreynuevo/Modulos/reportes/costo_imp.php?cliente=1","::1");
INSERT INTO informe VALUES("9871","123456789","2015-10-06","18:08:21","82/1monterreynuevo/","::1");
INSERT INTO informe VALUES("9872","123456789","2015-10-06","18:09:06","82/1monterreynuevo/","::1");
INSERT INTO informe VALUES("9873","123456789","2015-10-06","18:09:09","82/1monterreynuevo/Modulos/principal/","::1");
INSERT INTO informe VALUES("9874","123456789","2015-10-06","18:09:17","82/1monterreynuevo/Modulos/modrestaurante/principal/","::1");
INSERT INTO informe VALUES("9875","123456789","2015-10-06","18:09:20","82/1monterreynuevo/Modulos/modrestaurante/mesas/admin.php","::1");
INSERT INTO informe VALUES("9876","123456789","2015-10-06","18:10:31","82/1monterreynuevo/Modulos/modrestaurante/mesas/admin.php","::1");
INSERT INTO informe VALUES("9877","123456789","2015-10-06","18:10:50","82/1monterreynuevo/Modulos/modrestaurante/mesas/admin.php","::1");
INSERT INTO informe VALUES("9878","123456789","2015-10-06","18:11:28","82/1monterreynuevo/Modulos/modrestaurante/pedidos/admin_mesa.php?i=0ba7617b922bddaa530f611bc915f17b6f821c23","::1");
INSERT INTO informe VALUES("9879","123456789","2015-10-06","18:11:31","82/1monterreynuevo/Modulos/modrestaurante/mesas/admin.php","::1");
INSERT INTO informe VALUES("9880","123456789","2015-10-06","18:11:33","82/1monterreynuevo/Modulos/modrestaurante/pedidos/admin_mesa.php?i=85853c61e91d09b8a747b224ea4697dd79184e85","::1");
INSERT INTO informe VALUES("9881","123456789","2015-10-06","18:11:37","82/1monterreynuevo/Modulos/principal/","::1");
INSERT INTO informe VALUES("9882","123456789","2015-10-06","18:11:39","82/1monterreynuevo/Modulos/modrestaurante/principal/","::1");
INSERT INTO informe VALUES("9883","123456789","2015-10-06","18:11:39","82/1monterreynuevo/Modulos/modrestaurante/pedidos/","::1");
INSERT INTO informe VALUES("9884","123456789","2015-10-06","18:11:40","82/1monterreynuevo/Modulos/modrestaurante/pedidos/pedido.php?m=0ba7617b922bddaa530f611bc915f17b6f821c23","::1");
INSERT INTO informe VALUES("9885","123456789","2015-10-06","18:11:41","82/1monterreynuevo/Modulos/modrestaurante/pedidos/pedido.php","::1");
INSERT INTO informe VALUES("9886","123456789","2015-10-06","18:11:42","82/1monterreynuevo/Modulos/modrestaurante/pedidos/pedido.php?i=bd6d0b5a4898f1ee17a7f79315515e76dfd80b86","::1");
INSERT INTO informe VALUES("9887","123456789","2015-10-06","18:11:43","82/1monterreynuevo/Modulos/modrestaurante/pedidos/pedido.php?i=bd6d0b5a4898f1ee17a7f79315515e76dfd80b86","::1");
INSERT INTO informe VALUES("9888","123456789","2015-10-06","18:11:43","82/1monterreynuevo/Modulos/modrestaurante/pedidos/pedido.php?i=bd6d0b5a4898f1ee17a7f79315515e76dfd80b86","::1");
INSERT INTO informe VALUES("9889","123456789","2015-10-06","18:11:44","82/1monterreynuevo/Modulos/modrestaurante/pedidos/pedido.php?i=bd6d0b5a4898f1ee17a7f79315515e76dfd80b86","::1");
INSERT INTO informe VALUES("9890","123456789","2015-10-06","18:11:44","82/1monterreynuevo/Modulos/modrestaurante/pedidos/pedido.php?i=bd6d0b5a4898f1ee17a7f79315515e76dfd80b86","::1");
INSERT INTO informe VALUES("9891","123456789","2015-10-06","18:11:45","82/1monterreynuevo/Modulos/modrestaurante/pedidos/pedido.php?i=bd6d0b5a4898f1ee17a7f79315515e76dfd80b86","::1");
INSERT INTO informe VALUES("9892","123456789","2015-10-06","18:11:46","82/1monterreynuevo/Modulos/modrestaurante/pedidos/pedido.php?i=bd6d0b5a4898f1ee17a7f79315515e76dfd80b86","::1");
INSERT INTO informe VALUES("9893","123456789","2015-10-06","18:11:48","82/1monterreynuevo/Modulos/modrestaurante/pedidos/enviar_mesa.php?m=0ba7617b922bddaa530f611bc915f17b6f821c23","::1");
INSERT INTO informe VALUES("9894","123456789","2015-10-06","18:11:48","82/1monterreynuevo/Modulos/modrestaurante/pedidos/admin_mesa.php?i=0ba7617b922bddaa530f611bc915f17b6f821c23","::1");
INSERT INTO informe VALUES("9895","123456789","2015-10-06","18:11:51","82/1monterreynuevo/Modulos/modrestaurante/mesas/admin.php","::1");
INSERT INTO informe VALUES("9896","123456789","2015-10-06","18:11:54","82/1monterreynuevo/Modulos/modrestaurante/pedidos/admin_mesa.php?i=0ba7617b922bddaa530f611bc915f17b6f821c23","::1");
INSERT INTO informe VALUES("9897","123456789","2015-10-06","18:11:58","82/1monterreynuevo/Modulos/modrestaurante/mesas/admin.php","::1");
INSERT INTO informe VALUES("9898","123456789","2015-10-06","18:12:00","82/1monterreynuevo/Modulos/modrestaurante/pedidos/admin_mesa.php?i=85853c61e91d09b8a747b224ea4697dd79184e85","::1");
INSERT INTO informe VALUES("9899","123456789","2015-10-06","18:12:00","82/1monterreynuevo/Modulos/modrestaurante/pedidos/admin_mesa.php?i=85853c61e91d09b8a747b224ea4697dd79184e85","::1");
INSERT INTO informe VALUES("9900","123456789","2015-10-06","18:12:01","82/1monterreynuevo/Modulos/modrestaurante/mesas/admin.php","::1");
INSERT INTO informe VALUES("9901","123456789","2015-10-06","18:12:03","82/1monterreynuevo/Modulos/modrestaurante/pedidos/admin_mesa.php?i=0ba7617b922bddaa530f611bc915f17b6f821c23","::1");
INSERT INTO informe VALUES("9902","123456789","2015-10-06","18:14:23","82/1monterreynuevo/Modulos/modrestaurante/pedidos/admin_mesa.php?i=0ba7617b922bddaa530f611bc915f17b6f821c23","::1");
INSERT INTO informe VALUES("9903","123456789","2015-10-06","18:15:22","82/1monterreynuevo/Modulos/modrestaurante/mesas/admin.php","::1");
INSERT INTO informe VALUES("9904","123456789","2015-10-06","18:58:52","82/1monterreynuevo/Modulos/modrestaurante/mesas/admin.php","::1");
INSERT INTO informe VALUES("9905","123456789","2015-10-06","18:59:41","82/1monterreynuevo/Modulos/modrestaurante/pedidos/admin_mesa.php?i=b1e571a1e6562785b575c820b8b783a34979966e","::1");
INSERT INTO informe VALUES("9906","123456789","2015-10-06","18:59:43","82/1monterreynuevo/Modulos/modrestaurante/mesas/admin.php","::1");
INSERT INTO informe VALUES("9907","123456789","2015-10-06","18:59:48","82/1monterreynuevo/Modulos/modrestaurante/pedidos/admin_mesa.php?i=0ba7617b922bddaa530f611bc915f17b6f821c23","::1");
INSERT INTO informe VALUES("9908","123456789","2015-10-06","18:59:52","82/1monterreynuevo/Modulos/modrestaurante/pedidos/admin_mesa.php?i=0ba7617b922bddaa530f611bc915f17b6f821c23","::1");
INSERT INTO informe VALUES("9909","123456789","2015-10-06","18:59:54","82/1monterreynuevo/Modulos/modrestaurante/pedidos/facturar.php?m=0ba7617b922bddaa530f611bc915f17b6f821c23&i=1","::1");
INSERT INTO informe VALUES("9910","123456789","2015-10-06","18:59:59","82/1monterreynuevo/Modulos/modrestaurante/pedidos/facturar.php?r=d745e06106d97b8dafaaf5310abe4dca8905a615&m=0ba7617b922bddaa530f611bc915f17b6f821c23&i=1","::1");
INSERT INTO informe VALUES("9911","123456789","2015-10-06","18:59:59","82/1monterreynuevo/Modulos/modrestaurante/pedidos/facturar.php?m=0ba7617b922bddaa530f611bc915f17b6f821c23&i=1","::1");
INSERT INTO informe VALUES("9912","123456789","2015-10-06","19:00:06","82/1monterreynuevo/Modulos/modrestaurante/pedidos/facturar.php?m=0ba7617b922bddaa530f611bc915f17b6f821c23&i=1","::1");
INSERT INTO informe VALUES("9913","123456789","2015-10-06","19:00:09","82/1monterreynuevo/Modulos/modrestaurante/pedidos/proceso.php","::1");
INSERT INTO informe VALUES("9914","123456789","2015-10-06","19:00:10","82/1monterreynuevo/Modulos/modrestaurante/pedidos/proceso.php?i=edb315156d96584f6eb04f382c70a73bfe4e7649","::1");
INSERT INTO informe VALUES("9915","123456789","2015-10-06","19:00:13","82/1monterreynuevo/Modulos/modrestaurante/mesas/admin.php","::1");
INSERT INTO informe VALUES("9916","123456789","2015-10-06","21:41:02","82/1monterreynuevo/Modulos/principal/","::1");
INSERT INTO informe VALUES("9917","123456789","2015-10-06","21:43:36","82/1monterreynuevo/Modulos/venta/","::1");
INSERT INTO informe VALUES("9918","123456789","2015-10-06","21:43:40","82/1monterreynuevo/Modulos/venta/venta.php","::1");
INSERT INTO informe VALUES("9919","123456789","2015-10-06","21:43:40","82/1monterreynuevo/Modulos/venta/venta.php","::1");
INSERT INTO informe VALUES("9920","123456789","2015-10-06","21:43:52","82/1monterreynuevo/Modulos/principal/","::1");
INSERT INTO informe VALUES("9921","123456789","2015-10-06","22:26:51","82/1monterreynuevo/Modulos/reportes/cierre.php","::1");
INSERT INTO informe VALUES("9922","123456789","2015-10-06","22:26:58","82/1monterreynuevo/Modulos/reportes/cierre.php?fechai=2015-10-06&tipo=COMPRA&fechaf=2015-10-06&ref=SALIDA&sucursal=1&usu=todos","::1");
INSERT INTO informe VALUES("9923","123456789","2015-10-07","11:01:28","82/1monterreynuevo/index.php","::1");
INSERT INTO informe VALUES("9924","123456789","2015-10-07","12:28:47","82/1monterreynuevo/index.php","::1");
INSERT INTO informe VALUES("9925","123456789","2015-10-07","12:28:51","82/1monterreynuevo/index.php","::1");
INSERT INTO informe VALUES("9926","123456789","2015-10-07","12:28:54","82/1monterreynuevo/Modulos/principal/","::1");
INSERT INTO informe VALUES("9927","123456789","2015-10-07","12:29:00","82/1monterreynuevo/Modulos/producto/admin.php","::1");
INSERT INTO informe VALUES("9928","123456789","2015-10-07","12:47:01","82/1monterreynuevo/Modulos/usuario/consultar.php","::1");
INSERT INTO informe VALUES("9929","123456789","2015-10-07","12:47:03","82/1monterreynuevo/Modulos/usuario/permiso.php?u=caa297fe47671dbb6c4ba4547ebef3a4a022cc91","::1");
INSERT INTO informe VALUES("9930","123456789","2015-10-07","12:47:09","82/1monterreynuevo/Modulos/usuario/permiso.php?i=da6ff5b4e6be91895047bb4d11fcecf88a3ba258&u=caa297fe47671dbb6c4ba4547ebef3a4a022cc91","::1");
INSERT INTO informe VALUES("9931","123456789","2015-10-07","12:47:09","82/1monterreynuevo/Modulos/usuario/permiso.php?u=caa297fe47671dbb6c4ba4547ebef3a4a022cc91","::1");
INSERT INTO informe VALUES("9932","123456789","2015-10-07","12:48:02","82/1monterreynuevo/Modulos/principal/","::1");
INSERT INTO informe VALUES("9933","123456789","2015-10-07","12:48:07","82/1monterreynuevo/Modulos/modrestaurante/principal/","::1");
INSERT INTO informe VALUES("9934","123456789","2015-10-07","12:48:09","82/1monterreynuevo/Modulos/modrestaurante/insumos/admin.php","::1");
INSERT INTO informe VALUES("9935","123456789","2015-10-07","12:48:47","82/1monterreynuevo/Modulos/modrestaurante/insumos/admin.php","::1");
INSERT INTO informe VALUES("9936","123456789","2015-10-07","13:03:55","82/1monterreynuevo/Modulos/modrestaurante/insumos/admin.php","::1");
INSERT INTO informe VALUES("9937","123456789","2015-10-07","13:04:06","82/1monterreynuevo/Modulos/principal/","::1");
INSERT INTO informe VALUES("9938","123456789","2015-10-07","13:04:08","82/1monterreynuevo/Modulos/usuario/consultar.php","::1");
INSERT INTO informe VALUES("9939","123456789","2015-10-07","13:04:10","82/1monterreynuevo/Modulos/usuario/permiso.php?u=caa297fe47671dbb6c4ba4547ebef3a4a022cc91","::1");
INSERT INTO informe VALUES("9940","123456789","2015-10-07","13:04:14","82/1monterreynuevo/Modulos/usuario/permiso.php?i=b53d85549d05194d94a75e2804bdc1212eee6e21&u=caa297fe47671dbb6c4ba4547ebef3a4a022cc91","::1");
INSERT INTO informe VALUES("9941","123456789","2015-10-07","13:04:14","82/1monterreynuevo/Modulos/usuario/permiso.php?u=caa297fe47671dbb6c4ba4547ebef3a4a022cc91","::1");
INSERT INTO informe VALUES("9942","123456789","2015-10-07","13:04:15","82/1monterreynuevo/Modulos/principal/","::1");
INSERT INTO informe VALUES("9943","123456789","2015-10-07","13:04:16","82/1monterreynuevo/Modulos/modrestaurante/principal/","::1");
INSERT INTO informe VALUES("9944","123456789","2015-10-07","13:04:18","82/1monterreynuevo/Modulos/modrestaurante/insumos/grupo.php","::1");
INSERT INTO informe VALUES("9945","123456789","2015-10-07","13:10:40","82/1monterreynuevo/Modulos/modrestaurante/insumos/grupo.php","::1");
INSERT INTO informe VALUES("9946","123456789","2015-10-07","13:10:47","82/1monterreynuevo/Modulos/modrestaurante/insumos/grupo.php","::1");
INSERT INTO informe VALUES("9947","123456789","2015-10-07","13:10:59","82/1monterreynuevo/Modulos/modrestaurante/insumos/grupo.php","::1");
INSERT INTO informe VALUES("9948","123456789","2015-10-07","13:12:17","82/1monterreynuevo/Modulos/modrestaurante/insumos/grupo.php","::1");
INSERT INTO informe VALUES("9949","123456789","2015-10-07","13:12:31","82/1monterreynuevo/Modulos/modrestaurante/insumos/grupo.php","::1");
INSERT INTO informe VALUES("9950","123456789","2015-10-07","13:15:10","82/1monterreynuevo/Modulos/modrestaurante/insumos/grupo.php","::1");
INSERT INTO informe VALUES("9951","123456789","2015-10-07","13:16:47","82/1monterreynuevo/Modulos/modrestaurante/insumos/grupo.php","::1");
INSERT INTO informe VALUES("9952","123456789","2015-10-07","13:16:56","82/1monterreynuevo/Modulos/modrestaurante/insumos/grupo.php","::1");
INSERT INTO informe VALUES("9953","123456789","2015-10-07","13:18:00","82/1monterreynuevo/Modulos/modrestaurante/insumos/subgrupo.php","::1");
INSERT INTO informe VALUES("9954","123456789","2015-10-07","13:18:11","82/1monterreynuevo/Modulos/modrestaurante/insumos/subgrupo.php","::1");
INSERT INTO informe VALUES("9955","123456789","2015-10-07","13:18:16","82/1monterreynuevo/Modulos/modrestaurante/insumos/subgrupo.php","::1");
INSERT INTO informe VALUES("9956","123456789","2015-10-07","13:19:49","82/1monterreynuevo/Modulos/modrestaurante/insumos/familia.php","::1");
INSERT INTO informe VALUES("9957","123456789","2015-10-07","13:20:02","82/1monterreynuevo/Modulos/modrestaurante/insumos/familia.php","::1");
INSERT INTO informe VALUES("9958","123456789","2015-10-07","13:20:05","82/1monterreynuevo/Modulos/modrestaurante/insumos/familia.php","::1");
INSERT INTO informe VALUES("9959","123456789","2015-10-07","13:20:14","82/1monterreynuevo/Modulos/modrestaurante/insumos/admin.php","::1");
INSERT INTO informe VALUES("9960","123456789","2015-10-07","13:24:19","82/1monterreynuevo/Modulos/modrestaurante/insumos/admin.php","::1");
INSERT INTO informe VALUES("9961","123456789","2015-10-07","13:24:25","82/1monterreynuevo/Modulos/modrestaurante/insumos/medida.php","::1");
INSERT INTO informe VALUES("9962","123456789","2015-10-07","13:24:42","82/1monterreynuevo/Modulos/modrestaurante/insumos/medida.php","::1");
INSERT INTO informe VALUES("9963","123456789","2015-10-07","13:25:02","82/1monterreynuevo/Modulos/modrestaurante/insumos/medida.php","::1");
INSERT INTO informe VALUES("9964","123456789","2015-10-07","13:25:35","82/1monterreynuevo/Modulos/modrestaurante/insumos/medida.php","::1");
INSERT INTO informe VALUES("9965","123456789","2015-10-07","13:26:02","82/1monterreynuevo/Modulos/modrestaurante/insumos/familia.php","::1");
INSERT INTO informe VALUES("9966","123456789","2015-10-07","13:26:03","82/1monterreynuevo/Modulos/modrestaurante/insumos/subgrupo.php","::1");
INSERT INTO informe VALUES("9967","123456789","2015-10-07","13:26:03","82/1monterreynuevo/Modulos/modrestaurante/insumos/grupo.php","::1");
INSERT INTO informe VALUES("9968","123456789","2015-10-07","13:26:04","82/1monterreynuevo/Modulos/modrestaurante/insumos/subgrupo.php","::1");
INSERT INTO informe VALUES("9969","123456789","2015-10-07","13:26:05","82/1monterreynuevo/Modulos/modrestaurante/insumos/familia.php","::1");
INSERT INTO informe VALUES("9970","123456789","2015-10-07","13:26:06","82/1monterreynuevo/Modulos/modrestaurante/insumos/medida.php","::1");
INSERT INTO informe VALUES("9971","123456789","2015-10-07","13:33:49","82/1monterreynuevo/Modulos/modrestaurante/insumos/medida.php","::1");
INSERT INTO informe VALUES("9972","123456789","2015-10-07","13:33:53","82/1monterreynuevo/Modulos/modrestaurante/insumos/admin.php","::1");
INSERT INTO informe VALUES("9973","123456789","2015-10-07","13:34:06","82/1monterreynuevo/Modulos/modrestaurante/insumos/admin.php","::1");
INSERT INTO informe VALUES("9974","123456789","2015-10-07","13:39:59","82/1monterreynuevo/Modulos/modrestaurante/insumos/admin.php","::1");
INSERT INTO informe VALUES("9975","123456789","2015-10-07","13:42:56","82/1monterreynuevo/Modulos/modrestaurante/insumos/admin.php","::1");
INSERT INTO informe VALUES("9976","123456789","2015-10-07","13:43:17","82/1monterreynuevo/Modulos/modrestaurante/insumos/admin.php","::1");
INSERT INTO informe VALUES("9977","123456789","2015-10-07","13:45:20","82/1monterreynuevo/Modulos/modrestaurante/insumos/admin.php","::1");
INSERT INTO informe VALUES("9978","123456789","2015-10-07","13:45:25","82/1monterreynuevo/Modulos/modrestaurante/insumos/admin.php","::1");
INSERT INTO informe VALUES("9979","123456789","2015-10-07","13:45:45","82/1monterreynuevo/Modulos/modrestaurante/insumos/admin.php","::1");
INSERT INTO informe VALUES("9980","123456789","2015-10-07","20:05:20","82/1monterreynuevo/Modulos/principal/","::1");
INSERT INTO informe VALUES("9981","123456789","2015-10-07","20:06:48","82/1monterreynuevo/Modulos/modrestaurante/principal/","::1");
INSERT INTO informe VALUES("9982","123456789","2015-10-07","20:07:08","82/1monterreynuevo/Modulos/modrestaurante/insumos/admin.php","::1");
INSERT INTO informe VALUES("9983","123456789","2015-10-08","10:14:16","82/1monterreynuevo/Modulos/datos/factura_folio.php","::1");
INSERT INTO informe VALUES("9984","123456789","2015-10-08","11:46:40","82/1monterreynuevo/","::1");
INSERT INTO informe VALUES("9985","123456789","2015-10-08","11:47:33","82/1monterreynuevo/","::1");
INSERT INTO informe VALUES("9986","123456789","2015-10-08","11:47:35","82/1monterreynuevo/index.php","::1");
INSERT INTO informe VALUES("9987","123456789","2015-10-08","11:47:40","82/1monterreynuevo/index.php","::1");
INSERT INTO informe VALUES("9988","123456789","2015-10-08","11:47:42","82/1monterreynuevo/Modulos/principal/","::1");
INSERT INTO informe VALUES("9989","123456789","2015-10-08","11:49:25","82/1monterreynuevo/Modulos/modrestaurante/principal/","::1");
INSERT INTO informe VALUES("9990","123456789","2015-10-08","11:49:31","82/1monterreynuevo/Modulos/modrestaurante/insumos/admin.php","::1");
INSERT INTO informe VALUES("9991","123456789","2015-10-08","11:50:48","82/1monterreynuevo/Modulos/modrestaurante/insumos/admin.php","::1");
INSERT INTO informe VALUES("9992","123456789","2015-10-08","11:50:58","82/1monterreynuevo/Modulos/modrestaurante/insumos/admin.php","::1");
INSERT INTO informe VALUES("9993","123456789","2015-10-08","11:51:34","82/1monterreynuevo/Modulos/modrestaurante/insumos/admin.php","::1");
INSERT INTO informe VALUES("9994","123456789","2015-10-08","11:52:18","82/1monterreynuevo/Modulos/modrestaurante/insumos/admin.php","::1");
INSERT INTO informe VALUES("9995","123456789","2015-10-08","11:52:23","82/1monterreynuevo/Modulos/modrestaurante/insumos/admin.php","::1");
INSERT INTO informe VALUES("9996","123456789","2015-10-08","11:53:04","82/1monterreynuevo/Modulos/modrestaurante/insumos/admin.php","::1");
INSERT INTO informe VALUES("9997","123456789","2015-10-08","11:53:11","82/1monterreynuevo/Modulos/modrestaurante/insumos/admin.php","::1");
INSERT INTO informe VALUES("9998","123456789","2015-10-08","11:53:46","82/1monterreynuevo/Modulos/modrestaurante/insumos/admin.php","::1");
INSERT INTO informe VALUES("9999","123456789","2015-10-08","11:54:01","82/1monterreynuevo/Modulos/modrestaurante/insumos/admin.php","::1");
INSERT INTO informe VALUES("10000","123456789","2015-10-08","11:54:07","82/1monterreynuevo/Modulos/modrestaurante/insumos/admin.php","::1");
INSERT INTO informe VALUES("10001","123456789","2015-10-08","11:54:25","82/1monterreynuevo/Modulos/modrestaurante/insumos/admin.php","::1");
INSERT INTO informe VALUES("10002","123456789","2015-10-08","11:54:57","82/1monterreynuevo/Modulos/modrestaurante/insumos/admin.php","::1");
INSERT INTO informe VALUES("10003","123456789","2015-10-08","11:55:17","82/1monterreynuevo/Modulos/modrestaurante/insumos/admin.php","::1");
INSERT INTO informe VALUES("10004","123456789","2015-10-08","11:55:22","82/1monterreynuevo/Modulos/modrestaurante/insumos/admin.php","::1");
INSERT INTO informe VALUES("10005","123456789","2015-10-08","11:55:35","82/1monterreynuevo/Modulos/modrestaurante/insumos/admin.php","::1");
INSERT INTO informe VALUES("10006","123456789","2015-10-08","17:12:00","82/1monterreynuevo/","::1");
INSERT INTO informe VALUES("10007","123456789","2015-10-08","17:12:06","82/1monterreynuevo/","::1");
INSERT INTO informe VALUES("10008","123456789","2015-10-08","17:12:08","82/1monterreynuevo/Modulos/principal/","::1");
INSERT INTO informe VALUES("10009","123456789","2015-10-08","17:12:37","82/1monterreynuevo/Modulos/modrestaurante/principal/","::1");
INSERT INTO informe VALUES("10010","123456789","2015-10-08","17:13:35","82/1monterreynuevo/Modulos/principal/","::1");
INSERT INTO informe VALUES("10011","123456789","2015-10-08","17:13:40","82/1monterreynuevo/Modulos/usuario/consultar.php","::1");
INSERT INTO informe VALUES("10012","123456789","2015-10-08","17:13:41","82/1monterreynuevo/Modulos/usuario/permiso.php?u=caa297fe47671dbb6c4ba4547ebef3a4a022cc91","::1");
INSERT INTO informe VALUES("10013","123456789","2015-10-08","17:13:45","82/1monterreynuevo/Modulos/usuario/permiso.php?i=d14566c96df3cf0358095651ec5a752f19c869f9&u=caa297fe47671dbb6c4ba4547ebef3a4a022cc91","::1");
INSERT INTO informe VALUES("10014","123456789","2015-10-08","17:13:45","82/1monterreynuevo/Modulos/usuario/permiso.php?u=caa297fe47671dbb6c4ba4547ebef3a4a022cc91","::1");
INSERT INTO informe VALUES("10015","123456789","2015-10-08","17:13:46","82/1monterreynuevo/Modulos/principal/","::1");
INSERT INTO informe VALUES("10016","123456789","2015-10-08","17:13:47","82/1monterreynuevo/Modulos/modrestaurante/principal/","::1");
INSERT INTO informe VALUES("10017","123456789","2015-10-08","17:13:50","82/1monterreynuevo/Modulos/modrestaurante/insumos/contenido.php","::1");
INSERT INTO informe VALUES("10018","123456789","2015-10-08","17:14:10","82/1monterreynuevo/Modulos/modrestaurante/insumos/contenido.php","::1");
INSERT INTO informe VALUES("10019","123456789","2015-10-08","17:14:36","82/1monterreynuevo/Modulos/modrestaurante/insumos/contenido.php","::1");
INSERT INTO informe VALUES("10020","123456789","2015-10-08","17:16:28","82/1monterreynuevo/Modulos/modrestaurante/insumos/contenido.php","::1");
INSERT INTO informe VALUES("10021","123456789","2015-10-08","17:19:10","82/1monterreynuevo/Modulos/modrestaurante/insumos/contenido.php","::1");
INSERT INTO informe VALUES("10022","123456789","2015-10-08","17:28:22","82/1monterreynuevo/Modulos/modrestaurante/insumos/contenido.php","::1");
INSERT INTO informe VALUES("10023","123456789","2015-10-08","17:28:37","82/1monterreynuevo/Modulos/modrestaurante/insumos/contenido.php","::1");
INSERT INTO informe VALUES("10024","123456789","2015-10-09","09:34:29","82/1monterreynuevo/Modulos/modrestaurante/insumos/contenido.php","::1");
INSERT INTO informe VALUES("10025","123456789","2015-10-09","09:34:44","82/1monterreynuevo/Modulos/modrestaurante/insumos/contenido.php","::1");
INSERT INTO informe VALUES("10026","123456789","2015-10-09","09:35:34","82/1monterreynuevo/Modulos/modrestaurante/insumos/contenido.php","::1");
INSERT INTO informe VALUES("10027","123456789","2015-10-09","09:35:59","82/1monterreynuevo/Modulos/modrestaurante/insumos/contenido.php","::1");
INSERT INTO informe VALUES("10028","123456789","2015-10-09","09:36:03","82/1monterreynuevo/Modulos/modrestaurante/insumos/contenido.php","::1");
INSERT INTO informe VALUES("10029","123456789","2015-10-09","10:34:36","82/1monterreynuevo/Modulos/modrestaurante/insumos/contenido.php","::1");
INSERT INTO informe VALUES("10030","123456789","2015-10-09","10:37:04","82/1monterreynuevo/Modulos/modrestaurante/insumos/contenido.php","::1");
INSERT INTO informe VALUES("10031","123456789","2015-10-09","10:44:26","82/1monterreynuevo/Modulos/modrestaurante/insumos/contenido.php?cat=insumo+grupo&subcat=100&sucursal=1","::1");
INSERT INTO informe VALUES("10032","123456789","2015-10-09","10:45:30","82/1monterreynuevo/Modulos/modrestaurante/insumos/contenido.php?cat=insumo+grupo&subcat=100&sucursal=1","::1");
INSERT INTO informe VALUES("10033","123456789","2015-10-09","10:46:58","82/1monterreynuevo/Modulos/modrestaurante/insumos/contenido.php?cat=insumo+grupo&subcat=100&sucursal=1","::1");
INSERT INTO informe VALUES("10034","123456789","2015-10-09","10:47:48","82/1monterreynuevo/Modulos/modrestaurante/insumos/contenido.php?cat=insumo+grupo&subcat=100&sucursal=1","::1");
INSERT INTO informe VALUES("10035","123456789","2015-10-09","10:47:59","82/1monterreynuevo/Modulos/modrestaurante/insumos/contenido.php?cat=insumo+grupo&subcat=100&sucursal=1","::1");
INSERT INTO informe VALUES("10036","123456789","2015-10-09","10:48:12","82/1monterreynuevo/Modulos/modrestaurante/insumos/contenido.php?cat=insumo+grupo&subcat=100&sucursal=1","::1");
INSERT INTO informe VALUES("10037","123456789","2015-10-09","10:49:19","82/1monterreynuevo/Modulos/modrestaurante/insumos/contenido.php?cat=insumo+grupo&subcat=100&sucursal=1","::1");
INSERT INTO informe VALUES("10038","123456789","2015-10-09","10:49:53","82/1monterreynuevo/Modulos/modrestaurante/insumos/contenido.php?cat=insumo+grupo&subcat=100&sucursal=1","::1");
INSERT INTO informe VALUES("10039","123456789","2015-10-09","10:50:04","82/1monterreynuevo/Modulos/modrestaurante/insumos/contenido.php?cat=insumo+grupo&subcat=100&sucursal=1","::1");
INSERT INTO informe VALUES("10040","123456789","2015-10-09","10:52:02","82/1monterreynuevo/Modulos/modrestaurante/insumos/contenido.php?cat=insumo+grupo&subcat=100&sucursal=1","::1");
INSERT INTO informe VALUES("10041","123456789","2015-10-09","10:52:37","82/1monterreynuevo/Modulos/modrestaurante/insumos/contenido.php?cat=insumo+grupo&subcat=100&sucursal=1","::1");
INSERT INTO informe VALUES("10042","123456789","2015-10-09","10:52:53","82/1monterreynuevo/Modulos/modrestaurante/insumos/contenido.php?cat=insumo+grupo&subcat=100&sucursal=1","::1");
INSERT INTO informe VALUES("10043","123456789","2015-10-09","10:53:18","82/1monterreynuevo/Modulos/modrestaurante/insumos/contenido.php?cat=insumo+grupo&subcat=100&sucursal=1","::1");
INSERT INTO informe VALUES("10044","123456789","2015-10-09","10:55:01","82/1monterreynuevo/Modulos/modrestaurante/insumos/contenido.php?cat=insumo+grupo&subcat=100&sucursal=1","::1");
INSERT INTO informe VALUES("10045","123456789","2015-10-09","10:55:03","82/1monterreynuevo/Modulos/modrestaurante/insumos/contenido.php?cat=insumo+grupo&subcat=100&sucursal=1","::1");
INSERT INTO informe VALUES("10046","123456789","2015-10-09","10:55:12","82/1monterreynuevo/Modulos/modrestaurante/insumos/contenido.php","::1");
INSERT INTO informe VALUES("10047","123456789","2015-10-09","10:55:21","82/1monterreynuevo/Modulos/modrestaurante/insumos/contenido.php?cat=insumo+familia&subcat=102&sucursal=1","::1");
INSERT INTO informe VALUES("10048","123456789","2015-10-09","10:56:23","82/1monterreynuevo/Modulos/modrestaurante/insumos/contenido.php?cat=insumo+familia&subcat=102&sucursal=1","::1");
INSERT INTO informe VALUES("10049","123456789","2015-10-09","10:57:20","82/1monterreynuevo/Modulos/modrestaurante/insumos/contenido.php?cat=insumo+familia&subcat=102&sucursal=1","::1");
INSERT INTO informe VALUES("10050","123456789","2015-10-09","10:58:26","82/1monterreynuevo/Modulos/modrestaurante/insumos/contenido.php?cat=insumo+familia&subcat=102&sucursal=1","::1");
INSERT INTO informe VALUES("10051","123456789","2015-10-09","10:58:48","82/1monterreynuevo/Modulos/modrestaurante/insumos/contenido.php?cat=insumo+familia&subcat=102&sucursal=1","::1");
INSERT INTO informe VALUES("10052","123456789","2015-10-09","10:59:19","82/1monterreynuevo/Modulos/modrestaurante/insumos/contenido.php?cat=insumo+familia&subcat=102&sucursal=1","::1");
INSERT INTO informe VALUES("10053","123456789","2015-10-09","11:00:49","82/1monterreynuevo/Modulos/modrestaurante/insumos/contenido.php?cat=insumo+familia&subcat=102&sucursal=1","::1");
INSERT INTO informe VALUES("10054","123456789","2015-10-09","11:01:03","82/1monterreynuevo/Modulos/modrestaurante/insumos/contenido.php?cat=insumo+familia&subcat=102&sucursal=1","::1");
INSERT INTO informe VALUES("10055","123456789","2015-10-09","11:01:17","82/1monterreynuevo/Modulos/modrestaurante/insumos/contenido.php?cat=insumo+familia&subcat=102&sucursal=1","::1");
INSERT INTO informe VALUES("10056","123456789","2015-10-09","11:02:04","82/1monterreynuevo/Modulos/modrestaurante/insumos/contenido.php?cat=insumo+familia&subcat=102&sucursal=1","::1");
INSERT INTO informe VALUES("10057","123456789","2015-10-09","11:02:53","82/1monterreynuevo/Modulos/modrestaurante/insumos/contenido.php?cat=insumo+familia&subcat=102&sucursal=1","::1");
INSERT INTO informe VALUES("10058","123456789","2015-10-09","11:02:58","82/1monterreynuevo/Modulos/modrestaurante/insumos/contenido.php?cat=insumo+familia&subcat=102&sucursal=1","::1");
INSERT INTO informe VALUES("10059","123456789","2015-10-09","11:03:16","82/1monterreynuevo/Modulos/modrestaurante/insumos/contenido.php?cat=insumo+familia&subcat=102&sucursal=1","::1");
INSERT INTO informe VALUES("10060","123456789","2015-10-09","11:03:37","82/1monterreynuevo/Modulos/modrestaurante/insumos/contenido.php?cat=insumo+familia&subcat=102&sucursal=1","::1");
INSERT INTO informe VALUES("10061","123456789","2015-10-09","11:03:55","82/1monterreynuevo/Modulos/modrestaurante/insumos/contenido.php?cat=insumo+familia&subcat=102&sucursal=1","::1");
INSERT INTO informe VALUES("10062","123456789","2015-10-09","11:04:06","82/1monterreynuevo/Modulos/modrestaurante/insumos/contenido.php?cat=insumo+familia&subcat=102&sucursal=1","::1");
INSERT INTO informe VALUES("10063","123456789","2015-10-09","11:08:20","82/1monterreynuevo/Modulos/modrestaurante/insumos/contenido.php?cat=insumo+familia&subcat=102&sucursal=1","::1");
INSERT INTO informe VALUES("10064","123456789","2015-10-09","11:08:32","82/1monterreynuevo/Modulos/modrestaurante/insumos/contenido.php?cat=insumo+familia&subcat=102&sucursal=1","::1");
INSERT INTO informe VALUES("10065","123456789","2015-10-09","11:08:48","82/1monterreynuevo/Modulos/modrestaurante/insumos/contenido.php?cat=insumo+familia&subcat=102&sucursal=1","::1");
INSERT INTO informe VALUES("10066","123456789","2015-10-09","11:18:27","82/1monterreynuevo/Modulos/modrestaurante/insumos/contenido.php?cat=insumo+familia&subcat=102&sucursal=1","::1");
INSERT INTO informe VALUES("10067","123456789","2015-10-09","11:18:56","82/1monterreynuevo/Modulos/modrestaurante/insumos/contenido.php?cat=insumo+familia&subcat=102&sucursal=1","::1");
INSERT INTO informe VALUES("10068","123456789","2015-10-09","11:35:08","82/1monterreynuevo/Modulos/modrestaurante/insumos/contenido.php?cat=insumo+familia&subcat=102&sucursal=1","::1");
INSERT INTO informe VALUES("10069","123456789","2015-10-09","11:41:12","82/1monterreynuevo/Modulos/modrestaurante/insumos/contenido.php?cat=insumo+familia&subcat=102&sucursal=1","::1");
INSERT INTO informe VALUES("10070","123456789","2015-10-09","11:42:49","82/1monterreynuevo/Modulos/modrestaurante/insumos/contenido.php?cat=insumo+familia&subcat=102&sucursal=1","::1");
INSERT INTO informe VALUES("10071","123456789","2015-10-09","11:43:12","82/1monterreynuevo/Modulos/modrestaurante/insumos/contenido.php?cat=insumo+familia&subcat=102&sucursal=1","::1");
INSERT INTO informe VALUES("10072","123456789","2015-10-09","11:43:56","82/1monterreynuevo/Modulos/modrestaurante/insumos/contenido.php?cat=insumo+familia&subcat=102&sucursal=1","::1");
INSERT INTO informe VALUES("10073","123456789","2015-10-09","11:57:56","82/1monterreynuevo/Modulos/modrestaurante/insumos/contenido.php?cat=insumo+familia&subcat=102&sucursal=t","::1");
INSERT INTO informe VALUES("10074","123456789","2015-10-09","12:03:36","82/1monterreynuevo/Modulos/modrestaurante/insumos/contenido.php?cat=insumo+familia&subcat=102&sucursal=t","::1");
INSERT INTO informe VALUES("10075","123456789","2015-10-09","12:03:43","82/1monterreynuevo/Modulos/modrestaurante/insumos/contenido.php?cat=insumo+familia&subcat=102&sucursal=t","::1");
INSERT INTO informe VALUES("10076","123456789","2015-10-09","12:03:54","82/1monterreynuevo/Modulos/modrestaurante/insumos/contenido.php?cat=insumo+familia&subcat=102&sucursal=t","::1");
INSERT INTO informe VALUES("10077","123456789","2015-10-09","12:05:19","82/1monterreynuevo/Modulos/modrestaurante/insumos/contenido.php?cat=insumo+familia&subcat=102&sucursal=t","::1");
INSERT INTO informe VALUES("10078","123456789","2015-10-09","12:05:29","82/1monterreynuevo/Modulos/modrestaurante/insumos/contenido.php?cat=insumo+familia&subcat=102&sucursal=t","::1");
INSERT INTO informe VALUES("10079","123456789","2015-10-09","12:05:35","82/1monterreynuevo/Modulos/modrestaurante/insumos/contenido.php?cat=insumo+familia&subcat=102&sucursal=t","::1");
INSERT INTO informe VALUES("10080","123456789","2015-10-09","12:17:39","82/1monterreynuevo/Modulos/modrestaurante/insumos/contenido.php?cat=insumo+familia&subcat=102&sucursal=t","::1");
INSERT INTO informe VALUES("10081","123456789","2015-10-09","12:17:59","82/1monterreynuevo/Modulos/modrestaurante/insumos/contenido.php?cat=insumo+familia&subcat=102&sucursal=t","::1");
INSERT INTO informe VALUES("10082","123456789","2015-10-09","12:18:12","82/1monterreynuevo/Modulos/modrestaurante/insumos/contenido.php?cat=insumo+familia&subcat=102&sucursal=t","::1");
INSERT INTO informe VALUES("10083","123456789","2015-10-09","12:18:32","82/1monterreynuevo/Modulos/modrestaurante/insumos/contenido.php?cat=insumo+familia&subcat=102&sucursal=t","::1");
INSERT INTO informe VALUES("10084","123456789","2015-10-09","14:36:16","82/1monterreynuevo/Modulos/modrestaurante/insumos/contenido_imp.php?subcat=102&cat=insumo%20familia&sucursal=t","::1");
INSERT INTO informe VALUES("10085","123456789","2015-10-09","14:37:22","82/1monterreynuevo/Modulos/modrestaurante/insumos/contenido_imp.php?subcat=102&cat=insumo%20familia&sucursal=t","::1");
INSERT INTO informe VALUES("10086","123456789","2015-10-10","09:41:46","82/1monterreynuevo/","::1");
INSERT INTO informe VALUES("10087","123456789","2015-10-10","09:42:20","82/1monterreynuevo/","::1");
INSERT INTO informe VALUES("10088","123456789","2015-10-10","09:42:24","82/1monterreynuevo/index.php","::1");
INSERT INTO informe VALUES("10089","123456789","2015-10-10","09:42:34","82/1monterreynuevo/index.php","::1");
INSERT INTO informe VALUES("10090","123456789","2015-10-10","09:42:37","82/1monterreynuevo/Modulos/principal/","::1");
INSERT INTO informe VALUES("10091","123456789","2015-10-10","09:48:51","82/1monterreynuevo/Modulos/usuario/consultar.php","::1");
INSERT INTO informe VALUES("10092","123456789","2015-10-10","09:48:54","82/1monterreynuevo/Modulos/usuario/permiso.php?u=caa297fe47671dbb6c4ba4547ebef3a4a022cc91","::1");
INSERT INTO informe VALUES("10093","123456789","2015-10-10","09:49:00","82/1monterreynuevo/Modulos/usuario/permiso.php?i=c10410d04cb9ccfca38421afad91d32672dcb379&u=caa297fe47671dbb6c4ba4547ebef3a4a022cc91","::1");
INSERT INTO informe VALUES("10094","123456789","2015-10-10","09:49:01","82/1monterreynuevo/Modulos/usuario/permiso.php?u=caa297fe47671dbb6c4ba4547ebef3a4a022cc91","::1");
INSERT INTO informe VALUES("10095","123456789","2015-10-10","09:49:04","82/1monterreynuevo/Modulos/usuario/permiso.php?i=aa899ab7d2c0817f24b10b2ad6243da99ef4dbf8&u=caa297fe47671dbb6c4ba4547ebef3a4a022cc91","::1");
INSERT INTO informe VALUES("10096","123456789","2015-10-10","09:49:04","82/1monterreynuevo/Modulos/usuario/permiso.php?u=caa297fe47671dbb6c4ba4547ebef3a4a022cc91","::1");
INSERT INTO informe VALUES("10097","123456789","2015-10-10","09:50:24","82/1monterreynuevo/Modulos/principal/","::1");
INSERT INTO informe VALUES("10098","123456789","2015-10-10","09:50:25","82/1monterreynuevo/Modulos/principal/","::1");
INSERT INTO informe VALUES("10099","123456789","2015-10-10","09:50:30","82/1monterreynuevo/Modulos/servicios/admin.php","::1");
INSERT INTO informe VALUES("10100","123456789","2015-10-10","10:22:02","82/1monterreynuevo/Modulos/servicios/admin.php","::1");
INSERT INTO informe VALUES("10101","123456789","2015-10-10","10:22:36","82/1monterreynuevo/Modulos/servicios/admin.php","::1");
INSERT INTO informe VALUES("10102","123456789","2015-10-10","10:22:54","82/1monterreynuevo/Modulos/servicios/admin.php","::1");
INSERT INTO informe VALUES("10103","123456789","2015-10-10","10:23:06","82/1monterreynuevo/Modulos/servicios/admin.php","::1");
INSERT INTO informe VALUES("10104","123456789","2015-10-10","10:23:11","82/1monterreynuevo/Modulos/usuario/consultar.php","::1");
INSERT INTO informe VALUES("10105","123456789","2015-10-10","10:23:13","82/1monterreynuevo/Modulos/usuario/permiso.php?u=caa297fe47671dbb6c4ba4547ebef3a4a022cc91","::1");
INSERT INTO informe VALUES("10106","123456789","2015-10-10","10:25:59","82/1monterreynuevo/Modulos/usuario/permiso.php?i=dc91ad06675dcc67e49ce2fa8f2c7f66b2d9a286&u=caa297fe47671dbb6c4ba4547ebef3a4a022cc91","::1");
INSERT INTO informe VALUES("10107","123456789","2015-10-10","10:25:59","82/1monterreynuevo/Modulos/usuario/permiso.php?u=caa297fe47671dbb6c4ba4547ebef3a4a022cc91","::1");
INSERT INTO informe VALUES("10108","123456789","2015-10-10","10:26:01","82/1monterreynuevo/Modulos/servicios/admin.php","::1");
INSERT INTO informe VALUES("10109","123456789","2015-10-10","10:27:04","82/1monterreynuevo/Modulos/servicios/admin.php","::1");
INSERT INTO informe VALUES("10110","123456789","2015-10-10","10:27:27","82/1monterreynuevo/Modulos/servicios/admin.php","::1");
INSERT INTO informe VALUES("10111","123456789","2015-10-10","10:28:29","82/1monterreynuevo/Modulos/servicios/admin.php","::1");
INSERT INTO informe VALUES("10112","123456789","2015-10-10","10:28:51","82/1monterreynuevo/Modulos/servicios/familia.php","::1");
INSERT INTO informe VALUES("10113","123456789","2015-10-10","10:29:51","82/1monterreynuevo/Modulos/servicios/familia.php","::1");
INSERT INTO informe VALUES("10114","123456789","2015-10-10","10:29:57","82/1monterreynuevo/Modulos/servicios/familia.php","::1");
INSERT INTO informe VALUES("10115","123456789","2015-10-10","10:29:59","82/1monterreynuevo/Modulos/servicios/grupo.php","::1");
INSERT INTO informe VALUES("10116","123456789","2015-10-10","10:30:12","82/1monterreynuevo/Modulos/servicios/grupo.php","::1");
INSERT INTO informe VALUES("10117","123456789","2015-10-10","10:30:19","82/1monterreynuevo/Modulos/servicios/grupo.php","::1");
INSERT INTO informe VALUES("10118","123456789","2015-10-10","10:30:21","82/1monterreynuevo/Modulos/servicios/subgrupo.php","::1");
INSERT INTO informe VALUES("10119","123456789","2015-10-10","10:30:30","82/1monterreynuevo/Modulos/servicios/subgrupo.php","::1");
INSERT INTO informe VALUES("10120","123456789","2015-10-10","10:30:39","82/1monterreynuevo/Modulos/servicios/subgrupo.php","::1");
INSERT INTO informe VALUES("10121","123456789","2015-10-10","10:30:42","82/1monterreynuevo/Modulos/servicios/admin.php","::1");
INSERT INTO informe VALUES("10122","123456789","2015-10-10","10:44:47","82/1monterreynuevo/index.php","::1");
INSERT INTO informe VALUES("10123","123456789","2015-10-10","10:44:53","82/1monterreynuevo/index.php","::1");
INSERT INTO informe VALUES("10124","123456789","2015-10-10","10:44:56","82/1monterreynuevo/Modulos/principal/","::1");
INSERT INTO informe VALUES("10125","123456789","2015-10-10","10:48:21","82/1monterreynuevo/Modulos/servicios/admin.php","::1");
INSERT INTO informe VALUES("10126","123456789","2015-10-10","10:48:40","82/1monterreynuevo/Modulos/servicios/admin.php","::1");
INSERT INTO informe VALUES("10127","123456789","2015-10-10","10:48:43","82/1monterreynuevo/Modulos/servicios/admin.php","::1");
INSERT INTO informe VALUES("10128","123456789","2015-10-10","10:57:20","82/1monterreynuevo/Modulos/servicios/consultar.php","::1");
INSERT INTO informe VALUES("10129","123456789","2015-10-10","10:57:23","82/1monterreynuevo/Modulos/servicios/admin.php?i=bd6d0b5a4898f1ee17a7f79315515e76dfd80b86","::1");
INSERT INTO informe VALUES("10130","123456789","2015-10-10","10:58:57","82/1monterreynuevo/Modulos/servicios/admin.php?i=bd6d0b5a4898f1ee17a7f79315515e76dfd80b86","::1");
INSERT INTO informe VALUES("10131","123456789","2015-10-10","10:58:59","82/1monterreynuevo/Modulos/servicios/admin.php","::1");
INSERT INTO informe VALUES("10132","123456789","2015-10-10","10:58:59","82/1monterreynuevo/Modulos/servicios/admin.php","::1");
INSERT INTO informe VALUES("10133","123456789","2015-10-10","11:07:53","82/1monterreynuevo/Modulos/servicios/admin.php","::1");
INSERT INTO informe VALUES("10134","123456789","2015-10-10","11:08:03","82/1monterreynuevo/Modulos/servicios/desactivados.php","::1");
INSERT INTO informe VALUES("10135","123456789","2015-10-10","11:08:05","82/1monterreynuevo/Modulos/servicios/admin.php","::1");
INSERT INTO informe VALUES("10136","123456789","2015-10-10","11:08:29","82/1monterreynuevo/Modulos/servicios/admin.php","::1");
INSERT INTO informe VALUES("10137","123456789","2015-10-10","11:08:33","82/1monterreynuevo/Modulos/servicios/desactivados.php","::1");
INSERT INTO informe VALUES("10138","123456789","2015-10-10","11:11:28","82/1monterreynuevo/Modulos/servicios/desactivados.php","::1");
INSERT INTO informe VALUES("10139","123456789","2015-10-10","11:11:38","82/1monterreynuevo/Modulos/servicios/desactivados.php","::1");
INSERT INTO informe VALUES("10140","123456789","2015-10-10","11:43:53","82/1monterreynuevo/Modulos/reportes/clie_activo.php","::1");
INSERT INTO informe VALUES("10141","123456789","2015-10-10","11:43:58","82/1monterreynuevo/Modulos/reportes/clie_activo.php?fechai=2014-10-10&fechaf=2015-10-10&reg=10","::1");
INSERT INTO informe VALUES("10142","123456789","2015-10-10","12:14:46","82/1monterreynuevo/Modulos/financiero/sscuenta.php","::1");
INSERT INTO informe VALUES("10143","123456789","2015-10-10","12:15:05","82/1monterreynuevo/Modulos/financiero/scuenta.php","::1");
INSERT INTO informe VALUES("10144","123456789","2015-10-10","12:15:10","82/1monterreynuevo/Modulos/financiero/sscuenta.php","::1");
INSERT INTO informe VALUES("10145","123456789","2015-10-10","12:15:41","82/1monterreynuevo/Modulos/financiero/sscuenta.php","::1");
INSERT INTO informe VALUES("10146","123456789","2015-10-10","12:15:49","82/1monterreynuevo/Modulos/financiero/sscuenta.php?fechai=2015-10-10&fechaf=2015-10-10&cuenta=2&subcuenta=1","::1");
INSERT INTO informe VALUES("10147","123456789","2015-10-10","12:16:19","82/1monterreynuevo/Modulos/financiero/scuenta.php","::1");
INSERT INTO informe VALUES("10148","123456789","2015-10-10","12:16:29","82/1monterreynuevo/Modulos/financiero/scuenta.php","::1");
INSERT INTO informe VALUES("10149","123456789","2015-10-11","00:05:00","82/1monterreynuevo/","::1");
INSERT INTO informe VALUES("10150","123456789","2015-10-11","00:05:26","82/1monterreynuevo/","::1");
INSERT INTO informe VALUES("10151","123456789","2015-10-11","00:06:45","82/1monterreynuevo/index.php","::1");
INSERT INTO informe VALUES("10152","123456789","2015-10-11","00:06:56","82/1monterreynuevo/index.php","::1");
INSERT INTO informe VALUES("10153","123456789","2015-10-11","00:06:59","82/1monterreynuevo/Modulos/principal/","::1");
INSERT INTO informe VALUES("10154","123456789","2015-10-11","00:07:48","82/1monterreynuevo/Modulos/principal/admin_BD.php","::1");
INSERT INTO informe VALUES("10155","123456789","2015-10-11","00:07:50","82/1monterreynuevo/Modulos/principal/actualizar.php","::1");
INSERT INTO informe VALUES("10156","123456789","2015-10-11","00:07:52","82/1monterreynuevo/Modulos/principal/actualizar.php","::1");
INSERT INTO informe VALUES("10157","123456789","2015-10-11","20:59:31","82/1monterreynuevo/","::1");
INSERT INTO informe VALUES("10158","123456789","2015-10-11","21:00:13","82/1monterreynuevo/","::1");
INSERT INTO informe VALUES("10159","123456789","2015-10-11","21:00:16","82/1monterreynuevo/Modulos/principal/","::1");
INSERT INTO informe VALUES("10160","123456789","2015-10-11","21:05:59","82/1monterreynuevo/Modulos/reportes/prod_venta.php","::1");
INSERT INTO informe VALUES("10161","123456789","2015-10-11","21:06:06","82/1monterreynuevo/Modulos/bodega/list_trans.php","::1");
INSERT INTO informe VALUES("10162","123456789","2015-10-11","21:06:15","82/1monterreynuevo/Modulos/bodega/baja.php","::1");
INSERT INTO informe VALUES("10163","123456789","2015-10-11","21:06:26","82/1monterreynuevo/Modulos/bodega/mm.php","::1");
INSERT INTO informe VALUES("10164","123456789","2015-10-11","21:17:36","82/1monterreynuevo/Modulos/usuario/consultar.php","::1");
INSERT INTO informe VALUES("10165","123456789","2015-10-11","21:17:39","82/1monterreynuevo/Modulos/usuario/permiso.php?u=caa297fe47671dbb6c4ba4547ebef3a4a022cc91","::1");
INSERT INTO informe VALUES("10166","123456789","2015-10-11","21:17:45","82/1monterreynuevo/Modulos/usuario/permiso.php?i=0432294dfa38b0dd2d03c1c2ddfc2c0ac4771d6b&u=caa297fe47671dbb6c4ba4547ebef3a4a022cc91","::1");
INSERT INTO informe VALUES("10167","123456789","2015-10-11","21:17:46","82/1monterreynuevo/Modulos/usuario/permiso.php?u=caa297fe47671dbb6c4ba4547ebef3a4a022cc91","::1");
INSERT INTO informe VALUES("10168","123456789","2015-10-11","21:17:51","82/1monterreynuevo/Modulos/reportes/existencia.php","::1");
INSERT INTO informe VALUES("10169","123456789","2015-10-11","21:17:53","82/1monterreynuevo/Modulos/usuario/permiso.php?u=caa297fe47671dbb6c4ba4547ebef3a4a022cc91","::1");
INSERT INTO informe VALUES("10170","123456789","2015-10-11","21:19:37","82/1monterreynuevo/Modulos/usuario/permiso.php?u=caa297fe47671dbb6c4ba4547ebef3a4a022cc91","::1");
INSERT INTO informe VALUES("10171","123456789","2015-10-11","21:23:56","82/1monterreynuevo/Modulos/reportes/existencia.php","::1");
INSERT INTO informe VALUES("10172","123456789","2015-10-11","21:25:33","82/1monterreynuevo/Modulos/reportes/existencia.php","::1");
INSERT INTO informe VALUES("10173","123456789","2015-10-11","21:25:47","82/1monterreynuevo/Modulos/reportes/existencia.php","::1");
INSERT INTO informe VALUES("10174","123456789","2015-10-11","21:26:45","82/1monterreynuevo/Modulos/reportes/existencia.php","::1");
INSERT INTO informe VALUES("10175","123456789","2015-10-11","21:26:48","82/1monterreynuevo/Modulos/bodega/existencia.php","::1");
INSERT INTO informe VALUES("10176","123456789","2015-10-11","21:26:52","82/1monterreynuevo/Modulos/bodega/existencia.php?refe=subgrupo&subrefe=5","::1");
INSERT INTO informe VALUES("10177","123456789","2015-10-11","21:27:16","82/1monterreynuevo/Modulos/bodega/existencia.php?refe=subgrupo&subrefe=5","::1");
INSERT INTO informe VALUES("10178","123456789","2015-10-11","21:27:41","82/1monterreynuevo/Modulos/bodega/existencia.php?refe=subgrupo&subrefe=5","::1");
INSERT INTO informe VALUES("10179","123456789","2015-10-11","21:28:18","82/1monterreynuevo/Modulos/bodega/existencia.php?refe=subgrupo&subrefe=5","::1");
INSERT INTO informe VALUES("10180","123456789","2015-10-11","21:29:01","82/1monterreynuevo/Modulos/bodega/existencia.php?refe=subgrupo&subrefe=5","::1");
INSERT INTO informe VALUES("10181","123456789","2015-10-11","21:29:16","82/1monterreynuevo/Modulos/bodega/existencia.php","::1");
INSERT INTO informe VALUES("10182","123456789","2015-10-11","21:29:23","82/1monterreynuevo/Modulos/bodega/existencia.php?refe=subgrupo&subrefe=5","::1");
INSERT INTO informe VALUES("10183","123456789","2015-10-11","21:30:29","82/1monterreynuevo/Modulos/venta/","::1");
INSERT INTO informe VALUES("10184","123456789","2015-10-11","21:30:31","82/1monterreynuevo/Modulos/venta/venta.php","::1");
INSERT INTO informe VALUES("10185","123456789","2015-10-11","21:30:34","82/1monterreynuevo/Modulos/venta/venta.php","::1");
INSERT INTO informe VALUES("10186","123456789","2015-10-11","21:31:22","82/1monterreynuevo/Modulos/principal/","::1");
INSERT INTO informe VALUES("10187","123456789","2015-10-11","21:31:25","82/1monterreynuevo/Modulos/bodega/existencia.php","::1");
INSERT INTO informe VALUES("10188","123456789","2015-10-11","21:31:28","82/1monterreynuevo/Modulos/bodega/existencia.php?refe=grupo&subrefe=16","::1");
INSERT INTO informe VALUES("10189","123456789","2015-10-11","21:31:29","82/1monterreynuevo/Modulos/bodega/existencia.php?refe=grupo&subrefe=16","::1");
INSERT INTO informe VALUES("10190","123456789","2015-10-11","21:31:45","82/1monterreynuevo/Modulos/venta/","::1");
INSERT INTO informe VALUES("10191","123456789","2015-10-11","21:31:57","82/1monterreynuevo/Modulos/venta/venta.php","::1");
INSERT INTO informe VALUES("10192","123456789","2015-10-11","21:31:57","82/1monterreynuevo/Modulos/venta/venta.php","::1");
INSERT INTO informe VALUES("10193","123456789","2015-10-11","21:32:44","82/1monterreynuevo/Modulos/venta/venta.php?r=6a1ae6807bce538d8b1e08dc07e86742c1387c2d","::1");
INSERT INTO informe VALUES("10194","123456789","2015-10-11","21:32:45","82/1monterreynuevo/Modulos/venta/venta.php","::1");
INSERT INTO informe VALUES("10195","123456789","2015-10-11","21:32:54","82/1monterreynuevo/Modulos/principal/","::1");
INSERT INTO informe VALUES("10196","123456789","2015-10-11","21:33:13","82/1monterreynuevo/Modulos/bodega/existencia.php","::1");
INSERT INTO informe VALUES("10197","123456789","2015-10-11","21:33:15","82/1monterreynuevo/Modulos/bodega/existencia.php?refe=grupo&subrefe=16","::1");
INSERT INTO informe VALUES("10198","123456789","2015-10-11","21:34:08","82/1monterreynuevo/Modulos/venta/","::1");
INSERT INTO informe VALUES("10199","123456789","2015-10-11","21:34:10","82/1monterreynuevo/Modulos/venta/venta.php","::1");
INSERT INTO informe VALUES("10200","123456789","2015-10-11","21:34:10","82/1monterreynuevo/Modulos/venta/venta.php","::1");
INSERT INTO informe VALUES("10201","123456789","2015-10-11","21:34:12","82/1monterreynuevo/Modulos/venta/venta.php?i=70be2debd6b25b2333c3ea67069374ab613375f2","::1");
INSERT INTO informe VALUES("10202","123456789","2015-10-11","21:35:42","82/1monterreynuevo/Modulos/venta/venta.php?i=70be2debd6b25b2333c3ea67069374ab613375f2","::1");
INSERT INTO informe VALUES("10203","123456789","2015-10-11","21:36:48","82/1monterreynuevo/Modulos/venta/venta.php?i=70be2debd6b25b2333c3ea67069374ab613375f2","::1");
INSERT INTO informe VALUES("10204","123456789","2015-10-11","21:36:55","82/1monterreynuevo/Modulos/principal/","::1");
INSERT INTO informe VALUES("10205","123456789","2015-10-11","21:37:08","82/1monterreynuevo/Modulos/venta/","::1");
INSERT INTO informe VALUES("10206","123456789","2015-10-11","21:37:13","82/1monterreynuevo/Modulos/venta/venta.php","::1");
INSERT INTO informe VALUES("10207","123456789","2015-10-11","21:37:13","82/1monterreynuevo/Modulos/venta/venta.php","::1");
INSERT INTO informe VALUES("10208","123456789","2015-10-11","21:37:29","82/1monterreynuevo/Modulos/principal/","::1");
INSERT INTO informe VALUES("10209","123456789","2015-10-11","21:37:33","82/1monterreynuevo/Modulos/venta/","::1");
INSERT INTO informe VALUES("10210","123456789","2015-10-11","21:37:36","82/1monterreynuevo/Modulos/venta/venta.php","::1");
INSERT INTO informe VALUES("10211","123456789","2015-10-11","21:37:36","82/1monterreynuevo/Modulos/venta/venta.php","::1");
INSERT INTO informe VALUES("10212","123456789","2015-10-11","21:37:39","82/1monterreynuevo/Modulos/venta/venta.php?i=70be2debd6b25b2333c3ea67069374ab613375f2","::1");
INSERT INTO informe VALUES("10213","123456789","2015-10-11","21:39:01","82/1monterreynuevo/Modulos/principal/","::1");
INSERT INTO informe VALUES("10214","123456789","2015-10-11","21:39:38","82/1monterreynuevo/Modulos/venta/","::1");
INSERT INTO informe VALUES("10215","123456789","2015-10-11","21:39:39","82/1monterreynuevo/Modulos/venta/venta.php","::1");
INSERT INTO informe VALUES("10216","123456789","2015-10-11","21:39:39","82/1monterreynuevo/Modulos/venta/venta.php","::1");
INSERT INTO informe VALUES("10217","123456789","2015-10-11","21:39:41","82/1monterreynuevo/Modulos/venta/venta.php","::1");
INSERT INTO informe VALUES("10218","123456789","2015-10-11","21:39:43","82/1monterreynuevo/Modulos/venta/venta.php","::1");
INSERT INTO informe VALUES("10219","123456789","2015-10-11","21:39:56","82/1monterreynuevo/Modulos/venta/venta.php?i=70be2debd6b25b2333c3ea67069374ab613375f2","::1");
INSERT INTO informe VALUES("10220","123456789","2015-10-11","21:43:42","82/1monterreynuevo/Modulos/bodega/existencia.php","::1");
INSERT INTO informe VALUES("10221","123456789","2015-10-11","21:44:55","82/1monterreynuevo/Modulos/principal/","::1");
INSERT INTO informe VALUES("10222","123456789","2015-10-11","21:45:21","82/1monterreynuevo/Modulos/bodega/existencia.php","::1");
INSERT INTO informe VALUES("10223","123456789","2015-10-11","21:45:39","82/1monterreynuevo/Modulos/venta/","::1");
INSERT INTO informe VALUES("10224","123456789","2015-10-11","21:45:40","82/1monterreynuevo/Modulos/venta/venta.php","::1");
INSERT INTO informe VALUES("10225","123456789","2015-10-11","21:45:40","82/1monterreynuevo/Modulos/venta/venta.php","::1");
INSERT INTO informe VALUES("10226","123456789","2015-10-11","21:46:10","82/1monterreynuevo/Modulos/venta/venta.php?i=70be2debd6b25b2333c3ea67069374ab613375f2","::1");
INSERT INTO informe VALUES("10227","123456789","2015-10-11","21:46:38","82/1monterreynuevo/Modulos/venta/venta.php","::1");
INSERT INTO informe VALUES("10228","123456789","2015-10-11","21:47:37","82/1monterreynuevo/Modulos/venta/venta.php?i=70be2debd6b25b2333c3ea67069374ab613375f2","::1");
INSERT INTO informe VALUES("10229","123456789","2015-10-11","21:48:04","82/1monterreynuevo/Modulos/venta/venta.php","::1");
INSERT INTO informe VALUES("10230","123456789","2015-10-11","21:48:30","82/1monterreynuevo/Modulos/venta/venta.php?i=70be2debd6b25b2333c3ea67069374ab613375f2","::1");
INSERT INTO informe VALUES("10231","123456789","2015-10-11","21:48:38","82/1monterreynuevo/Modulos/bodega/existencia.php","::1");
INSERT INTO informe VALUES("10232","123456789","2015-10-11","21:48:44","82/1monterreynuevo/Modulos/principal/","::1");
INSERT INTO informe VALUES("10233","123456789","2015-10-11","21:48:46","82/1monterreynuevo/Modulos/modrestaurante/principal/","::1");
INSERT INTO informe VALUES("10234","123456789","2015-10-11","21:48:48","82/1monterreynuevo/Modulos/principal/","::1");
INSERT INTO informe VALUES("10235","123456789","2015-10-11","21:48:48","82/1monterreynuevo/Modulos/modvehiculo/principal/","::1");
INSERT INTO informe VALUES("10236","123456789","2015-10-11","21:48:52","82/1monterreynuevo/Modulos/bodega/existencia.php?refe=subgrupo&subrefe=5","::1");
INSERT INTO informe VALUES("10237","123456789","2015-10-11","21:48:57","82/1monterreynuevo/Modulos/principal/","::1");
INSERT INTO informe VALUES("10238","123456789","2015-10-11","21:50:30","82/1monterreynuevo/Modulos/usuario/consultar.php","::1");
INSERT INTO informe VALUES("10239","123456789","2015-10-11","21:50:32","82/1monterreynuevo/Modulos/usuario/permiso.php?u=caa297fe47671dbb6c4ba4547ebef3a4a022cc91","::1");
INSERT INTO informe VALUES("10240","123456789","2015-10-11","21:50:50","82/1monterreynuevo/Modulos/financiero/sscuenta.php","::1");
INSERT INTO informe VALUES("10241","123456789","2015-10-11","21:51:30","82/1monterreynuevo/Modulos/bodega/existencia.php?refe=grupo&subrefe=4","::1");
INSERT INTO informe VALUES("10242","123456789","2015-10-11","21:51:46","82/1monterreynuevo/Modulos/financiero/sscuenta.php","::1");
INSERT INTO informe VALUES("10243","123456789","2015-10-11","21:52:59","82/1monterreynuevo/Modulos/venta/","::1");
INSERT INTO informe VALUES("10244","123456789","2015-10-11","21:53:01","82/1monterreynuevo/Modulos/venta/venta.php","::1");
INSERT INTO informe VALUES("10245","123456789","2015-10-11","21:53:01","82/1monterreynuevo/Modulos/venta/venta.php","::1");
INSERT INTO informe VALUES("10246","123456789","2015-10-11","21:53:06","82/1monterreynuevo/Modulos/venta/venta.php","::1");
INSERT INTO informe VALUES("10247","123456789","2015-10-11","21:54:12","82/1monterreynuevo/Modulos/venta/venta.php","::1");
INSERT INTO informe VALUES("10248","123456789","2015-10-11","21:54:22","82/1monterreynuevo/Modulos/venta/venta.php","::1");
INSERT INTO informe VALUES("10249","123456789","2015-10-11","21:54:42","82/1monterreynuevo/Modulos/venta/venta.php","::1");
INSERT INTO informe VALUES("10250","123456789","2015-10-11","21:54:58","82/1monterreynuevo/Modulos/venta/facturar.php","::1");
INSERT INTO informe VALUES("10251","123456789","2015-10-11","21:55:11","82/1monterreynuevo/Modulos/principal/","::1");
INSERT INTO informe VALUES("10252","123456789","2015-10-11","21:56:55","82/1monterreynuevo/Modulos/principal/","::1");
INSERT INTO informe VALUES("10253","123456789","2015-10-11","21:56:59","82/1monterreynuevo/Modulos/modrestaurante/principal/","::1");
INSERT INTO informe VALUES("10254","123456789","2015-10-11","21:57:53","82/1monterreynuevo/Modulos/servicios/consultar.php","::1");
INSERT INTO informe VALUES("10255","123456789","2015-10-11","21:57:58","82/1monterreynuevo/Modulos/servicios/admin.php","::1");
INSERT INTO informe VALUES("10256","123456789","2015-10-11","21:58:10","82/1monterreynuevo/Modulos/principal/","::1");
INSERT INTO informe VALUES("10257","123456789","2015-10-11","21:58:13","82/1monterreynuevo/Modulos/modrestaurante/principal/","::1");
INSERT INTO informe VALUES("10258","123456789","2015-10-11","21:58:14","82/1monterreynuevo/Modulos/principal/","::1");
INSERT INTO informe VALUES("10259","123456789","2015-10-11","21:58:15","82/1monterreynuevo/Modulos/modrestaurante/principal/","::1");
INSERT INTO informe VALUES("10260","123456789","2015-10-11","21:58:24","82/1monterreynuevo/Modulos/modrestaurante/insumos/admin.php","::1");
INSERT INTO informe VALUES("10261","123456789","2015-10-11","22:19:16","82/1monterreynuevo/Modulos/modrestaurante/principal/","::1");
INSERT INTO informe VALUES("10262","123456789","2015-10-11","22:19:18","82/1monterreynuevo/Modulos/principal/","::1");
INSERT INTO informe VALUES("10263","123456789","2015-10-11","22:19:22","82/1monterreynuevo/Modulos/principal/","::1");
INSERT INTO informe VALUES("10264","123456789","2015-10-11","22:19:32","82/1monterreynuevo/Modulos/principal/","::1");
INSERT INTO informe VALUES("10265","123456789","2015-10-11","22:19:34","82/1monterreynuevo/Modulos/principal/cambiar.php","::1");
INSERT INTO informe VALUES("10266","123456789","2015-10-11","22:19:56","82/1monterreynuevo/Modulos/principal/","::1");
INSERT INTO informe VALUES("10267","123456789","2015-10-11","22:20:01","82/1monterreynuevo/Modulos/principal/","::1");
INSERT INTO informe VALUES("10268","123456789","2015-10-11","22:20:04","82/1monterreynuevo/Modulos/principal/","::1");
INSERT INTO informe VALUES("10269","123456789","2015-10-11","22:20:29","82/1monterreynuevo/Modulos/usuario/cambiar_contra.php","::1");
INSERT INTO informe VALUES("10270","123456789","2015-10-11","22:20:37","82/1monterreynuevo/Modulos/principal/","::1");
INSERT INTO informe VALUES("10271","123456789","2015-10-11","22:23:18","82/1monterreynuevo/Modulos/usuario/cambiar_contra.php","::1");
INSERT INTO informe VALUES("10272","123456789","2015-10-11","22:23:29","82/1monterreynuevo/Modulos/principal/cambiar.php","::1");
INSERT INTO informe VALUES("10273","123456789","2015-10-12","11:21:00","82/1monterreynuevo/","::1");
INSERT INTO informe VALUES("10274","123456789","2015-10-12","11:23:22","82/1monterreynuevo/","::1");
INSERT INTO informe VALUES("10275","123456789","2015-10-12","11:24:57","82/1monterreynuevo/","::1");
INSERT INTO informe VALUES("10276","123456789","2015-10-12","11:24:59","82/1monterreynuevo/index.php","::1");
INSERT INTO informe VALUES("10277","123456789","2015-10-12","11:25:04","82/1monterreynuevo/index.php","::1");
INSERT INTO informe VALUES("10278","123456789","2015-10-12","11:25:06","82/1monterreynuevo/Modulos/principal/","::1");
INSERT INTO informe VALUES("10279","123456789","2015-10-12","12:34:51","82/1monterreynuevo/Modulos/modrestaurante/principal/","::1");
INSERT INTO informe VALUES("10280","123456789","2015-10-12","12:34:54","82/1monterreynuevo/Modulos/modrestaurante/mesas/admin.php","::1");
INSERT INTO informe VALUES("10281","123456789","2015-10-12","12:34:58","82/1monterreynuevo/Modulos/modrestaurante/pedidos/admin_mesa.php?i=85853c61e91d09b8a747b224ea4697dd79184e85","::1");
INSERT INTO informe VALUES("10282","123456789","2015-10-12","12:34:59","82/1monterreynuevo/Modulos/principal/","::1");
INSERT INTO informe VALUES("10283","123456789","2015-10-12","12:35:22","82/1monterreynuevo/Modulos/modrestaurante/principal/","::1");
INSERT INTO informe VALUES("10284","123456789","2015-10-12","12:35:25","82/1monterreynuevo/Modulos/modrestaurante/pedidos/","::1");
INSERT INTO informe VALUES("10285","123456789","2015-10-12","12:35:28","82/1monterreynuevo/Modulos/modrestaurante/mesas/admin.php","::1");
INSERT INTO informe VALUES("10286","123456789","2015-10-12","12:35:34","82/1monterreynuevo/Modulos/modrestaurante/mesas/admin.php","::1");
INSERT INTO informe VALUES("10287","123456789","2015-10-12","12:35:37","82/1monterreynuevo/Modulos/modrestaurante/pedidos/admin_mesa.php?i=b1e571a1e6562785b575c820b8b783a34979966e","::1");
INSERT INTO informe VALUES("10288","123456789","2015-10-12","12:35:40","82/1monterreynuevo/Modulos/modrestaurante/mesas/admin.php","::1");
INSERT INTO informe VALUES("10289","123456789","2015-10-12","12:35:44","82/1monterreynuevo/Modulos/modrestaurante/mesas/admin.php","::1");
INSERT INTO informe VALUES("10290","123456789","2015-10-12","12:35:49","82/1monterreynuevo/Modulos/principal/","::1");
INSERT INTO informe VALUES("10291","123456789","2015-10-12","12:35:51","82/1monterreynuevo/Modulos/modrestaurante/principal/","::1");
INSERT INTO informe VALUES("10292","123456789","2015-10-12","12:35:54","82/1monterreynuevo/Modulos/modrestaurante/pedidos/","::1");
INSERT INTO informe VALUES("10293","123456789","2015-10-12","12:35:55","82/1monterreynuevo/Modulos/modrestaurante/pedidos/pedido.php?m=b1e571a1e6562785b575c820b8b783a34979966e","::1");
INSERT INTO informe VALUES("10294","123456789","2015-10-12","12:35:56","82/1monterreynuevo/Modulos/modrestaurante/pedidos/pedido.php","::1");
INSERT INTO informe VALUES("10295","123456789","2015-10-12","12:35:57","82/1monterreynuevo/Modulos/modrestaurante/pedidos/pedido.php?i=bd6d0b5a4898f1ee17a7f79315515e76dfd80b86","::1");
INSERT INTO informe VALUES("10296","123456789","2015-10-12","12:35:58","82/1monterreynuevo/Modulos/modrestaurante/pedidos/pedido.php?i=bd6d0b5a4898f1ee17a7f79315515e76dfd80b86","::1");
INSERT INTO informe VALUES("10297","123456789","2015-10-12","12:35:58","82/1monterreynuevo/Modulos/modrestaurante/pedidos/pedido.php?i=bd6d0b5a4898f1ee17a7f79315515e76dfd80b86","::1");
INSERT INTO informe VALUES("10298","123456789","2015-10-12","12:35:59","82/1monterreynuevo/Modulos/modrestaurante/pedidos/enviar_mesa.php?m=b1e571a1e6562785b575c820b8b783a34979966e","::1");
INSERT INTO informe VALUES("10299","123456789","2015-10-12","12:36:00","82/1monterreynuevo/Modulos/modrestaurante/pedidos/admin_mesa.php?i=b1e571a1e6562785b575c820b8b783a34979966e","::1");
INSERT INTO informe VALUES("10300","123456789","2015-10-12","12:36:11","82/1monterreynuevo/Modulos/modrestaurante/pedidos/admin_mesa.php?i=b1e571a1e6562785b575c820b8b783a34979966e","::1");
INSERT INTO informe VALUES("10301","123456789","2015-10-12","12:36:23","82/1monterreynuevo/Modulos/modrestaurante/pedidos/admin_mesa.php?i=b1e571a1e6562785b575c820b8b783a34979966e","::1");


CREATE TABLE `iva` (
  `id` int(11) NOT NULL AUTO_INCREMENT,
  `nombre` varchar(255) NOT NULL,
  `valor` varchar(100) NOT NULL,
  `estado` varchar(20) NOT NULL,
  PRIMARY KEY (`id`)
) ENGINE=InnoDB AUTO_INCREMENT=3 DEFAULT CHARSET=latin1;

INSERT INTO iva VALUES("2","IVA PRUEBA","16","s");


CREATE TABLE `lista` (
  `id` int(11) NOT NULL AUTO_INCREMENT,
  `nombre` varchar(255) NOT NULL,
  `impuesto` varchar(255) NOT NULL,
  PRIMARY KEY (`id`)
) ENGINE=InnoDB AUTO_INCREMENT=7 DEFAULT CHARSET=latin1;

INSERT INTO lista VALUES("1","Lista A","s");
INSERT INTO lista VALUES("2","Lista B","n");
INSERT INTO lista VALUES("3","Lista C","n");
INSERT INTO lista VALUES("4","Lista D","n");
INSERT INTO lista VALUES("5","Lista E","n");
INSERT INTO lista VALUES("6","Lista F","n");


CREATE TABLE `metodopago` (
  `id` int(11) NOT NULL AUTO_INCREMENT,
  `nombre` varchar(255) NOT NULL,
  `tipo` varchar(255) NOT NULL,
  PRIMARY KEY (`id`)
) ENGINE=InnoDB AUTO_INCREMENT=7 DEFAULT CHARSET=latin1;

INSERT INTO metodopago VALUES("1","Contados","Contado");
INSERT INTO metodopago VALUES("2","Credito","Credito");
INSERT INTO metodopago VALUES("3","Tarjeta","Credito");
INSERT INTO metodopago VALUES("4","Depositos","Credito");
INSERT INTO metodopago VALUES("5","Bonos","Credito");
INSERT INTO metodopago VALUES("6","Promociones","Contado");


CREATE TABLE `no_concepto` (
  `id` int(11) NOT NULL AUTO_INCREMENT,
  `nombre` varchar(255) NOT NULL,
  `tipo` varchar(255) NOT NULL,
  PRIMARY KEY (`id`)
) ENGINE=InnoDB AUTO_INCREMENT=4 DEFAULT CHARSET=latin1;

INSERT INTO no_concepto VALUES("1","Comisiones","positivo");
INSERT INTO no_concepto VALUES("2","Descuentos","negativo");
INSERT INTO no_concepto VALUES("3","Salud y Pension","negativo");


CREATE TABLE `no_empleado` (
  `id` int(11) NOT NULL AUTO_INCREMENT,
  `doc` varchar(255) NOT NULL,
  `salario` varchar(255) NOT NULL,
  `pagos` varchar(255) NOT NULL,
  PRIMARY KEY (`id`)
) ENGINE=InnoDB AUTO_INCREMENT=4 DEFAULT CHARSET=latin1;

INSERT INTO no_empleado VALUES("1","123456789","6000","2");
INSERT INTO no_empleado VALUES("2","5566","5000","2");
INSERT INTO no_empleado VALUES("3","5555","950000","2");


CREATE TABLE `no_metodopago` (
  `id` int(11) NOT NULL AUTO_INCREMENT,
  `relacion` varchar(255) NOT NULL,
  `concepto` varchar(255) NOT NULL,
  `valor` varchar(255) NOT NULL,
  `dolar` varchar(255) NOT NULL,
  `tasa` varchar(255) NOT NULL,
  `tipo` varchar(255) NOT NULL,
  `cat` varchar(255) NOT NULL,
  PRIMARY KEY (`id`)
) ENGINE=InnoDB AUTO_INCREMENT=8 DEFAULT CHARSET=latin1;

INSERT INTO no_metodopago VALUES("1","6","4","1950","0","0","SALIDA","NOMINA");
INSERT INTO no_metodopago VALUES("2","3","1","5000","0","0","SALIDA","PRESTAMO");
INSERT INTO no_metodopago VALUES("3","7","4","3400","0","0","SALIDA","NOMINA");
INSERT INTO no_metodopago VALUES("4","1","4","10000","0","0","SALIDA","PRESTAMO");
INSERT INTO no_metodopago VALUES("5","8","1","1850","0","0","SALIDA","NOMINA");
INSERT INTO no_metodopago VALUES("6","1","1","3000000","0","0","SALIDA","PRESTAMO");
INSERT INTO no_metodopago VALUES("7","1","4","227500","0","0","SALIDA","NOMINA");


CREATE TABLE `no_pago` (
  `id` int(11) NOT NULL AUTO_INCREMENT,
  `empleado` varchar(255) NOT NULL,
  `valor` varchar(255) NOT NULL,
  `mes` varchar(255) NOT NULL,
  `anno` varchar(255) NOT NULL,
  `fecha` date NOT NULL,
  `hora` time NOT NULL,
  `usu` varchar(255) NOT NULL,
  `sucursal` varchar(255) NOT NULL,
  PRIMARY KEY (`id`)
) ENGINE=InnoDB AUTO_INCREMENT=2 DEFAULT CHARSET=latin1;

INSERT INTO no_pago VALUES("1","5555","227500","8","2015","2015-08-13","13:49:43","123456789","1");


CREATE TABLE `no_pago_detalle` (
  `id` int(11) NOT NULL AUTO_INCREMENT,
  `pago` varchar(255) NOT NULL,
  `concepto` varchar(255) NOT NULL,
  `tipo` varchar(255) NOT NULL,
  `valor` varchar(255) NOT NULL,
  PRIMARY KEY (`id`)
) ENGINE=InnoDB AUTO_INCREMENT=6 DEFAULT CHARSET=latin1;

INSERT INTO no_pago_detalle VALUES("1","1","Salario","positivo","475000");
INSERT INTO no_pago_detalle VALUES("2","1","PRESTAMO, Prestamos Personales","negativo","262500");
INSERT INTO no_pago_detalle VALUES("3","1","Comisiones","positivo","15000");
INSERT INTO no_pago_detalle VALUES("4","1","Descuentos","negativo","0");
INSERT INTO no_pago_detalle VALUES("5","1","Salud y Pension","negativo","0");


CREATE TABLE `no_prestamo` (
  `id` int(11) NOT NULL AUTO_INCREMENT,
  `doc` varchar(255) NOT NULL,
  `valor_prestado` varchar(255) NOT NULL,
  `valor_pagar` varchar(255) NOT NULL,
  `npagos` varchar(255) NOT NULL,
  `vpagos` varchar(255) NOT NULL,
  `interes` varchar(255) NOT NULL,
  `fecha` date NOT NULL,
  `hora` time NOT NULL,
  `usu` varchar(255) NOT NULL,
  `nota` text NOT NULL,
  `tipo` varchar(255) NOT NULL,
  `estado` varchar(255) NOT NULL,
  `sucursal` varchar(255) NOT NULL,
  PRIMARY KEY (`id`)
) ENGINE=InnoDB AUTO_INCREMENT=2 DEFAULT CHARSET=latin1;

INSERT INTO no_prestamo VALUES("1","5555","3000000","3150000","12","262500","5","2015-08-13","13:47:27","123456789","Ninguna","1","n","1");


CREATE TABLE `no_prestamo_detalle` (
  `id` int(11) NOT NULL AUTO_INCREMENT,
  `prestamo` varchar(255) NOT NULL,
  `valor` varchar(255) NOT NULL,
  `fecha` date NOT NULL,
  `hora` time NOT NULL,
  `usu` varchar(255) NOT NULL,
  PRIMARY KEY (`id`)
) ENGINE=InnoDB AUTO_INCREMENT=2 DEFAULT CHARSET=latin1;

INSERT INTO no_prestamo_detalle VALUES("1","1","262500","2015-08-13","13:49:43","123456789");


CREATE TABLE `no_tipo` (
  `id` int(11) NOT NULL AUTO_INCREMENT,
  `nombre` varchar(255) NOT NULL,
  PRIMARY KEY (`id`)
) ENGINE=InnoDB AUTO_INCREMENT=3 DEFAULT CHARSET=latin1;

INSERT INTO no_tipo VALUES("1","Prestamos Personales");
INSERT INTO no_tipo VALUES("2","Prestamos por Comisiones");


CREATE TABLE `online_banco` (
  `id` int(11) NOT NULL AUTO_INCREMENT,
  `nombre` varchar(255) NOT NULL,
  `cuenta` varchar(255) NOT NULL,
  `clabe` varchar(255) NOT NULL,
  `nota` text NOT NULL,
  `estado` varchar(20) NOT NULL,
  `fecha` date NOT NULL,
  `hora` time NOT NULL,
  `usu` varchar(255) NOT NULL,
  PRIMARY KEY (`id`)
) ENGINE=InnoDB AUTO_INCREMENT=3 DEFAULT CHARSET=latin1;

INSERT INTO online_banco VALUES("1","Bancoazateca","No. de Cuenta 8488484","767654","Ninguna observacion para esta cuenta bancaria","s","2015-07-16","12:21:50","123456789");
INSERT INTO online_banco VALUES("2","Coppel","No. de cuenta 39494994","45466","ninguna observacion","s","2015-07-16","12:21:36","123456789");


CREATE TABLE `online_correo` (
  `id` int(11) NOT NULL AUTO_INCREMENT,
  `n1` text NOT NULL,
  `n2` text NOT NULL,
  `n3` text NOT NULL,
  `n4` text NOT NULL,
  `n5` text NOT NULL,
  `n6` text NOT NULL,
  PRIMARY KEY (`id`)
) ENGINE=InnoDB AUTO_INCREMENT=2 DEFAULT CHARSET=latin1;

INSERT INTO online_correo VALUES("1","parrafo 1sasas","parrafo 2asas","parrafo 3ccc","parrafo 4cdddd","parrafo 5dd","parrafo 6gggg");


CREATE TABLE `online_descuento1` (
  `id` int(11) NOT NULL AUTO_INCREMENT,
  `nombre` varchar(255) NOT NULL,
  `categoria` varchar(255) NOT NULL,
  `subcategoria` varchar(255) NOT NULL,
  `tipo` varchar(255) NOT NULL,
  `valor` varchar(255) NOT NULL,
  `fechai` date NOT NULL,
  `fechaf` date NOT NULL,
  `estado` varchar(20) NOT NULL,
  `usu` varchar(255) NOT NULL,
  `fecha` date NOT NULL,
  `hora` time NOT NULL,
  PRIMARY KEY (`id`)
) ENGINE=InnoDB AUTO_INCREMENT=2 DEFAULT CHARSET=latin1;

INSERT INTO online_descuento1 VALUES("1","Descuento de Pruebas","grupo","1","porcentaje","5","2015-08-21","2015-09-21","s","123456789","2015-07-21","00:22:50");


CREATE TABLE `online_descuento2` (
  `id` int(11) NOT NULL AUTO_INCREMENT,
  `nombre` varchar(255) NOT NULL,
  `producto` varchar(255) NOT NULL,
  `tipo` varchar(255) NOT NULL,
  `valor` varchar(255) NOT NULL,
  `fechai` date NOT NULL,
  `fechaf` date NOT NULL,
  `estado` varchar(255) NOT NULL,
  `fecha` date NOT NULL,
  `hora` time NOT NULL,
  `usu` varchar(255) NOT NULL,
  PRIMARY KEY (`id`)
) ENGINE=InnoDB AUTO_INCREMENT=2 DEFAULT CHARSET=latin1;

INSERT INTO online_descuento2 VALUES("1","Descripcion de pruebassss","12","porcentaje","7","2015-07-21","2015-07-31","s","2015-07-24","11:22:27","123456789");


CREATE TABLE `online_empresaenvio` (
  `id` int(11) NOT NULL AUTO_INCREMENT,
  `nombre` varchar(255) NOT NULL,
  `pagina1` varchar(255) NOT NULL,
  `pagina2` varchar(255) NOT NULL,
  `estado` varchar(255) NOT NULL,
  `contacto` varchar(255) NOT NULL,
  `telefono` varchar(255) NOT NULL,
  `celular` varchar(255) NOT NULL,
  `direccion` varchar(255) NOT NULL,
  PRIMARY KEY (`id`)
) ENGINE=InnoDB AUTO_INCREMENT=4 DEFAULT CHARSET=latin1;

INSERT INTO online_empresaenvio VALUES("1","ESTAFETA","http://www.estafeta.com","http://www.estafeta.com/herramientas/rastreo.aspx","s","CONTACTO","TELEFONO","CELULAR","DIRECCION");
INSERT INTO online_empresaenvio VALUES("2","CORREOS DE MEXICOs","http://www.correosdemexico.gob.mx/","http://www.correosdemexico.gob.mx/ServiciosLinea/Paginas/cemsmexpost.aspx","s","Contacto de correos","telefonode correo","celular de correos de mexico","direccion complea de correos de mexico");
INSERT INTO online_empresaenvio VALUES("3","pruena nombr","pagina 1","pagina 2","s","contact","telefono","celular","direccion");


CREATE TABLE `online_envio` (
  `id` int(11) NOT NULL AUTO_INCREMENT,
  `tipo` varchar(25) NOT NULL,
  `factura` varchar(255) NOT NULL,
  `lista` varchar(255) NOT NULL,
  `gasto` varchar(255) NOT NULL,
  `subtotal` varchar(255) NOT NULL,
  `cliente` varchar(255) NOT NULL,
  `nombre` varchar(255) NOT NULL,
  `correo` varchar(255) NOT NULL,
  `dir` varchar(255) NOT NULL,
  `tel` varchar(255) NOT NULL,
  `cel` varchar(255) NOT NULL,
  `estado` varchar(255) NOT NULL,
  `colonia` varchar(255) NOT NULL,
  `municipio` varchar(255) NOT NULL,
  `cp` varchar(255) NOT NULL,
  `vestado` varchar(255) NOT NULL,
  `usu` varchar(255) NOT NULL,
  `fecha` date NOT NULL,
  `hora` time NOT NULL,
  `fechae` date NOT NULL,
  `sucursal` varchar(255) NOT NULL,
  `inventario` varchar(255) NOT NULL,
  PRIMARY KEY (`id`)
) ENGINE=InnoDB AUTO_INCREMENT=9 DEFAULT CHARSET=latin1;

INSERT INTO online_envio VALUES("6","ticket","5","3","95","102","58578","CLIENTE MAYOREO","dulceriajaja@hotmail.com;","SAN PEDRO","844","7584","estado de mexico","san pedro","tecamac","55477","Pedido Enviado","","2015-08-10","11:09:08","0000-00-00","1","n");
INSERT INTO online_envio VALUES("7","ticket","","3","95","8","58578","CLIENTE MAYOREO","dulceriajaja@hotmail.com;","SAN PEDRO","844","7584","estado de mexico","san pedro","tecamac","55477","Comprobante Enviado","","2015-08-12","11:38:37","0000-00-00","1","");
INSERT INTO online_envio VALUES("8","ticket","7","1","101","32","16","Infosis Piso 11","bryo@no.com","Maq Piso 11","33","554","nl","centro","mty","64000","Comprobante Enviado","","2015-08-13","13:54:34","0000-00-00","1","n");


CREATE TABLE `online_envio_detalle` (
  `id` int(11) NOT NULL AUTO_INCREMENT,
  `envio` varchar(255) NOT NULL,
  `codigo` varchar(255) NOT NULL,
  `nombre` varchar(255) NOT NULL,
  `um` varchar(255) NOT NULL,
  `cant` varchar(255) NOT NULL,
  `valor` varchar(255) NOT NULL,
  `costo` varchar(255) NOT NULL,
  `fecha` date NOT NULL,
  `familia` varchar(255) NOT NULL,
  `grupo` varchar(255) NOT NULL,
  `subgrupo` varchar(255) NOT NULL,
  `descuento` varchar(255) NOT NULL,
  `sucursal` varchar(255) NOT NULL,
  `usu` varchar(255) NOT NULL,
  `estado` varchar(255) NOT NULL,
  PRIMARY KEY (`id`)
) ENGINE=InnoDB AUTO_INCREMENT=19 DEFAULT CHARSET=latin1;

INSERT INTO online_envio_detalle VALUES("13","6","7501006551068","ACT II MANTEQUILLA EXTRA","PIEZA","7","10","0","2015-08-10","14","12","13","0","1","","");
INSERT INTO online_envio_detalle VALUES("14","6","7503004600120","AVE FRESA","PIEZA","3","8","0","2015-08-10","18","16","17","0","1","","");
INSERT INTO online_envio_detalle VALUES("15","6","7501000133055","BARRITAS DE FRESA","PIEZA","1","8","0","2015-08-10","26","24","25","0","1","","");
INSERT INTO online_envio_detalle VALUES("16","7","7503004600120","AVE FRESA","PIEZA","1","8","0","2015-08-12","18","16","17","0","1","","");
INSERT INTO online_envio_detalle VALUES("17","8","7501006551068","ACT II MANTEQUILLA EXTRA","PIEZA","1","10","0","2015-08-13","14","12","13","0","1","","");
INSERT INTO online_envio_detalle VALUES("18","8","7503004600120","AVE FRESA","PIEZA","2","11","0","2015-08-13","18","16","17","0","1","","");


CREATE TABLE `online_estado` (
  `id` int(11) NOT NULL AUTO_INCREMENT,
  `pedido` varchar(255) NOT NULL,
  `fecha` date NOT NULL,
  `hora` time NOT NULL,
  `estado` varchar(255) NOT NULL,
  PRIMARY KEY (`id`)
) ENGINE=InnoDB AUTO_INCREMENT=18 DEFAULT CHARSET=latin1;

INSERT INTO online_estado VALUES("10","6","2015-08-10","11:09:08","Pedido Realizado");
INSERT INTO online_estado VALUES("11","6","2015-08-10","11:09:16","Envio de Comprobante de Pago");
INSERT INTO online_estado VALUES("12","6","2015-08-11","10:23:04","Pedido Facturado y Confirmado");
INSERT INTO online_estado VALUES("13","7","2015-08-12","11:38:37","Pedido Realizado");
INSERT INTO online_estado VALUES("14","7","2015-08-12","11:39:28","Envio de Comprobante");
INSERT INTO online_estado VALUES("15","8","2015-08-13","13:54:34","Pedido Realizado");
INSERT INTO online_estado VALUES("16","8","2015-08-13","13:54:40","Envio de Comprobante");
INSERT INTO online_estado VALUES("17","8","2015-08-13","13:55:16","Pedido Facturado y Confirmado");


CREATE TABLE `online_fin` (
  `id` int(11) NOT NULL AUTO_INCREMENT,
  `empresa` varchar(255) NOT NULL,
  `guia` varchar(255) NOT NULL,
  `cliente` varchar(255) NOT NULL,
  `pedido` varchar(255) NOT NULL,
  `fecha` date NOT NULL,
  `hora` time NOT NULL,
  `pagina` varchar(255) NOT NULL,
  `usu` varchar(255) NOT NULL,
  `sucursal` varchar(255) NOT NULL,
  PRIMARY KEY (`id`)
) ENGINE=InnoDB AUTO_INCREMENT=2 DEFAULT CHARSET=latin1;

INSERT INTO online_fin VALUES("1","2","ABC12345CD","58578","6","2015-08-11","13:58:11","http://www.correosdemexico.gob.mx/ServiciosLinea/Paginas/cemsmexpost.aspx","123456789","1");


CREATE TABLE `online_gasto` (
  `id` int(11) NOT NULL AUTO_INCREMENT,
  `lista` varchar(255) NOT NULL,
  `valor` varchar(255) NOT NULL,
  `fecha` date NOT NULL,
  `hora` time NOT NULL,
  `usu` varchar(255) NOT NULL,
  PRIMARY KEY (`id`)
) ENGINE=InnoDB AUTO_INCREMENT=7 DEFAULT CHARSET=latin1;

INSERT INTO online_gasto VALUES("1","1","101","2015-07-14","12:55:14","123456789");
INSERT INTO online_gasto VALUES("2","2","90","2015-07-14","12:44:58","123456789");
INSERT INTO online_gasto VALUES("3","3","95","2015-07-14","12:45:04","123456789");
INSERT INTO online_gasto VALUES("4","4","100","2015-07-14","12:45:07","123456789");
INSERT INTO online_gasto VALUES("5","5","106","2015-07-14","12:45:12","123456789");
INSERT INTO online_gasto VALUES("6","6","12","2015-07-14","12:45:15","123456789");


CREATE TABLE `online_imagen` (
  `id` int(11) NOT NULL AUTO_INCREMENT,
  `pedido` varchar(255) NOT NULL,
  `fecha` date NOT NULL,
  `hora` time NOT NULL,
  `nota_cliente` text NOT NULL,
  `nota_admin` text NOT NULL,
  `estado` varchar(255) NOT NULL,
  `banco` varchar(255) NOT NULL,
  PRIMARY KEY (`id`)
) ENGINE=InnoDB AUTO_INCREMENT=7 DEFAULT CHARSET=latin1;

INSERT INTO online_imagen VALUES("4","6","2015-08-10","11:09:16","","","Factura Confirmada","1");
INSERT INTO online_imagen VALUES("5","7","2015-08-12","11:39:28","","","En Revicion","1");
INSERT INTO online_imagen VALUES("6","8","2015-08-13","13:54:40","","","Factura Confirmada","1");


CREATE TABLE `online_prioridad` (
  `id` int(11) NOT NULL AUTO_INCREMENT,
  `producto` varchar(255) NOT NULL,
  `nombre` varchar(255) NOT NULL,
  `fechai` date NOT NULL,
  `fechaf` date NOT NULL,
  `estado` varchar(255) NOT NULL,
  `usu` varchar(255) NOT NULL,
  `fecha` date NOT NULL,
  `hora` time NOT NULL,
  PRIMARY KEY (`id`)
) ENGINE=InnoDB DEFAULT CHARSET=latin1;



CREATE TABLE `persona` (
  `id` int(11) NOT NULL AUTO_INCREMENT,
  `cod` varchar(255) NOT NULL,
  `nom` varchar(255) NOT NULL,
  `dir` varchar(255) NOT NULL,
  `tel` varchar(255) NOT NULL,
  `cel` varchar(255) NOT NULL,
  PRIMARY KEY (`id`)
) ENGINE=InnoDB AUTO_INCREMENT=4 DEFAULT CHARSET=latin1;

INSERT INTO persona VALUES("1","123456789","JORGE VASQUEZ","TECAMACss","00","11");
INSERT INTO persona VALUES("2","5566","USUARIO DE PRUEBA","CARACOLES","6679159","3156780");
INSERT INTO persona VALUES("3","5555","Alberto C","la misma","455","6677");


CREATE TABLE `pie` (
  `id` int(11) NOT NULL AUTO_INCREMENT,
  `sucursal` varchar(255) NOT NULL,
  `texto1` text NOT NULL,
  `texto2` text NOT NULL,
  `texto3` text NOT NULL,
  `texto4` text NOT NULL,
  PRIMARY KEY (`id`)
) ENGINE=InnoDB AUTO_INCREMENT=2 DEFAULT CHARSET=latin1;

INSERT INTO pie VALUES("1","1","pie","de","pagina","jorge");


CREATE TABLE `plan_renta` (
  `id` int(11) NOT NULL AUTO_INCREMENT,
  `nombre` varchar(255) NOT NULL,
  `dia` varchar(255) NOT NULL,
  `estado` varchar(255) NOT NULL,
  PRIMARY KEY (`id`)
) ENGINE=InnoDB AUTO_INCREMENT=4 DEFAULT CHARSET=latin1;

INSERT INTO plan_renta VALUES("2","Semana","7","s");
INSERT INTO plan_renta VALUES("3","Mes","30","s");


CREATE TABLE `pro_confi` (
  `id` int(11) NOT NULL AUTO_INCREMENT,
  `nombre` varchar(255) NOT NULL,
  `tabla` varchar(255) NOT NULL,
  PRIMARY KEY (`id`)
) ENGINE=InnoDB AUTO_INCREMENT=112 DEFAULT CHARSET=latin1;

INSERT INTO pro_confi VALUES("1","Grupo","grupo");
INSERT INTO pro_confi VALUES("2","SubGrupo","subgrupo");
INSERT INTO pro_confi VALUES("3","Familia","familia");
INSERT INTO pro_confi VALUES("4","AUDIO","grupo");
INSERT INTO pro_confi VALUES("5","AUDIFONO","subgrupo");
INSERT INTO pro_confi VALUES("6","NOKIA","familia");
INSERT INTO pro_confi VALUES("7","PARLANTES","grupo");
INSERT INTO pro_confi VALUES("8","DOBLE","subgrupo");
INSERT INTO pro_confi VALUES("9","SAMSUMG","familia");
INSERT INTO pro_confi VALUES("10","Cocina","dpto");
INSERT INTO pro_confi VALUES("11","Juegos","dpto");
INSERT INTO pro_confi VALUES("12","SAMS","grupo");
INSERT INTO pro_confi VALUES("13","PALOMITAS","subgrupo");
INSERT INTO pro_confi VALUES("14","CONAGRA","familia");
INSERT INTO pro_confi VALUES("15","Cargadas","dpto");
INSERT INTO pro_confi VALUES("16","ALTAFIBRA","grupo");
INSERT INTO pro_confi VALUES("17","PAN","subgrupo");
INSERT INTO pro_confi VALUES("18","ALTAFIBRA","familia");
INSERT INTO pro_confi VALUES("19","GAMESA","grupo");
INSERT INTO pro_confi VALUES("20","GALLETA FRESA","subgrupo");
INSERT INTO pro_confi VALUES("21","PEPSICO","familia");
INSERT INTO pro_confi VALUES("22","GALLETA PINA","subgrupo");
INSERT INTO pro_confi VALUES("23","GALLETAS VAINILLA","subgrupo");
INSERT INTO pro_confi VALUES("24","MARINELA","grupo");
INSERT INTO pro_confi VALUES("25","BARRAS DE FRESA","subgrupo");
INSERT INTO pro_confi VALUES("26","BIMBO","familia");
INSERT INTO pro_confi VALUES("27","BARRAS DE PINA","subgrupo");
INSERT INTO pro_confi VALUES("28","BIG COLA","grupo");
INSERT INTO pro_confi VALUES("29","PET 620 ML","subgrupo");
INSERT INTO pro_confi VALUES("30","BIG COLA","familia");
INSERT INTO pro_confi VALUES("31","LATA 355 ML","subgrupo");
INSERT INTO pro_confi VALUES("32","BOKADOS","grupo");
INSERT INTO pro_confi VALUES("33","PAPAS","subgrupo");
INSERT INTO pro_confi VALUES("34","ARCA CONTINENTAL","familia");
INSERT INTO pro_confi VALUES("35","BARRITA DE FRESA","subgrupo");
INSERT INTO pro_confi VALUES("36","BIMBO","grupo");
INSERT INTO pro_confi VALUES("37","BARRITA DE PINA","subgrupo");
INSERT INTO pro_confi VALUES("38","RICOLINO","grupo");
INSERT INTO pro_confi VALUES("39","DULCE","subgrupo");
INSERT INTO pro_confi VALUES("40","BARCEL","familia");
INSERT INTO pro_confi VALUES("41","CACAHUATES","grupo");
INSERT INTO pro_confi VALUES("42","CACAHUATE JAPONES","subgrupo");
INSERT INTO pro_confi VALUES("43","NIPON","familia");
INSERT INTO pro_confi VALUES("44","CACAHUATE ENCHILADO","subgrupo");
INSERT INTO pro_confi VALUES("45","MARINELA","familia");
INSERT INTO pro_confi VALUES("46","SABRITAS","grupo");
INSERT INTO pro_confi VALUES("47","CHICHARRON DE CERDO","subgrupo");
INSERT INTO pro_confi VALUES("48","LEO","grupo");
INSERT INTO pro_confi VALUES("49","ENCANTO","familia");
INSERT INTO pro_confi VALUES("50","BARCEL","grupo");
INSERT INTO pro_confi VALUES("51","CON JALAPENO","subgrupo");
INSERT INTO pro_confi VALUES("52","LALA","grupo");
INSERT INTO pro_confi VALUES("53","CHOCOLATE","subgrupo");
INSERT INTO pro_confi VALUES("54","LALA","familia");
INSERT INTO pro_confi VALUES("55","GALLETAS CHOCOLATE","subgrupo");
INSERT INTO pro_confi VALUES("56","PET 500 ML","subgrupo");
INSERT INTO pro_confi VALUES("57","ENCANTO","grupo");
INSERT INTO pro_confi VALUES("58","PET 400 ML","subgrupo");
INSERT INTO pro_confi VALUES("59","GALLETAS FRESA","subgrupo");
INSERT INTO pro_confi VALUES("60","DORITOS NACHO","subgrupo");
INSERT INTO pro_confi VALUES("61","AVENA CON GRANOLA","subgrupo");
INSERT INTO pro_confi VALUES("62","AVENA CON MANZANA Y CANELA","subgrupo");
INSERT INTO pro_confi VALUES("63","AVENA CON PASAS","subgrupo");
INSERT INTO pro_confi VALUES("64","GALLETA DE NUEZ","subgrupo");
INSERT INTO pro_confi VALUES("65","PAN","grupo");
INSERT INTO pro_confi VALUES("66","SEMILLAS","subgrupo");
INSERT INTO pro_confi VALUES("67","PASTILLAS","subgrupo");
INSERT INTO pro_confi VALUES("68","HALLS","familia");
INSERT INTO pro_confi VALUES("69","JUMEX","familia");
INSERT INTO pro_confi VALUES("70","CACAHUATE SALADO","subgrupo");
INSERT INTO pro_confi VALUES("71","EZEQUIEL GARZA VALADEZ","grupo");
INSERT INTO pro_confi VALUES("72","MARS","familia");
INSERT INTO pro_confi VALUES("73","PAY DE NUEZ","subgrupo");
INSERT INTO pro_confi VALUES("74","PAY DE PINA","subgrupo");
INSERT INTO pro_confi VALUES("75","PELONETES","familia");
INSERT INTO pro_confi VALUES("76","PET 600 ML","subgrupo");
INSERT INTO pro_confi VALUES("77","SENOR TRIGAL","grupo");
INSERT INTO pro_confi VALUES("78","SENOR TRIGAL","familia");
INSERT INTO pro_confi VALUES("79","SONRICS","familia");
INSERT INTO pro_confi VALUES("80","ROLES","grupo");
INSERT INTO pro_confi VALUES("81","CON PASAS","subgrupo");
INSERT INTO pro_confi VALUES("82","GLASEADOS","subgrupo");
INSERT INTO pro_confi VALUES("83","RUFFLES CON QUESO","subgrupo");
INSERT INTO pro_confi VALUES("84","SEMITA","subgrupo");
INSERT INTO pro_confi VALUES("85","ALMADEN","familia");
INSERT INTO pro_confi VALUES("86","FRESA","subgrupo");
INSERT INTO pro_confi VALUES("87","VAINILLA","subgrupo");
INSERT INTO pro_confi VALUES("88","CON FUEGO","subgrupo");
INSERT INTO pro_confi VALUES("89","ORIGINAL","subgrupo");
INSERT INTO pro_confi VALUES("90","TARTAS DE FRESA","subgrupo");
INSERT INTO pro_confi VALUES("91","CHICLES","subgrupo");
INSERT INTO pro_confi VALUES("92","ADAMS","familia");
INSERT INTO pro_confi VALUES("93","YOGHURT","subgrupo");
INSERT INTO pro_confi VALUES("94","X","talla");
INSERT INTO pro_confi VALUES("95","XL","talla");
INSERT INTO pro_confi VALUES("96","Blanco","color");
INSERT INTO pro_confi VALUES("97","Azul","color");
INSERT INTO pro_confi VALUES("98","Rojo","color");
INSERT INTO pro_confi VALUES("99","Negro","color");
INSERT INTO pro_confi VALUES("100","Grupo Insumo Pruebas","insumo grupo");
INSERT INTO pro_confi VALUES("101","Insumo SUb Grupo Pruebas","insumo subgrupo");
INSERT INTO pro_confi VALUES("102","Insumo Familia Pruebas","insumo familia");
INSERT INTO pro_confi VALUES("103","Kg","insumo medida");
INSERT INTO pro_confi VALUES("104","g","insumo medida");
INSERT INTO pro_confi VALUES("105","ml","insumo medida");
INSERT INTO pro_confi VALUES("106","Servicio 1 familia","servicio familia");
INSERT INTO pro_confi VALUES("107","servicio 2 familia","servicio familia");
INSERT INTO pro_confi VALUES("108","servicio 1 grupo","servicio grupo");
INSERT INTO pro_confi VALUES("109","servicio 2 grupo","servicio grupo");
INSERT INTO pro_confi VALUES("110","servicio 1 subgrupo","servicio subgrupo");
INSERT INTO pro_confi VALUES("111","servicio 2 subgrupo","servicio subgrupo");


CREATE TABLE `pro_kits` (
  `id` int(11) NOT NULL AUTO_INCREMENT,
  `nombre` varchar(255) NOT NULL,
  `color` varchar(255) NOT NULL,
  `fecha` date NOT NULL,
  `usu` varchar(255) NOT NULL,
  PRIMARY KEY (`id`)
) ENGINE=InnoDB AUTO_INCREMENT=4 DEFAULT CHARSET=latin1;

INSERT INTO pro_kits VALUES("1","Kits Unos","AZUL","2015-05-22","123456789");
INSERT INTO pro_kits VALUES("2","nuevo","AZUL","2015-05-22","123456789");
INSERT INTO pro_kits VALUES("3","prueba hoy","AMARILLO","2015-08-13","123456789");


CREATE TABLE `pro_kits_detalle` (
  `id` int(11) NOT NULL AUTO_INCREMENT,
  `kits` varchar(255) NOT NULL,
  `prod` varchar(255) NOT NULL,
  `cant` varchar(255) NOT NULL,
  PRIMARY KEY (`id`)
) ENGINE=InnoDB AUTO_INCREMENT=6 DEFAULT CHARSET=latin1;

INSERT INTO pro_kits_detalle VALUES("1","1","12","10");
INSERT INTO pro_kits_detalle VALUES("2","1","13","5");
INSERT INTO pro_kits_detalle VALUES("3","2","13","1");
INSERT INTO pro_kits_detalle VALUES("4","3","12","1");
INSERT INTO pro_kits_detalle VALUES("5","3","13","2");


CREATE TABLE `pro_kits_precio` (
  `id` int(11) NOT NULL AUTO_INCREMENT,
  `kits` varchar(255) NOT NULL,
  `prod` varchar(255) NOT NULL,
  `lista` varchar(255) NOT NULL,
  `val` varchar(255) NOT NULL,
  PRIMARY KEY (`id`)
) ENGINE=InnoDB AUTO_INCREMENT=19 DEFAULT CHARSET=latin1;

INSERT INTO pro_kits_precio VALUES("1","1","12","3","500");
INSERT INTO pro_kits_precio VALUES("2","1","12","2","0");
INSERT INTO pro_kits_precio VALUES("3","1","12","1","0");
INSERT INTO pro_kits_precio VALUES("4","1","13","3","320");
INSERT INTO pro_kits_precio VALUES("5","1","13","2","300");
INSERT INTO pro_kits_precio VALUES("6","1","13","1","325");
INSERT INTO pro_kits_precio VALUES("7","2","13","3","320");
INSERT INTO pro_kits_precio VALUES("8","2","13","2","300");
INSERT INTO pro_kits_precio VALUES("9","2","13","1","325");
INSERT INTO pro_kits_precio VALUES("10","3","12","1","1");
INSERT INTO pro_kits_precio VALUES("11","3","12","2","1");
INSERT INTO pro_kits_precio VALUES("12","3","12","3","500");
INSERT INTO pro_kits_precio VALUES("13","3","12","5","1");
INSERT INTO pro_kits_precio VALUES("14","3","12","6","1");
INSERT INTO pro_kits_precio VALUES("15","3","13","6","1");
INSERT INTO pro_kits_precio VALUES("16","3","13","5","1");
INSERT INTO pro_kits_precio VALUES("17","3","13","4","1");
INSERT INTO pro_kits_precio VALUES("18","3","13","3","320");


CREATE TABLE `pro_precio` (
  `id` int(11) NOT NULL AUTO_INCREMENT,
  `producto` varchar(255) NOT NULL,
  `valor` varchar(255) NOT NULL,
  `lista` varchar(255) NOT NULL,
  PRIMARY KEY (`id`)
) ENGINE=InnoDB AUTO_INCREMENT=733 DEFAULT CHARSET=latin1;

INSERT INTO pro_precio VALUES("1","12","120","1");
INSERT INTO pro_precio VALUES("2","13","100","1");
INSERT INTO pro_precio VALUES("3","12","120","2");
INSERT INTO pro_precio VALUES("4","13","0","2");
INSERT INTO pro_precio VALUES("5","12","120","3");
INSERT INTO pro_precio VALUES("6","13","0","3");
INSERT INTO pro_precio VALUES("7","12","120","4");
INSERT INTO pro_precio VALUES("8","13","0","4");
INSERT INTO pro_precio VALUES("9","12","120","5");
INSERT INTO pro_precio VALUES("10","13","0","5");
INSERT INTO pro_precio VALUES("11","12","120","6");
INSERT INTO pro_precio VALUES("12","13","0","6");
INSERT INTO pro_precio VALUES("109","676767","140","1");
INSERT INTO pro_precio VALUES("110","676767","150","2");
INSERT INTO pro_precio VALUES("111","676767","180","3");
INSERT INTO pro_precio VALUES("112","676767","154","4");
INSERT INTO pro_precio VALUES("113","676767","110","5");
INSERT INTO pro_precio VALUES("114","676767","140","6");
INSERT INTO pro_precio VALUES("115","5894048","250","1");
INSERT INTO pro_precio VALUES("116","5894048","250","2");
INSERT INTO pro_precio VALUES("117","5894048","280","3");
INSERT INTO pro_precio VALUES("118","5894048","180","4");
INSERT INTO pro_precio VALUES("119","5894048","230","5");
INSERT INTO pro_precio VALUES("120","5894048","250","6");
INSERT INTO pro_precio VALUES("121","23","10","1");
INSERT INTO pro_precio VALUES("122","23","10","2");
INSERT INTO pro_precio VALUES("123","23","11","3");
INSERT INTO pro_precio VALUES("124","23","12","4");
INSERT INTO pro_precio VALUES("125","23","15","5");
INSERT INTO pro_precio VALUES("126","23","9","6");
INSERT INTO pro_precio VALUES("127","9393","100","1");
INSERT INTO pro_precio VALUES("128","9393","100","2");
INSERT INTO pro_precio VALUES("129","9393","100","3");
INSERT INTO pro_precio VALUES("130","9393","100","4");
INSERT INTO pro_precio VALUES("131","9393","200","5");
INSERT INTO pro_precio VALUES("132","9393","200","6");
INSERT INTO pro_precio VALUES("133","345","100","1");
INSERT INTO pro_precio VALUES("134","345","200","2");
INSERT INTO pro_precio VALUES("135","345","300","3");
INSERT INTO pro_precio VALUES("136","345","140","4");
INSERT INTO pro_precio VALUES("137","345","110","5");
INSERT INTO pro_precio VALUES("138","345","140","6");
INSERT INTO pro_precio VALUES("139","7501006551068","10","1");
INSERT INTO pro_precio VALUES("140","7501006551068","10","2");
INSERT INTO pro_precio VALUES("141","7501006551068","10","3");
INSERT INTO pro_precio VALUES("142","7501006551068","0","4");
INSERT INTO pro_precio VALUES("143","7501006551068","0","5");
INSERT INTO pro_precio VALUES("144","7501006551068","0","6");
INSERT INTO pro_precio VALUES("145","7503004600120","11","1");
INSERT INTO pro_precio VALUES("146","7503004600120","11","2");
INSERT INTO pro_precio VALUES("147","7503004600120","8","3");
INSERT INTO pro_precio VALUES("148","7503004600120","0","4");
INSERT INTO pro_precio VALUES("149","7503004600120","0","5");
INSERT INTO pro_precio VALUES("150","7503004600120","0","6");
INSERT INTO pro_precio VALUES("151","7501761810189","9","1");
INSERT INTO pro_precio VALUES("152","7501761810189","10","2");
INSERT INTO pro_precio VALUES("153","7501761810189","9","3");
INSERT INTO pro_precio VALUES("154","7501761810189","0","4");
INSERT INTO pro_precio VALUES("155","7501761810189","0","5");
INSERT INTO pro_precio VALUES("156","7501761810189","0","6");
INSERT INTO pro_precio VALUES("157","7501761810271","9","1");
INSERT INTO pro_precio VALUES("158","7501761810271","10","2");
INSERT INTO pro_precio VALUES("159","7501761810271","9","3");
INSERT INTO pro_precio VALUES("160","7501761810271","0","4");
INSERT INTO pro_precio VALUES("161","7501761810271","0","5");
INSERT INTO pro_precio VALUES("162","7501761810271","0","6");
INSERT INTO pro_precio VALUES("163","7501000669509","10","1");
INSERT INTO pro_precio VALUES("164","7501000669509","12","2");
INSERT INTO pro_precio VALUES("165","7501000669509","10","3");
INSERT INTO pro_precio VALUES("166","7501000669509","0","4");
INSERT INTO pro_precio VALUES("167","7501000669509","0","5");
INSERT INTO pro_precio VALUES("168","7501000669509","0","6");
INSERT INTO pro_precio VALUES("169","7501000133055","9","1");
INSERT INTO pro_precio VALUES("170","7501000133055","10","2");
INSERT INTO pro_precio VALUES("171","7501000133055","8","3");
INSERT INTO pro_precio VALUES("172","7501000133055","0","4");
INSERT INTO pro_precio VALUES("173","7501000133055","0","5");
INSERT INTO pro_precio VALUES("174","7501000133055","0","6");
INSERT INTO pro_precio VALUES("175","7501000133031","9","1");
INSERT INTO pro_precio VALUES("176","7501000133031","10","2");
INSERT INTO pro_precio VALUES("177","7501000133031","8","3");
INSERT INTO pro_precio VALUES("178","7501000133031","0","4");
INSERT INTO pro_precio VALUES("179","7501000133031","0","5");
INSERT INTO pro_precio VALUES("180","7501000133031","0","6");
INSERT INTO pro_precio VALUES("181","7506241201228","7","1");
INSERT INTO pro_precio VALUES("182","7506241201228","10","2");
INSERT INTO pro_precio VALUES("183","7506241201228","7","3");
INSERT INTO pro_precio VALUES("184","7506241201228","0","4");
INSERT INTO pro_precio VALUES("185","7506241201228","0","5");
INSERT INTO pro_precio VALUES("186","7506241201228","0","6");
INSERT INTO pro_precio VALUES("187","7750670002196","6","1");
INSERT INTO pro_precio VALUES("188","7750670002196","6","2");
INSERT INTO pro_precio VALUES("189","7750670002196","6","3");
INSERT INTO pro_precio VALUES("190","7750670002196","0","4");
INSERT INTO pro_precio VALUES("191","7750670002196","0","5");
INSERT INTO pro_precio VALUES("192","7750670002196","0","6");
INSERT INTO pro_precio VALUES("193","730399003848","8.5","1");
INSERT INTO pro_precio VALUES("194","730399003848","9","2");
INSERT INTO pro_precio VALUES("195","730399003848","8","3");
INSERT INTO pro_precio VALUES("196","730399003848","0","4");
INSERT INTO pro_precio VALUES("197","730399003848","0","5");
INSERT INTO pro_precio VALUES("198","730399003848","0","6");
INSERT INTO pro_precio VALUES("199","730399004029","8.5","1");
INSERT INTO pro_precio VALUES("200","730399004029","8.5","2");
INSERT INTO pro_precio VALUES("201","730399004029","8","3");
INSERT INTO pro_precio VALUES("202","730399004029","0","4");
INSERT INTO pro_precio VALUES("203","730399004029","0","5");
INSERT INTO pro_precio VALUES("204","730399004029","0","6");
INSERT INTO pro_precio VALUES("205","730399013106","9.5","1");
INSERT INTO pro_precio VALUES("206","730399013106","10","2");
INSERT INTO pro_precio VALUES("207","730399013106","9","3");
INSERT INTO pro_precio VALUES("208","730399013106","0","4");
INSERT INTO pro_precio VALUES("209","730399013106","0","5");
INSERT INTO pro_precio VALUES("210","730399013106","0","6");
INSERT INTO pro_precio VALUES("211","7501000116447","8","1");
INSERT INTO pro_precio VALUES("212","7501000116447","10","2");
INSERT INTO pro_precio VALUES("213","7501000116447","8","3");
INSERT INTO pro_precio VALUES("214","7501000116447","0","4");
INSERT INTO pro_precio VALUES("215","7501000116447","0","5");
INSERT INTO pro_precio VALUES("216","7501000116447","0","6");
INSERT INTO pro_precio VALUES("217","7501000116430","8","1");
INSERT INTO pro_precio VALUES("218","7501000116430","10","2");
INSERT INTO pro_precio VALUES("219","7501000116430","8","3");
INSERT INTO pro_precio VALUES("220","7501000116430","0","4");
INSERT INTO pro_precio VALUES("221","7501000116430","0","5");
INSERT INTO pro_precio VALUES("222","7501000116430","0","6");
INSERT INTO pro_precio VALUES("223","7432354","7.5","1");
INSERT INTO pro_precio VALUES("224","7432354","7.5","2");
INSERT INTO pro_precio VALUES("225","7432354","7.5","3");
INSERT INTO pro_precio VALUES("226","7432354","0","4");
INSERT INTO pro_precio VALUES("227","7432354","0","5");
INSERT INTO pro_precio VALUES("228","7432354","0","6");
INSERT INTO pro_precio VALUES("229","7501016411505","8","1");
INSERT INTO pro_precio VALUES("230","7501016411505","9","2");
INSERT INTO pro_precio VALUES("231","7501016411505","8","3");
INSERT INTO pro_precio VALUES("232","7501016411505","0","4");
INSERT INTO pro_precio VALUES("233","7501016411505","0","5");
INSERT INTO pro_precio VALUES("234","7501016411505","0","6");
INSERT INTO pro_precio VALUES("235","730399001844","8.5","1");
INSERT INTO pro_precio VALUES("236","730399001844","9","2");
INSERT INTO pro_precio VALUES("237","730399001844","8","3");
INSERT INTO pro_precio VALUES("238","730399001844","0","4");
INSERT INTO pro_precio VALUES("239","730399001844","0","5");
INSERT INTO pro_precio VALUES("240","730399001844","0","6");
INSERT INTO pro_precio VALUES("241","75002220","8","1");
INSERT INTO pro_precio VALUES("242","75002220","8","2");
INSERT INTO pro_precio VALUES("243","75002220","8","3");
INSERT INTO pro_precio VALUES("244","75002220","0","4");
INSERT INTO pro_precio VALUES("245","75002220","0","5");
INSERT INTO pro_precio VALUES("246","75002220","0","6");
INSERT INTO pro_precio VALUES("247","7501011143586","8","1");
INSERT INTO pro_precio VALUES("248","7501011143586","8","2");
INSERT INTO pro_precio VALUES("249","7501011143586","8","3");
INSERT INTO pro_precio VALUES("250","7501011143586","0","4");
INSERT INTO pro_precio VALUES("251","7501011143586","0","5");
INSERT INTO pro_precio VALUES("252","7501011143586","0","6");
INSERT INTO pro_precio VALUES("253","730399018415","10","1");
INSERT INTO pro_precio VALUES("254","730399018415","9","2");
INSERT INTO pro_precio VALUES("255","730399018415","9","3");
INSERT INTO pro_precio VALUES("256","730399018415","0","4");
INSERT INTO pro_precio VALUES("257","730399018415","0","5");
INSERT INTO pro_precio VALUES("258","730399018415","0","6");
INSERT INTO pro_precio VALUES("259","39465021008","9","1");
INSERT INTO pro_precio VALUES("260","39465021008","10","2");
INSERT INTO pro_precio VALUES("261","39465021008","8","3");
INSERT INTO pro_precio VALUES("262","39465021008","0","4");
INSERT INTO pro_precio VALUES("263","39465021008","0","5");
INSERT INTO pro_precio VALUES("264","39465021008","0","6");
INSERT INTO pro_precio VALUES("265","7501000266333","11","1");
INSERT INTO pro_precio VALUES("266","7501000266333","11","2");
INSERT INTO pro_precio VALUES("267","7501000266333","10","3");
INSERT INTO pro_precio VALUES("268","7501000266333","0","4");
INSERT INTO pro_precio VALUES("269","7501000266333","0","5");
INSERT INTO pro_precio VALUES("270","7501000266333","0","6");
INSERT INTO pro_precio VALUES("271","7501020535891","9","1");
INSERT INTO pro_precio VALUES("272","7501020535891","10","2");
INSERT INTO pro_precio VALUES("273","7501020535891","8","3");
INSERT INTO pro_precio VALUES("274","7501020535891","0","4");
INSERT INTO pro_precio VALUES("275","7501020535891","0","5");
INSERT INTO pro_precio VALUES("276","7501020535891","0","6");
INSERT INTO pro_precio VALUES("277","7501000658220","8","1");
INSERT INTO pro_precio VALUES("278","7501000658220","8","2");
INSERT INTO pro_precio VALUES("279","7501000658220","8","3");
INSERT INTO pro_precio VALUES("280","7501000658220","0","4");
INSERT INTO pro_precio VALUES("281","7501000658220","0","5");
INSERT INTO pro_precio VALUES("282","7501000658220","0","6");
INSERT INTO pro_precio VALUES("283","74323078688","9","1");
INSERT INTO pro_precio VALUES("284","74323078688","10","2");
INSERT INTO pro_precio VALUES("285","74323078688","9","3");
INSERT INTO pro_precio VALUES("286","74323078688","0","4");
INSERT INTO pro_precio VALUES("287","74323078688","0","5");
INSERT INTO pro_precio VALUES("288","74323078688","0","6");
INSERT INTO pro_precio VALUES("289","75002275","11","1");
INSERT INTO pro_precio VALUES("290","75002275","12","2");
INSERT INTO pro_precio VALUES("291","75002275","11","3");
INSERT INTO pro_precio VALUES("292","75002275","0","4");
INSERT INTO pro_precio VALUES("293","75002275","0","5");
INSERT INTO pro_precio VALUES("294","75002275","0","6");
INSERT INTO pro_precio VALUES("295","7501000635306","9","1");
INSERT INTO pro_precio VALUES("296","7501000635306","10","2");
INSERT INTO pro_precio VALUES("297","7501000635306","8","3");
INSERT INTO pro_precio VALUES("298","7501000635306","0","4");
INSERT INTO pro_precio VALUES("299","7501000635306","0","5");
INSERT INTO pro_precio VALUES("300","7501000635306","0","6");
INSERT INTO pro_precio VALUES("301","7501011132283","9","1");
INSERT INTO pro_precio VALUES("302","7501011132283","9","2");
INSERT INTO pro_precio VALUES("303","7501011132283","8","3");
INSERT INTO pro_precio VALUES("304","7501011132283","0","4");
INSERT INTO pro_precio VALUES("305","7501011132283","0","5");
INSERT INTO pro_precio VALUES("306","7501011132283","0","6");
INSERT INTO pro_precio VALUES("307","75009809","9.5","1");
INSERT INTO pro_precio VALUES("308","75009809","12","2");
INSERT INTO pro_precio VALUES("309","75009809","9","3");
INSERT INTO pro_precio VALUES("310","75009809","0","4");
INSERT INTO pro_precio VALUES("311","75009809","0","5");
INSERT INTO pro_precio VALUES("312","75009809","0","6");
INSERT INTO pro_precio VALUES("313","7501055300075","9","1");
INSERT INTO pro_precio VALUES("314","7501055300075","12","2");
INSERT INTO pro_precio VALUES("315","7501055300075","9","3");
INSERT INTO pro_precio VALUES("316","7501055300075","0","4");
INSERT INTO pro_precio VALUES("317","7501055300075","0","5");
INSERT INTO pro_precio VALUES("318","7501055300075","0","6");
INSERT INTO pro_precio VALUES("319","7501055305391","9","1");
INSERT INTO pro_precio VALUES("320","7501055305391","12","2");
INSERT INTO pro_precio VALUES("321","7501055305391","9","3");
INSERT INTO pro_precio VALUES("322","7501055305391","0","4");
INSERT INTO pro_precio VALUES("323","7501055305391","0","5");
INSERT INTO pro_precio VALUES("324","7501055305391","0","6");
INSERT INTO pro_precio VALUES("325","39465011009","9","1");
INSERT INTO pro_precio VALUES("326","39465011009","10","2");
INSERT INTO pro_precio VALUES("327","39465011009","8","3");
INSERT INTO pro_precio VALUES("328","39465011009","0","4");
INSERT INTO pro_precio VALUES("329","39465011009","0","5");
INSERT INTO pro_precio VALUES("330","39465011009","0","6");
INSERT INTO pro_precio VALUES("331","7506241202102","9","1");
INSERT INTO pro_precio VALUES("332","7506241202102","9","2");
INSERT INTO pro_precio VALUES("333","7506241202102","9","3");
INSERT INTO pro_precio VALUES("334","7506241202102","0","4");
INSERT INTO pro_precio VALUES("335","7506241202102","0","5");
INSERT INTO pro_precio VALUES("336","7506241202102","0","6");
INSERT INTO pro_precio VALUES("337","7501000606566","10","1");
INSERT INTO pro_precio VALUES("338","7501000606566","10","2");
INSERT INTO pro_precio VALUES("339","7501000606566","10","3");
INSERT INTO pro_precio VALUES("340","7501000606566","0","4");
INSERT INTO pro_precio VALUES("341","7501000606566","0","5");
INSERT INTO pro_precio VALUES("342","7501000606566","0","6");
INSERT INTO pro_precio VALUES("343","7501000606580","10","1");
INSERT INTO pro_precio VALUES("344","7501000606580","10","2");
INSERT INTO pro_precio VALUES("345","7501000606580","10","3");
INSERT INTO pro_precio VALUES("346","7501000606580","0","4");
INSERT INTO pro_precio VALUES("347","7501000606580","0","5");
INSERT INTO pro_precio VALUES("348","7501000606580","0","6");
INSERT INTO pro_precio VALUES("349","7501000606573","10","1");
INSERT INTO pro_precio VALUES("350","7501000606573","10","2");
INSERT INTO pro_precio VALUES("351","7501000606573","10","3");
INSERT INTO pro_precio VALUES("352","7501000606573","0","4");
INSERT INTO pro_precio VALUES("353","7501000606573","0","5");
INSERT INTO pro_precio VALUES("354","7501000606573","0","6");
INSERT INTO pro_precio VALUES("355","7501000635245","10","1");
INSERT INTO pro_precio VALUES("356","7501000635245","10","2");
INSERT INTO pro_precio VALUES("357","7501000635245","10","3");
INSERT INTO pro_precio VALUES("358","7501000635245","0","4");
INSERT INTO pro_precio VALUES("359","7501000635245","0","5");
INSERT INTO pro_precio VALUES("360","7501000635245","0","6");
INSERT INTO pro_precio VALUES("361","730399007556","7.5","1");
INSERT INTO pro_precio VALUES("362","730399007556","8","2");
INSERT INTO pro_precio VALUES("363","730399007556","7.5","3");
INSERT INTO pro_precio VALUES("364","730399007556","0","4");
INSERT INTO pro_precio VALUES("365","730399007556","0","5");
INSERT INTO pro_precio VALUES("366","730399007556","0","6");
INSERT INTO pro_precio VALUES("367","7501000628384","8","1");
INSERT INTO pro_precio VALUES("368","7501000628384","9","2");
INSERT INTO pro_precio VALUES("369","7501000628384","8","3");
INSERT INTO pro_precio VALUES("370","7501000628384","0","4");
INSERT INTO pro_precio VALUES("371","7501000628384","0","5");
INSERT INTO pro_precio VALUES("372","7501000628384","0","6");
INSERT INTO pro_precio VALUES("373","7501011123588","9","1");
INSERT INTO pro_precio VALUES("374","7501011123588","9","2");
INSERT INTO pro_precio VALUES("375","7501011123588","9","3");
INSERT INTO pro_precio VALUES("376","7501011123588","0","4");
INSERT INTO pro_precio VALUES("377","7501011123588","0","5");
INSERT INTO pro_precio VALUES("378","7501011123588","0","6");
INSERT INTO pro_precio VALUES("379","730399012062","8.5","1");
INSERT INTO pro_precio VALUES("380","730399012062","9","2");
INSERT INTO pro_precio VALUES("381","730399012062","8","3");
INSERT INTO pro_precio VALUES("382","730399012062","0","4");
INSERT INTO pro_precio VALUES("383","730399012062","0","5");
INSERT INTO pro_precio VALUES("384","730399012062","0","6");
INSERT INTO pro_precio VALUES("385","7503004600014","11","1");
INSERT INTO pro_precio VALUES("386","7503004600014","11","2");
INSERT INTO pro_precio VALUES("387","7503004600014","10","3");
INSERT INTO pro_precio VALUES("388","7503004600014","0","4");
INSERT INTO pro_precio VALUES("389","7503004600014","0","5");
INSERT INTO pro_precio VALUES("390","7503004600014","0","6");
INSERT INTO pro_precio VALUES("391","730399003329","8.5","1");
INSERT INTO pro_precio VALUES("392","730399003329","10","2");
INSERT INTO pro_precio VALUES("393","730399003329","8","3");
INSERT INTO pro_precio VALUES("394","730399003329","0","4");
INSERT INTO pro_precio VALUES("395","730399003329","0","5");
INSERT INTO pro_precio VALUES("396","730399003329","0","6");
INSERT INTO pro_precio VALUES("397","7501011116252","9.5","1");
INSERT INTO pro_precio VALUES("398","7501011116252","10","2");
INSERT INTO pro_precio VALUES("399","7501011116252","9","3");
INSERT INTO pro_precio VALUES("400","7501011116252","0","4");
INSERT INTO pro_precio VALUES("401","7501011116252","0","5");
INSERT INTO pro_precio VALUES("402","7501011116252","0","6");
INSERT INTO pro_precio VALUES("403","7501761802344","9","1");
INSERT INTO pro_precio VALUES("404","7501761802344","10","2");
INSERT INTO pro_precio VALUES("405","7501761802344","9","3");
INSERT INTO pro_precio VALUES("406","7501761802344","0","4");
INSERT INTO pro_precio VALUES("407","7501761802344","0","5");
INSERT INTO pro_precio VALUES("408","7501761802344","0","6");
INSERT INTO pro_precio VALUES("409","7501761802351","9","1");
INSERT INTO pro_precio VALUES("410","7501761802351","10","2");
INSERT INTO pro_precio VALUES("411","7501761802351","9","3");
INSERT INTO pro_precio VALUES("412","7501761802351","0","4");
INSERT INTO pro_precio VALUES("413","7501761802351","0","5");
INSERT INTO pro_precio VALUES("414","7501761802351","0","6");
INSERT INTO pro_precio VALUES("415","7501761802337","9","1");
INSERT INTO pro_precio VALUES("416","7501761802337","10","2");
INSERT INTO pro_precio VALUES("417","7501761802337","9","3");
INSERT INTO pro_precio VALUES("418","7501761802337","0","4");
INSERT INTO pro_precio VALUES("419","7501761802337","0","5");
INSERT INTO pro_precio VALUES("420","7501761802337","0","6");
INSERT INTO pro_precio VALUES("421","7503004600144","13","1");
INSERT INTO pro_precio VALUES("422","7503004600144","13","2");
INSERT INTO pro_precio VALUES("423","7503004600144","10","3");
INSERT INTO pro_precio VALUES("424","7503004600144","0","4");
INSERT INTO pro_precio VALUES("425","7503004600144","0","5");
INSERT INTO pro_precio VALUES("426","7503004600144","0","6");
INSERT INTO pro_precio VALUES("427","7501000153107","9","1");
INSERT INTO pro_precio VALUES("428","7501000153107","10","2");
INSERT INTO pro_precio VALUES("429","7501000153107","9","3");
INSERT INTO pro_precio VALUES("430","7501000153107","0","4");
INSERT INTO pro_precio VALUES("431","7501000153107","0","5");
INSERT INTO pro_precio VALUES("432","7501000153107","0","6");
INSERT INTO pro_precio VALUES("433","730399002209","8.5","1");
INSERT INTO pro_precio VALUES("434","730399002209","9","2");
INSERT INTO pro_precio VALUES("435","730399002209","8","3");
INSERT INTO pro_precio VALUES("436","730399002209","0","4");
INSERT INTO pro_precio VALUES("437","730399002209","0","5");
INSERT INTO pro_precio VALUES("438","730399002209","0","6");
INSERT INTO pro_precio VALUES("439","730399006122","9","1");
INSERT INTO pro_precio VALUES("440","730399006122","9","2");
INSERT INTO pro_precio VALUES("441","730399006122","9","3");
INSERT INTO pro_precio VALUES("442","730399006122","0","4");
INSERT INTO pro_precio VALUES("443","730399006122","0","5");
INSERT INTO pro_precio VALUES("444","730399006122","0","6");
INSERT INTO pro_precio VALUES("445","7622210267818","8","1");
INSERT INTO pro_precio VALUES("446","7622210267818","8","2");
INSERT INTO pro_precio VALUES("447","7622210267818","7.5","3");
INSERT INTO pro_precio VALUES("448","7622210267818","0","4");
INSERT INTO pro_precio VALUES("449","7622210267818","0","5");
INSERT INTO pro_precio VALUES("450","7622210267818","0","6");
INSERT INTO pro_precio VALUES("451","730399003497","8.5","1");
INSERT INTO pro_precio VALUES("452","730399003497","10","2");
INSERT INTO pro_precio VALUES("453","730399003497","8","3");
INSERT INTO pro_precio VALUES("454","730399003497","0","4");
INSERT INTO pro_precio VALUES("455","730399003497","0","5");
INSERT INTO pro_precio VALUES("456","730399003497","0","6");
INSERT INTO pro_precio VALUES("457","7501013118056","9","1");
INSERT INTO pro_precio VALUES("458","7501013118056","10","2");
INSERT INTO pro_precio VALUES("459","7501013118056","9","3");
INSERT INTO pro_precio VALUES("460","7501013118056","0","4");
INSERT INTO pro_precio VALUES("461","7501013118056","0","5");
INSERT INTO pro_precio VALUES("462","7501013118056","0","6");
INSERT INTO pro_precio VALUES("463","7501013118032","9","1");
INSERT INTO pro_precio VALUES("464","7501013118032","10","2");
INSERT INTO pro_precio VALUES("465","7501013118032","9","3");
INSERT INTO pro_precio VALUES("466","7501013118032","0","4");
INSERT INTO pro_precio VALUES("467","7501013118032","0","5");
INSERT INTO pro_precio VALUES("468","7501013118032","0","6");
INSERT INTO pro_precio VALUES("469","7501013118193","9","1");
INSERT INTO pro_precio VALUES("470","7501013118193","10","2");
INSERT INTO pro_precio VALUES("471","7501013118193","9","3");
INSERT INTO pro_precio VALUES("472","7501013118193","0","4");
INSERT INTO pro_precio VALUES("473","7501013118193","0","5");
INSERT INTO pro_precio VALUES("474","7501013118193","0","6");
INSERT INTO pro_precio VALUES("475","7501013118117","9","1");
INSERT INTO pro_precio VALUES("476","7501013118117","10","2");
INSERT INTO pro_precio VALUES("477","7501013118117","9","3");
INSERT INTO pro_precio VALUES("478","7501013118117","0","4");
INSERT INTO pro_precio VALUES("479","7501013118117","0","5");
INSERT INTO pro_precio VALUES("480","7501013118117","0","6");
INSERT INTO pro_precio VALUES("481","7501011197794","10","1");
INSERT INTO pro_precio VALUES("482","7501011197794","10","2");
INSERT INTO pro_precio VALUES("483","7501011197794","9","3");
INSERT INTO pro_precio VALUES("484","7501011197794","0","4");
INSERT INTO pro_precio VALUES("485","7501011197794","0","5");
INSERT INTO pro_precio VALUES("486","7501011197794","0","6");
INSERT INTO pro_precio VALUES("487","74323096989","9","1");
INSERT INTO pro_precio VALUES("488","74323096989","10","2");
INSERT INTO pro_precio VALUES("489","74323096989","7.5","3");
INSERT INTO pro_precio VALUES("490","74323096989","0","4");
INSERT INTO pro_precio VALUES("491","74323096989","0","5");
INSERT INTO pro_precio VALUES("492","74323096989","0","6");
INSERT INTO pro_precio VALUES("493","7506174500450","14","1");
INSERT INTO pro_precio VALUES("494","7506174500450","15","2");
INSERT INTO pro_precio VALUES("495","7506174500450","12.5","3");
INSERT INTO pro_precio VALUES("496","7506174500450","0","4");
INSERT INTO pro_precio VALUES("497","7506174500450","0","5");
INSERT INTO pro_precio VALUES("498","7506174500450","0","6");
INSERT INTO pro_precio VALUES("499","7501000651375","8","1");
INSERT INTO pro_precio VALUES("500","7501000651375","10","2");
INSERT INTO pro_precio VALUES("501","7501000651375","8","3");
INSERT INTO pro_precio VALUES("502","7501000651375","0","4");
INSERT INTO pro_precio VALUES("503","7501000651375","0","5");
INSERT INTO pro_precio VALUES("504","7501000651375","0","6");
INSERT INTO pro_precio VALUES("505","7501031360130","7.5","1");
INSERT INTO pro_precio VALUES("506","7501031360130","10","2");
INSERT INTO pro_precio VALUES("507","7501031360130","7.5","3");
INSERT INTO pro_precio VALUES("508","7501031360130","0","4");
INSERT INTO pro_precio VALUES("509","7501031360130","0","5");
INSERT INTO pro_precio VALUES("510","7501031360130","0","6");
INSERT INTO pro_precio VALUES("511","7501031346301","7.5","1");
INSERT INTO pro_precio VALUES("512","7501031346301","10","2");
INSERT INTO pro_precio VALUES("513","7501031346301","7.5","3");
INSERT INTO pro_precio VALUES("514","7501031346301","0","4");
INSERT INTO pro_precio VALUES("515","7501031346301","0","5");
INSERT INTO pro_precio VALUES("516","7501031346301","0","6");
INSERT INTO pro_precio VALUES("517","75002244","9","1");
INSERT INTO pro_precio VALUES("518","75002244","10","2");
INSERT INTO pro_precio VALUES("519","75002244","9","3");
INSERT INTO pro_precio VALUES("520","75002244","0","4");
INSERT INTO pro_precio VALUES("521","75002244","0","5");
INSERT INTO pro_precio VALUES("522","75002244","0","6");
INSERT INTO pro_precio VALUES("523","74323077827","9","1");
INSERT INTO pro_precio VALUES("524","74323077827","10","2");
INSERT INTO pro_precio VALUES("525","74323077827","7","3");
INSERT INTO pro_precio VALUES("526","74323077827","0","4");
INSERT INTO pro_precio VALUES("527","74323077827","0","5");
INSERT INTO pro_precio VALUES("528","74323077827","0","6");
INSERT INTO pro_precio VALUES("529","7501000153541","14.5","1");
INSERT INTO pro_precio VALUES("530","7501000153541","16","2");
INSERT INTO pro_precio VALUES("531","7501000153541","13.5","3");
INSERT INTO pro_precio VALUES("532","7501000153541","0","4");
INSERT INTO pro_precio VALUES("533","7501000153541","0","5");
INSERT INTO pro_precio VALUES("534","7501000153541","0","6");
INSERT INTO pro_precio VALUES("535","7501000153503","14.5","1");
INSERT INTO pro_precio VALUES("536","7501000153503","16","2");
INSERT INTO pro_precio VALUES("537","7501000153503","13.5","3");
INSERT INTO pro_precio VALUES("538","7501000153503","0","4");
INSERT INTO pro_precio VALUES("539","7501000153503","0","5");
INSERT INTO pro_precio VALUES("540","7501000153503","0","6");
INSERT INTO pro_precio VALUES("541","719886511066","7","1");
INSERT INTO pro_precio VALUES("542","719886511066","7","2");
INSERT INTO pro_precio VALUES("543","719886511066","8","3");
INSERT INTO pro_precio VALUES("544","719886511066","0","4");
INSERT INTO pro_precio VALUES("545","719886511066","0","5");
INSERT INTO pro_precio VALUES("546","719886511066","0","6");
INSERT INTO pro_precio VALUES("547","7501031310012","9","1");
INSERT INTO pro_precio VALUES("548","7501031310012","12","2");
INSERT INTO pro_precio VALUES("549","7501031310012","9","3");
INSERT INTO pro_precio VALUES("550","7501031310012","0","4");
INSERT INTO pro_precio VALUES("551","7501031310012","0","5");
INSERT INTO pro_precio VALUES("552","7501031310012","0","6");
INSERT INTO pro_precio VALUES("553","7501037377309","7.5","1");
INSERT INTO pro_precio VALUES("554","7501037377309","7.5","2");
INSERT INTO pro_precio VALUES("555","7501037377309","7.5","3");
INSERT INTO pro_precio VALUES("556","7501037377309","0","4");
INSERT INTO pro_precio VALUES("557","7501037377309","0","5");
INSERT INTO pro_precio VALUES("558","7501037377309","0","6");
INSERT INTO pro_precio VALUES("559","7501031312306","7.5","1");
INSERT INTO pro_precio VALUES("560","7501031312306","9","2");
INSERT INTO pro_precio VALUES("561","7501031312306","7.5","3");
INSERT INTO pro_precio VALUES("562","7501031312306","0","4");
INSERT INTO pro_precio VALUES("563","7501031312306","0","5");
INSERT INTO pro_precio VALUES("564","7501031312306","0","6");
INSERT INTO pro_precio VALUES("565","7501000153800","12","1");
INSERT INTO pro_precio VALUES("566","7501000153800","14","2");
INSERT INTO pro_precio VALUES("567","7501000153800","13","3");
INSERT INTO pro_precio VALUES("568","7501000153800","0","4");
INSERT INTO pro_precio VALUES("569","7501000153800","0","5");
INSERT INTO pro_precio VALUES("570","7501000153800","0","6");
INSERT INTO pro_precio VALUES("571","7503010447023","6","1");
INSERT INTO pro_precio VALUES("572","7503010447023","6","2");
INSERT INTO pro_precio VALUES("573","7503010447023","6","3");
INSERT INTO pro_precio VALUES("574","7503010447023","0","4");
INSERT INTO pro_precio VALUES("575","7503010447023","0","5");
INSERT INTO pro_precio VALUES("576","7503010447023","0","6");
INSERT INTO pro_precio VALUES("577","7501011111028","9","1");
INSERT INTO pro_precio VALUES("578","7501011111028","10","2");
INSERT INTO pro_precio VALUES("579","7501011111028","9","3");
INSERT INTO pro_precio VALUES("580","7501011111028","0","4");
INSERT INTO pro_precio VALUES("581","7501011111028","0","5");
INSERT INTO pro_precio VALUES("582","7501011111028","0","6");
INSERT INTO pro_precio VALUES("583","730399007181","8.5","1");
INSERT INTO pro_precio VALUES("584","730399007181","9","2");
INSERT INTO pro_precio VALUES("585","730399007181","8","3");
INSERT INTO pro_precio VALUES("586","730399007181","0","4");
INSERT INTO pro_precio VALUES("587","730399007181","0","5");
INSERT INTO pro_precio VALUES("588","730399007181","0","6");
INSERT INTO pro_precio VALUES("589","7501011145566","7","1");
INSERT INTO pro_precio VALUES("590","7501011145566","7","2");
INSERT INTO pro_precio VALUES("591","7501011145566","6","3");
INSERT INTO pro_precio VALUES("592","7501011145566","0","4");
INSERT INTO pro_precio VALUES("593","7501011145566","0","5");
INSERT INTO pro_precio VALUES("594","7501011145566","0","6");
INSERT INTO pro_precio VALUES("595","7501000112128","13","1");
INSERT INTO pro_precio VALUES("596","7501000112128","14","2");
INSERT INTO pro_precio VALUES("597","7501000112128","13","3");
INSERT INTO pro_precio VALUES("598","7501000112128","0","4");
INSERT INTO pro_precio VALUES("599","7501000112128","0","5");
INSERT INTO pro_precio VALUES("600","7501000112128","0","6");
INSERT INTO pro_precio VALUES("601","7501000112166","13","1");
INSERT INTO pro_precio VALUES("602","7501000112166","14","2");
INSERT INTO pro_precio VALUES("603","7501000112166","13","3");
INSERT INTO pro_precio VALUES("604","7501000112166","0","4");
INSERT INTO pro_precio VALUES("605","7501000112166","0","5");
INSERT INTO pro_precio VALUES("606","7501000112166","0","6");
INSERT INTO pro_precio VALUES("607","7501011104099","10","1");
INSERT INTO pro_precio VALUES("608","7501011104099","10.5","2");
INSERT INTO pro_precio VALUES("609","7501011104099","10","3");
INSERT INTO pro_precio VALUES("610","7501011104099","0","4");
INSERT INTO pro_precio VALUES("611","7501011104099","0","5");
INSERT INTO pro_precio VALUES("612","7501011104099","0","6");
INSERT INTO pro_precio VALUES("613","7501761834840","8","1");
INSERT INTO pro_precio VALUES("614","7501761834840","10","2");
INSERT INTO pro_precio VALUES("615","7501761834840","8","3");
INSERT INTO pro_precio VALUES("616","7501761834840","0","4");
INSERT INTO pro_precio VALUES("617","7501761834840","0","5");
INSERT INTO pro_precio VALUES("618","7501761834840","0","6");
INSERT INTO pro_precio VALUES("619","730399002100","8.5","1");
INSERT INTO pro_precio VALUES("620","730399002100","9","2");
INSERT INTO pro_precio VALUES("621","730399002100","8","3");
INSERT INTO pro_precio VALUES("622","730399002100","0","4");
INSERT INTO pro_precio VALUES("623","730399002100","0","5");
INSERT INTO pro_precio VALUES("624","730399002100","0","6");
INSERT INTO pro_precio VALUES("625","7503003399025","16","1");
INSERT INTO pro_precio VALUES("626","7503003399025","20","2");
INSERT INTO pro_precio VALUES("627","7503003399025","13","3");
INSERT INTO pro_precio VALUES("628","7503003399025","0","4");
INSERT INTO pro_precio VALUES("629","7503003399025","0","5");
INSERT INTO pro_precio VALUES("630","7503003399025","0","6");
INSERT INTO pro_precio VALUES("631","7501000601776","10","1");
INSERT INTO pro_precio VALUES("632","7501000601776","11","2");
INSERT INTO pro_precio VALUES("633","7501000601776","10","3");
INSERT INTO pro_precio VALUES("634","7501000601776","0","4");
INSERT INTO pro_precio VALUES("635","7501000601776","0","5");
INSERT INTO pro_precio VALUES("636","7501000601776","0","6");
INSERT INTO pro_precio VALUES("637","7501031323302","7.5","1");
INSERT INTO pro_precio VALUES("638","7501031323302","10","2");
INSERT INTO pro_precio VALUES("639","7501031323302","7.5","3");
INSERT INTO pro_precio VALUES("640","7501031323302","0","4");
INSERT INTO pro_precio VALUES("641","7501031323302","0","5");
INSERT INTO pro_precio VALUES("642","7501031323302","0","6");
INSERT INTO pro_precio VALUES("643","7506174500207","14","1");
INSERT INTO pro_precio VALUES("644","7506174500207","15","2");
INSERT INTO pro_precio VALUES("645","7506174500207","12.5","3");
INSERT INTO pro_precio VALUES("646","7506174500207","0","4");
INSERT INTO pro_precio VALUES("647","7506174500207","0","5");
INSERT INTO pro_precio VALUES("648","7506174500207","0","6");
INSERT INTO pro_precio VALUES("649","730399003237","8.5","1");
INSERT INTO pro_precio VALUES("650","730399003237","9","2");
INSERT INTO pro_precio VALUES("651","730399003237","8","3");
INSERT INTO pro_precio VALUES("652","730399003237","0","4");
INSERT INTO pro_precio VALUES("653","730399003237","0","5");
INSERT INTO pro_precio VALUES("654","730399003237","0","6");
INSERT INTO pro_precio VALUES("655","7501000156214","12.5","1");
INSERT INTO pro_precio VALUES("656","7501000156214","14","2");
INSERT INTO pro_precio VALUES("657","7501000156214","12","3");
INSERT INTO pro_precio VALUES("658","7501000156214","0","4");
INSERT INTO pro_precio VALUES("659","7501000156214","0","5");
INSERT INTO pro_precio VALUES("660","7501000156214","0","6");
INSERT INTO pro_precio VALUES("661","7501000153374","12.5","1");
INSERT INTO pro_precio VALUES("662","7501000153374","14","2");
INSERT INTO pro_precio VALUES("663","7501000153374","12","3");
INSERT INTO pro_precio VALUES("664","7501000153374","0","4");
INSERT INTO pro_precio VALUES("665","7501000153374","0","5");
INSERT INTO pro_precio VALUES("666","7501000153374","0","6");
INSERT INTO pro_precio VALUES("667","7501000153282","12.5","1");
INSERT INTO pro_precio VALUES("668","7501000153282","14","2");
INSERT INTO pro_precio VALUES("669","7501000153282","12","3");
INSERT INTO pro_precio VALUES("670","7501000153282","0","4");
INSERT INTO pro_precio VALUES("671","7501000153282","0","5");
INSERT INTO pro_precio VALUES("672","7501000153282","0","6");
INSERT INTO pro_precio VALUES("673","7501030424536","10","1");
INSERT INTO pro_precio VALUES("674","7501030424536","10","2");
INSERT INTO pro_precio VALUES("675","7501030424536","9","3");
INSERT INTO pro_precio VALUES("676","7501030424536","0","4");
INSERT INTO pro_precio VALUES("677","7501030424536","0","5");
INSERT INTO pro_precio VALUES("678","7501030424536","0","6");
INSERT INTO pro_precio VALUES("679","7501000164370","10","1");
INSERT INTO pro_precio VALUES("680","7501000164370","10","2");
INSERT INTO pro_precio VALUES("681","7501000164370","9","3");
INSERT INTO pro_precio VALUES("682","7501000164370","0","4");
INSERT INTO pro_precio VALUES("683","7501000164370","0","5");
INSERT INTO pro_precio VALUES("684","7501000164370","0","6");
INSERT INTO pro_precio VALUES("685","7503010447030","10","1");
INSERT INTO pro_precio VALUES("686","7503010447030","10","2");
INSERT INTO pro_precio VALUES("687","7503010447030","10","3");
INSERT INTO pro_precio VALUES("688","7503010447030","0","4");
INSERT INTO pro_precio VALUES("689","7503010447030","0","5");
INSERT INTO pro_precio VALUES("690","7503010447030","0","6");
INSERT INTO pro_precio VALUES("691","7501000657636","10","1");
INSERT INTO pro_precio VALUES("692","7501000657636","10","2");
INSERT INTO pro_precio VALUES("693","7501000657636","8","3");
INSERT INTO pro_precio VALUES("694","7501000657636","0","4");
INSERT INTO pro_precio VALUES("695","7501000657636","0","5");
INSERT INTO pro_precio VALUES("696","7501000657636","0","6");
INSERT INTO pro_precio VALUES("697","604722005154","9","1");
INSERT INTO pro_precio VALUES("698","604722005154","10","2");
INSERT INTO pro_precio VALUES("699","604722005154","9","3");
INSERT INTO pro_precio VALUES("700","604722005154","0","4");
INSERT INTO pro_precio VALUES("701","604722005154","0","5");
INSERT INTO pro_precio VALUES("702","604722005154","0","6");
INSERT INTO pro_precio VALUES("703","7501011127012","10.5","1");
INSERT INTO pro_precio VALUES("704","7501011127012","11","2");
INSERT INTO pro_precio VALUES("705","7501011127012","10","3");
INSERT INTO pro_precio VALUES("706","7501011127012","0","4");
INSERT INTO pro_precio VALUES("707","7501011127012","0","5");
INSERT INTO pro_precio VALUES("708","7501011127012","0","6");
INSERT INTO pro_precio VALUES("709","7501056901882","8","1");
INSERT INTO pro_precio VALUES("710","7501056901882","12","2");
INSERT INTO pro_precio VALUES("711","7501056901882","7","3");
INSERT INTO pro_precio VALUES("712","7501056901882","0","4");
INSERT INTO pro_precio VALUES("713","7501056901882","0","5");
INSERT INTO pro_precio VALUES("714","7501056901882","0","6");
INSERT INTO pro_precio VALUES("715","7501000628933","12","1");
INSERT INTO pro_precio VALUES("716","7501000628933","14","2");
INSERT INTO pro_precio VALUES("717","7501000628933","12","3");
INSERT INTO pro_precio VALUES("718","7501000628933","0","4");
INSERT INTO pro_precio VALUES("719","7501000628933","0","5");
INSERT INTO pro_precio VALUES("720","7501000628933","0","6");
INSERT INTO pro_precio VALUES("721","7501000628940","12","1");
INSERT INTO pro_precio VALUES("722","7501000628940","14","2");
INSERT INTO pro_precio VALUES("723","7501000628940","12","3");
INSERT INTO pro_precio VALUES("724","7501000628940","0","4");
INSERT INTO pro_precio VALUES("725","7501000628940","0","5");
INSERT INTO pro_precio VALUES("726","7501000628940","0","6");
INSERT INTO pro_precio VALUES("727","7501020539400","9","1");
INSERT INTO pro_precio VALUES("728","7501020539400","12","2");
INSERT INTO pro_precio VALUES("729","7501020539400","9","3");
INSERT INTO pro_precio VALUES("730","7501020539400","0","4");
INSERT INTO pro_precio VALUES("731","7501020539400","0","5");
INSERT INTO pro_precio VALUES("732","7501020539400","0","6");


CREATE TABLE `producto` (
  `id` int(11) NOT NULL AUTO_INCREMENT,
  `codigo` varchar(255) NOT NULL,
  `nombre` varchar(255) NOT NULL,
  `um` varchar(255) NOT NULL,
  `costo` varchar(255) NOT NULL,
  `maximo` varchar(255) NOT NULL,
  `minimo` varchar(255) NOT NULL,
  `estado` varchar(255) NOT NULL,
  `grupo` varchar(255) NOT NULL,
  `subgrupo` varchar(255) NOT NULL,
  `familia` varchar(255) NOT NULL,
  `dpto` varchar(255) NOT NULL,
  `inv` varchar(10) NOT NULL,
  `nota` text NOT NULL,
  `talla` varchar(255) NOT NULL,
  `color` varchar(255) NOT NULL,
  PRIMARY KEY (`id`)
) ENGINE=InnoDB AUTO_INCREMENT=107 DEFAULT CHARSET=latin1;

INSERT INTO producto VALUES("1","12","Producto de Prueba","Unidad","20","100","10","s","1","5","92","10","SI","Es un hecho establecido hace demasiado tiempo que un lector se distraer&Atilde;??&Atilde;?&Acirc;&iexcl; con el contenido del texto de un sitio mientras que mira su dise&Atilde;??&Atilde;?&Acirc;&plusmn;o. El punto de usar Lorem Ipsum es que tiene una distribuci&Atilde;??&Atilde;?&Acirc;&sup3;n m&Atilde;??&Atilde;?&Acirc;&iexcl;s o menos normal de las letras","","");
INSERT INTO producto VALUES("2","13","Producto de Prueba dos","Unidad","200","200","10","s","1","2","3","10","SI","Es un hecho establecido hace demasiado tiempo que un lector se distraer&Atilde;&iexcl; con el contenido del texto de un sitio mientras que mira su dise&Atilde;&plusmn;o. El punto de usar Lorem Ipsum es que tiene una distribuci&Atilde;&sup3;n m&Atilde;&iexcl;s o menos normal de las letras","","");
INSERT INTO producto VALUES("3","676767","PRODUCTO ENTRANTE","Unidad","90","100","200","s","4","5","6","10","SI","Es un hecho establecido hace demasiado tiempo que un lector se distraerá con el contenido del texto de un sitio mientras que mira su diseño. El punto de usar Lorem Ipsum es que tiene una distribución más o menos normal de las letras","","");
INSERT INTO producto VALUES("4","5894048","PARLANTES","Unidad","120","200","400","s","7","8","9","10","SI","Es un hecho establecido hace demasiado tiempo que un lector se distraerá con el contenido del texto de un sitio mientras que mira su diseño. El punto de usar Lorem Ipsum es que tiene una distribución más o menos normal de las letras","","");
INSERT INTO producto VALUES("5","23","COCACOLA","Unidad","5","500","100","s","7","5","6","10","SI","Es un hecho establecido hace demasiado tiempo que un lector se distraerá con el contenido del texto de un sitio mientras que mira su diseño. El punto de usar Lorem Ipsum es que tiene una distribución más o menos normal de las letras","","");
INSERT INTO producto VALUES("6","9393","GALLETAS","Unidad","0","200","100","s","4","5","3","10","SI","Es un hecho establecido hace demasiado tiempo que un lector se distraerá con el contenido del texto de un sitio mientras que mira su diseño. El punto de usar Lorem Ipsum es que tiene una distribución más o menos normal de las letras","","");
INSERT INTO producto VALUES("7","345","LIBROS DE JOVENES","Unidad","300","3","2","s","4","5","3","10","SI","libro descripcion unica para el ejemplo de este modulo de ventas online libro descripcion unica para el ejemplo de este modulo de ventas online libro descripcion unica para el ejemplo de este modulo de ventas online libro descripcion unica para el ejemplo de este modulo de ventas online libro descripcion unica para el ejemplo de este modulo de ventas online libro descripcion unica para el ejemplo de este modulo de ventas online libro descripcion unica para el ejemplo de este modulo de ventas online libro descripcion unica para el ejemplo de este modulo de ventas online libro descripcion unica para el ejemplo de este modulo de ventas online libro descripcion unica para el ejemplo de este modulo de ventas online libro descripcion unica para el ejemplo de este modulo de ventas online","","");
INSERT INTO producto VALUES("8","7501006551068","ACT II MANTEQUILLA EXTRA","PIEZA","6.03","10","100","s","12","13","14","15","SI","","","");
INSERT INTO producto VALUES("9","7503004600120","AVE FRESA","PIEZA","7.02","5","5","s","16","17","18","15","SI","","","");
INSERT INTO producto VALUES("10","7501761810189","BARRAS DE AVENA Y TRIGO FRESA","PIEZA","5.49","40","150","s","19","20","21","15","SI","","","");
INSERT INTO producto VALUES("11","7501761810271","BARRAS DE AVENA Y TRIGO PINA","PIEZA","5.49","40","150","s","19","22","21","15","SI","","","");
INSERT INTO producto VALUES("12","7501000669509","BARRAS DE COCO","PIEZA","7.06","15","150","s","19","23","21","15","SI","","","");
INSERT INTO producto VALUES("13","7501000133055","BARRITAS DE FRESA","PIEZA","6.75","10","60","s","24","25","26","15","SI","","","");
INSERT INTO producto VALUES("14","7501000133031","BARRITAS DE PINA","PIEZA","6.75","10","60","s","24","27","26","15","SI","","","");
INSERT INTO producto VALUES("15","7506241201228","BIG AGUA","PIEZA","2.3","48","360","s","28","29","30","15","SI","","","");
INSERT INTO producto VALUES("16","7750670002196","BIG COLA LATA","PIEZA","3.16","132","1400","s","28","31","30","15","SI","","","");
INSERT INTO producto VALUES("17","730399003848","BOKACHITOS","PIEZA","3.04","35","150","s","32","33","34","15","SI","","","");
INSERT INTO producto VALUES("18","730399004029","BOKADITAS","PIEZA","4.72","25","200","s","32","33","34","15","SI","","","");
INSERT INTO producto VALUES("19","730399013106","BOKAMIX","PIEZA","5.3","35","150","s","32","33","34","15","SI","","","");
INSERT INTO producto VALUES("20","7501000116447","BRAN FRUT FRESA","PIEZA","3.47","12","100","s","24","35","26","15","SI","","","");
INSERT INTO producto VALUES("21","7501000116430","BRAN FRUT PINA","PIEZA","3.47","12","100","s","36","37","26","15","SI","","","");
INSERT INTO producto VALUES("22","7432354","BUBULUBU","PIEZA","4.68","15","100","s","38","39","40","15","SI","","","");
INSERT INTO producto VALUES("23","7501016411505","CACAHUATE NIPON","PIEZA","3.2","20","140","s","41","42","43","15","SI","","","");
INSERT INTO producto VALUES("24","730399001844","CACAHUATES ENCHILADOS","PIEZA","4.4","20","140","s","32","44","34","15","SI","","","");
INSERT INTO producto VALUES("25","75002220","CANELITAS","PIEZA","3","15","150","s","12","23","45","15","SI","","","");
INSERT INTO producto VALUES("26","7501011143586","CHEETOS","PIEZA","4.88","35","150","s","46","33","21","15","SI","","","");
INSERT INTO producto VALUES("27","730399018415","CHICHARRON DE CERDO","PIEZA","5.36","15","200","s","32","47","34","15","SI","","","");
INSERT INTO producto VALUES("28","39465021008","CHICHOS","PIEZA","5.69","25","150","s","48","33","49","15","SI","","","");
INSERT INTO producto VALUES("29","7501000266333","CHIPS JALAPENOS","PIEZA","7.76","35","100","s","50","51","40","15","SI","","","");
INSERT INTO producto VALUES("30","7501020535891","CHOCOLALA","PIEZA","6","12","50","s","52","53","54","15","SI","","","");
INSERT INTO producto VALUES("31","7501000658220","CHOCOLATINES","PIEZA","4.7","35","200","s","19","55","21","15","SI","","","");
INSERT INTO producto VALUES("32","74323078688","CHOCORETAS","PIEZA","5.46","30","200","s","38","39","40","15","SI","","","");
INSERT INTO producto VALUES("33","75002275","CHOCORROLES","PIEZA","8.1","6","20","s","24","17","26","15","SI","","","");
INSERT INTO producto VALUES("34","7501000635306","CHOKIS","PIEZA","6.28","30","150","s","19","55","21","15","SI","","","");
INSERT INTO producto VALUES("35","7501011132283","CHURRUMAIZ","PIEZA","4.07","35","150","s","46","33","21","15","SI","","","");
INSERT INTO producto VALUES("36","75009809","COCA COLA 500 ML","PIEZA","8.09","48","144","s","12","56","34","15","SI","","","");
INSERT INTO producto VALUES("37","7501055300075","COCA COLA LATA","PIEZA","7.6","96","360","s","12","31","34","15","SI","","","");
INSERT INTO producto VALUES("38","7501055305391","COCA COLA LIGHT LATA","PIEZA","7.4","24","360","s","12","31","34","15","SI","","","");
INSERT INTO producto VALUES("39","39465011009","CONCHITAS","PIEZA","5.69","35","150","s","57","33","49","15","SI","","","");
INSERT INTO producto VALUES("40","7506241202102","COOL TEA","PIEZA","4.83","48","144","s","28","58","30","15","SI","","","");
INSERT INTO producto VALUES("41","7501000606566","CREMAX CHOCOLATE","PIEZA","6.28","10","100","s","19","55","21","15","SI","","","");
INSERT INTO producto VALUES("42","7501000606580","CREMAX FRESA","PIEZA","6.28","10","100","s","19","59","21","15","SI","","","");
INSERT INTO producto VALUES("43","7501000606573","CREMAX VAINILLA","PIEZA","6.28","10","100","s","19","23","21","15","SI","","","");
INSERT INTO producto VALUES("44","7501000635245","DELICIAS","PIEZA","7.06","15","150","s","19","23","21","15","SI","","","");
INSERT INTO producto VALUES("45","730399007556","DIPAZOS","PIEZA","2.56","25","200","s","32","33","34","15","SI","","","");
INSERT INTO producto VALUES("46","7501000628384","DORADAS","PIEZA","4.7","15","150","s","19","23","21","15","SI","","","");
INSERT INTO producto VALUES("47","7501011123588","DORITOS","PIEZA","6.5","25","200","s","46","60","21","15","SI","","","");
INSERT INTO producto VALUES("48","730399012062","ENREDOS","PIEZA","4.72","35","150","s","46","33","34","15","SI","","","");
INSERT INTO producto VALUES("49","7503004600014","FLAXY","PIEZA","7.02","5","5","s","16","17","18","15","SI","","","");
INSERT INTO producto VALUES("50","730399003329","FRIKOS FUEGO","PIEZA","4.72","35","150","s","32","33","34","15","SI","","","");
INSERT INTO producto VALUES("51","7501011116252","FRITOS","PIEZA","5.7","35","150","s","46","33","21","15","SI","","","");
INSERT INTO producto VALUES("52","7501761802344","GALLETAS DE AVENA GRANOLA","PIEZA","5.49","30","250","s","19","61","21","15","SI","","","");
INSERT INTO producto VALUES("53","7501761802351","GALLETAS DE AVENA MANZANA Y CANELA","PIEZA","5.49","30","250","s","19","62","21","15","SI","","","");
INSERT INTO producto VALUES("54","7501761802337","GALLETAS DE AVENA PASAS","PIEZA","5.49","30","250","s","19","63","21","15","SI","","","");
INSERT INTO producto VALUES("55","7503004600144","GALLETAS DE NUEZ","PIEZA","9.18","5","5","s","16","64","18","15","SI","","","");
INSERT INTO producto VALUES("56","7501000153107","GANSITO","PIEZA","5.7","5","30","s","65","17","26","15","SI","","","");
INSERT INTO producto VALUES("57","730399002209","GIRASOLITO SEMILLAS","PIEZA","4.4","25","150","s","32","66","34","15","SI","","","");
INSERT INTO producto VALUES("58","730399006122","GOLOS","PIEZA","5.36","25","150","s","32","39","34","15","SI","","","");
INSERT INTO producto VALUES("59","7622210267818","HALLS","PIEZA","3.92","18","180","s","12","67","68","15","SI","","","");
INSERT INTO producto VALUES("60","730399003497","HUEKOS","PIEZA","5.12","35","150","s","32","33","34","15","SI","","","");
INSERT INTO producto VALUES("61","7501013118056","JUMEX DURAZNO","PIEZA","6.5","36","180","s","12","31","69","15","SI","","","");
INSERT INTO producto VALUES("62","7501013118032","JUMEX MANGO","PIEZA","6.5","36","180","s","12","31","69","15","SI","","","");
INSERT INTO producto VALUES("63","7501013118193","JUMEX MANZANA","PIEZA","6.5","36","180","s","12","31","69","15","SI","","","");
INSERT INTO producto VALUES("64","7501013118117","JUMEX PINA","PIEZA","6.5","36","180","s","12","31","69","15","SI","","","");
INSERT INTO producto VALUES("65","7501011197794","KKWATES SALADOS","PIEZA","5.4","30","200","s","50","70","21","15","SI","","","");
INSERT INTO producto VALUES("67","7506174500450","M&amp;M&Acirc;&acute;S","PIEZA","7.16","40","200","s","71","39","72","15","SI","","","");
INSERT INTO producto VALUES("68","7501000651375","MAMUT","PIEZA","3.93","15","150","s","19","55","21","15","SI","","","");
INSERT INTO producto VALUES("69","7501031360130","MANZANITA SOL","PIEZA","5.2","96","360","s","12","31","21","15","SI","","","");
INSERT INTO producto VALUES("70","7501031346301","MIRINDA","PIEZA","5.2","96","360","s","12","31","21","15","SI","","","");
INSERT INTO producto VALUES("71","75002244","NAPOLITANO","PIEZA","6.48","5","30","s","65","17","26","15","SI","","","");
INSERT INTO producto VALUES("72","74323077827","PANDITAS","PIEZA","4.69","10","100","s","38","39","40","15","SI","","","");
INSERT INTO producto VALUES("73","7501000153541","PAY DE NUEZ","PIEZA","11.34","5","50","s","24","73","26","15","SI","","","");
INSERT INTO producto VALUES("74","7501000153503","PAY DE PINA","PIEZA","11.34","5","50","s","24","74","26","15","SI","","","");
INSERT INTO producto VALUES("75","719886511066","PELON PELONETE","PIEZA","3.4","18","100","s","12","39","75","15","SI","","","");
INSERT INTO producto VALUES("76","7501031310012","PEPSI COLA 600 ML","PIEZA","5.57","300","1800","s","12","76","21","15","SI","","","");
INSERT INTO producto VALUES("77","7501037377309","PEPSI COLA LATA","PIEZA","4.75","120","1200","s","12","31","21","15","SI","","","");
INSERT INTO producto VALUES("78","7501031312306","PEPSI LIGHT LATA","PIEZA","4.36","120","240","s","12","31","21","15","SI","","","");
INSERT INTO producto VALUES("79","7501000153800","PINGUINOS","PIEZA","8","5","35","s","24","17","26","15","SI","","","");
INSERT INTO producto VALUES("80","7503010447023","POLVORONES","PIEZA","2.7","20","200","s","77","17","78","15","SI","","","");
INSERT INTO producto VALUES("81","7501011111028","RANCHERITOS","PIEZA","4.88","35","150","s","46","33","21","15","SI","","","");
INSERT INTO producto VALUES("82","730399007181","RIZADAS","PIEZA","4.72","35","150","s","32","33","34","15","SI","","","");
INSERT INTO producto VALUES("83","7501011145566","ROCKALETA","PIEZA","2.44","18","100","s","12","39","79","15","SI","","","");
INSERT INTO producto VALUES("84","7501000112128","ROLES DE CANELA CON PASAS","PIEZA","9.84","4","15","s","80","81","26","15","SI","","","");
INSERT INTO producto VALUES("85","7501000112166","ROLES DE CANELA GLASEADOS","PIEZA","9.84","4","15","s","80","82","26","15","SI","","","");
INSERT INTO producto VALUES("86","7501011104099","RUFFLES","PIEZA","7.32","25","200","s","46","83","21","15","SI","","","");
INSERT INTO producto VALUES("87","7501761834840","SANDWICH","PIEZA","4.82","15","150","s","19","59","21","15","SI","","","");
INSERT INTO producto VALUES("88","730399002100","SEMILLAS DE CALABAZA","PIEZA","4.4","25","150","s","32","66","34","15","SI","","","");
INSERT INTO producto VALUES("89","7503003399025","SEMITA","PIEZA","7","30","300","s","65","84","85","15","SI","","","");
INSERT INTO producto VALUES("90","7501000601776","SENZO","PIEZA","7.06","30","250","s","19","55","21","15","SI","","","");
INSERT INTO producto VALUES("91","7501031323302","SEVEN UP","PIEZA","5.2","96","360","s","12","31","21","15","SI","","","");
INSERT INTO producto VALUES("92","7506174500207","SNICKERS","PIEZA","6.77","40","150","s","71","39","72","15","SI","","","");
INSERT INTO producto VALUES("93","730399003237","STRIPS","PIEZA","4.72","25","200","s","32","33","34","15","SI","","","");
INSERT INTO producto VALUES("94","7501000156214","SUBMARINOS CHOCOLATE","PIEZA","9.72","6","25","s","24","53","26","15","SI","","","");
INSERT INTO producto VALUES("95","7501000153374","SUBMARINOS FRESA","PIEZA","9.72","6","25","s","24","86","26","15","SI","","","");
INSERT INTO producto VALUES("96","7501000153282","SUBMARINOS VAINILLA","PIEZA","9.72","6","25","s","24","87","26","15","SI","","","");
INSERT INTO producto VALUES("97","7501030424536","TAKIS FUEGO","PIEZA","5.89","35","100","s","50","88","40","15","SI","","","");
INSERT INTO producto VALUES("98","7501000164370","TAKIS ORIGINAL","PIEZA","5.89","35","100","s","50","89","40","15","SI","","","");
INSERT INTO producto VALUES("99","7503010447030","TAMAL","PIEZA","4.6","35","150","s","77","17","78","15","SI","","","");
INSERT INTO producto VALUES("100","7501000657636","TARTAS","PIEZA","6.44","30","250","s","19","90","21","15","SI","","","");
INSERT INTO producto VALUES("101","604722005154","TOSTILEO","PIEZA","5.69","35","150","s","48","33","49","15","SI","","","");
INSERT INTO producto VALUES("102","7501011127012","TOSTITOS","PIEZA","7.48","20","150","s","46","33","21","15","SI","","","");
INSERT INTO producto VALUES("103","7501056901882","TRIDENT XTRACARE","PIEZA","4.39","12","120","s","12","91","92","15","SI","","","");
INSERT INTO producto VALUES("104","7501000628933","VUALA CHOCOLATE","PIEZA","7.91","10","50","s","19","53","21","15","SI","","","");
INSERT INTO producto VALUES("105","7501000628940","VUALA VAINILLA","PIEZA","7.91","10","50","s","19","87","21","15","SI","","","");
INSERT INTO producto VALUES("106","7501020539400","YOGHURT LALA","PIEZA","5.5","12","50","s","52","93","54","15","SI","","","");


CREATE TABLE `producto_desactivado` (
  `id` int(11) NOT NULL AUTO_INCREMENT,
  `codigo` varchar(255) NOT NULL,
  `nombre` varchar(255) NOT NULL,
  `um` varchar(255) NOT NULL,
  `costo` varchar(255) NOT NULL,
  `maximo` varchar(255) NOT NULL,
  `minimo` varchar(255) NOT NULL,
  `estado` varchar(255) NOT NULL,
  `grupo` varchar(255) NOT NULL,
  `subgrupo` varchar(255) NOT NULL,
  `familia` varchar(255) NOT NULL,
  `dpto` varchar(255) NOT NULL,
  `inv` varchar(10) NOT NULL,
  `nota` text NOT NULL,
  `talla` varchar(255) NOT NULL,
  `color` varchar(255) NOT NULL,
  PRIMARY KEY (`id`)
) ENGINE=InnoDB DEFAULT CHARSET=latin1;



CREATE TABLE `programar` (
  `id` int(11) NOT NULL AUTO_INCREMENT,
  `nombre` varchar(255) NOT NULL,
  `fechai` date NOT NULL,
  `fechaf` date NOT NULL,
  `valor` varchar(255) NOT NULL,
  `categoria` varchar(255) NOT NULL,
  `usu` varchar(255) NOT NULL,
  PRIMARY KEY (`id`)
) ENGINE=InnoDB AUTO_INCREMENT=2 DEFAULT CHARSET=latin1;

INSERT INTO programar VALUES("1","Descuento de Pruebas","2015-05-01","2015-05-12","5","3","123456789");


CREATE TABLE `prov_tipo` (
  `id` int(11) NOT NULL AUTO_INCREMENT,
  `nombre` varchar(255) NOT NULL,
  PRIMARY KEY (`id`)
) ENGINE=InnoDB AUTO_INCREMENT=2 DEFAULT CHARSET=latin1;

INSERT INTO prov_tipo VALUES("1","Tipo de Proveedor");


CREATE TABLE `proveedor` (
  `id` int(11) NOT NULL AUTO_INCREMENT,
  `codigo` varchar(255) NOT NULL,
  `nombre` varchar(255) NOT NULL,
  `contacto` varchar(255) NOT NULL,
  `tipo` varchar(255) NOT NULL,
  `rfc` varchar(255) NOT NULL,
  `dir` varchar(255) NOT NULL,
  `calle` varchar(255) NOT NULL,
  `fecha` date NOT NULL,
  `tel` varchar(255) NOT NULL,
  `cel` varchar(255) NOT NULL,
  `colonia` varchar(255) NOT NULL,
  `municipio` varchar(255) NOT NULL,
  `estado` varchar(255) NOT NULL,
  `cp` varchar(255) NOT NULL,
  `nota` text NOT NULL,
  `lcredito` varchar(255) NOT NULL,
  `dcredito` varchar(255) NOT NULL,
  `saldo` varchar(255) NOT NULL,
  `correo` varchar(255) NOT NULL,
  `metodopago` varchar(255) NOT NULL,
  PRIMARY KEY (`id`)
) ENGINE=InnoDB AUTO_INCREMENT=3 DEFAULT CHARSET=latin1;

INSERT INTO proveedor VALUES("1","12333","NOMBREDEL PROVEEDOR","CONTACTO","1","RFC","DIRECCION","ENTRE CALLE","2015-03-02","TELEFONO","CELULAR","COLONOA","MINICIPI","ESTADO","12345","OBS","10000","45","0","CORREO@GMAIL.COM","1");
INSERT INTO proveedor VALUES("2","67584","umbrella","jorge","prueba","rf648hd","centro","diagonal","2015-06-25","67489","848393","morelos","tecamac","mexico","556644","ninguna","40000","2","0","umbre@gmail.com","2");


CREATE TABLE `res_cocina` (
  `id` int(11) NOT NULL AUTO_INCREMENT,
  `producto` varchar(255) NOT NULL,
  `cant` varchar(255) NOT NULL,
  `mesa` varchar(255) NOT NULL,
  `fecha` date NOT NULL,
  `hora` time NOT NULL,
  `estado` varchar(255) NOT NULL,
  PRIMARY KEY (`id`)
) ENGINE=InnoDB AUTO_INCREMENT=17 DEFAULT CHARSET=latin1;

INSERT INTO res_cocina VALUES("1","Producto de Prueba","1","2","2015-09-28","10:56:52","<span class=\"label label-important\">Sin Atender</span>");
INSERT INTO res_cocina VALUES("2","Producto de Prueba dos","1","2","2015-09-28","10:56:52","<span class=\"label label-important\">Sin Atender</span>");
INSERT INTO res_cocina VALUES("4","Producto de Prueba dos","1","2","2015-09-28","10:58:50","<span class=\"label label-important\">Sin Atender</span>");
INSERT INTO res_cocina VALUES("5","Producto de Prueba","5","2","2015-09-28","18:25:49","<span class=\"label label-important\">Sin Atender</span>");
INSERT INTO res_cocina VALUES("6","Producto de Prueba dos","2","2","2015-09-28","18:25:49","<span class=\"label label-important\">Sin Atender</span>");
INSERT INTO res_cocina VALUES("7","PRODUCTO ENTRANTE","3","2","2015-09-28","18:25:49","<span class=\"label label-important\">Sin Atender</span>");
INSERT INTO res_cocina VALUES("8","Producto de Prueba","1","1","2015-09-28","18:32:59","<span class=\"label label-important\">Sin Atender</span>");
INSERT INTO res_cocina VALUES("9","Producto de Prueba dos","5","1","2015-09-28","18:32:59","<span class=\"label label-important\">Sin Atender</span>");
INSERT INTO res_cocina VALUES("10","PRODUCTO ENTRANTE","1","1","2015-09-28","18:32:59","<span class=\"label label-important\">Sin Atender</span>");
INSERT INTO res_cocina VALUES("11","Producto de Prueba","1","3","2015-10-06","18:11:48","<span class=\"label label-important\">Sin Atender</span>");
INSERT INTO res_cocina VALUES("12","Producto de Prueba dos","2","3","2015-10-06","18:11:48","<span class=\"label label-important\">Sin Atender</span>");
INSERT INTO res_cocina VALUES("13","PRODUCTO ENTRANTE","2","3","2015-10-06","18:11:48","<span class=\"label label-important\">Sin Atender</span>");
INSERT INTO res_cocina VALUES("14","COCACOLA","1","3","2015-10-06","18:11:48","<span class=\"label label-important\">Sin Atender</span>");
INSERT INTO res_cocina VALUES("15","Producto de Prueba","1","2","2015-10-12","12:35:59","<span class=\"label label-important\">Sin Atender</span>");
INSERT INTO res_cocina VALUES("16","Producto de Prueba dos","1","2","2015-10-12","12:36:00","<span class=\"label label-important\">Sin Atender</span>");


CREATE TABLE `res_cxc` (
  `id` int(11) NOT NULL AUTO_INCREMENT,
  `contrato` varchar(255) NOT NULL,
  `cliente` varchar(255) NOT NULL,
  `valor` varchar(255) NOT NULL,
  `fecha` date NOT NULL,
  `hora` time NOT NULL,
  PRIMARY KEY (`id`)
) ENGINE=InnoDB AUTO_INCREMENT=3 DEFAULT CHARSET=latin1;

INSERT INTO res_cxc VALUES("1","11","1","1000","2015-09-28","18:29:22");
INSERT INTO res_cxc VALUES("2","12","1","500","2015-09-28","18:34:17");


CREATE TABLE `res_cxc_abono` (
  `id` int(11) NOT NULL AUTO_INCREMENT,
  `contrato` varchar(255) NOT NULL,
  `valor` varchar(255) NOT NULL,
  `usu` varchar(255) NOT NULL,
  `fecha` date NOT NULL,
  `hora` time NOT NULL,
  `metodopago` varchar(255) NOT NULL,
  `tasa` varchar(255) NOT NULL,
  `ntasa` varchar(255) NOT NULL,
  `sucursal` varchar(255) NOT NULL,
  PRIMARY KEY (`id`)
) ENGINE=InnoDB AUTO_INCREMENT=3 DEFAULT CHARSET=latin1;

INSERT INTO res_cxc_abono VALUES("1","11","100","123456789","2015-09-28","18:43:51","1","","","1");
INSERT INTO res_cxc_abono VALUES("2","12","100","123456789","2015-09-28","21:06:29","1","","","1");


CREATE TABLE `res_dpto` (
  `id` int(11) NOT NULL AUTO_INCREMENT,
  `categoria` varchar(255) NOT NULL,
  `usuario` varchar(255) NOT NULL,
  `prioridad` int(255) NOT NULL,
  PRIMARY KEY (`id`)
) ENGINE=InnoDB AUTO_INCREMENT=4 DEFAULT CHARSET=latin1;

INSERT INTO res_dpto VALUES("1","10","123456789","5");
INSERT INTO res_dpto VALUES("2","11","123456789","4");
INSERT INTO res_dpto VALUES("3","15","123456789","7");


CREATE TABLE `res_factura_cargo` (
  `id` int(11) NOT NULL AUTO_INCREMENT,
  `concepto` varchar(255) NOT NULL,
  `valor` varchar(255) NOT NULL,
  `factura` varchar(255) NOT NULL,
  PRIMARY KEY (`id`)
) ENGINE=InnoDB AUTO_INCREMENT=2 DEFAULT CHARSET=latin1;

INSERT INTO res_factura_cargo VALUES("1","CREDITO","10","9");


CREATE TABLE `res_insumo` (
  `id` int(11) NOT NULL AUTO_INCREMENT,
  `codigo` varchar(255) NOT NULL,
  `nombre` varchar(255) NOT NULL,
  `familia` varchar(255) NOT NULL,
  `grupo` varchar(255) NOT NULL,
  `subgrupo` varchar(255) NOT NULL,
  `medida` varchar(255) NOT NULL,
  `cant` varchar(255) NOT NULL,
  PRIMARY KEY (`id`)
) ENGINE=InnoDB AUTO_INCREMENT=2 DEFAULT CHARSET=latin1;

INSERT INTO res_insumo VALUES("1","100","Salsa de Tomate","102","100","101","105","700");


CREATE TABLE `res_insumo_contenido` (
  `id` int(11) NOT NULL AUTO_INCREMENT,
  `insumo` varchar(255) NOT NULL,
  `sucursal` varchar(255) NOT NULL,
  `contenido` varchar(255) NOT NULL,
  `cantu` varchar(255) NOT NULL,
  PRIMARY KEY (`id`)
) ENGINE=InnoDB AUTO_INCREMENT=5 DEFAULT CHARSET=latin1;

INSERT INTO res_insumo_contenido VALUES("3","100","1","1400","2");
INSERT INTO res_insumo_contenido VALUES("4","100","2","0","0");


CREATE TABLE `res_mesas` (
  `id` int(11) NOT NULL AUTO_INCREMENT,
  `nombre` varchar(255) NOT NULL,
  `capacidad` varchar(255) NOT NULL,
  `cpersona` varchar(255) NOT NULL,
  `numero` varchar(255) NOT NULL,
  `atencion` int(11) NOT NULL,
  `nota` text NOT NULL,
  `estado` varchar(255) NOT NULL,
  `class` varchar(255) NOT NULL,
  `usuario` varchar(255) NOT NULL,
  `clie_cod` varchar(255) NOT NULL,
  `clie_lista` varchar(255) NOT NULL,
  `descuento` varchar(255) NOT NULL,
  PRIMARY KEY (`id`)
) ENGINE=InnoDB AUTO_INCREMENT=4 DEFAULT CHARSET=latin1;

INSERT INTO res_mesas VALUES("1","MESA 1","10","0","2","1","NINGUNA","ACTIVADO","label label-success","123456789","","","0");
INSERT INTO res_mesas VALUES("2","MESA 2","5","0","1","1","NINGUNA","Cliente Especial","label label-important","123456789","16","1","0");
INSERT INTO res_mesas VALUES("3","MESA 3","10","0","3","1","S","NINGINO","label","","","","0");


CREATE TABLE `res_mesas_detalle` (
  `id` int(11) NOT NULL AUTO_INCREMENT,
  `mesa` varchar(255) NOT NULL,
  `codigo` varchar(255) NOT NULL,
  `nombre` varchar(255) NOT NULL,
  `cant` varchar(255) NOT NULL,
  `valor` varchar(255) NOT NULL,
  `descuento` varchar(255) NOT NULL,
  PRIMARY KEY (`id`)
) ENGINE=InnoDB AUTO_INCREMENT=8 DEFAULT CHARSET=latin1;

INSERT INTO res_mesas_detalle VALUES("6","2","12","Producto de Prueba","3","120","0");
INSERT INTO res_mesas_detalle VALUES("7","2","13","Producto de Prueba dos","1","100","0");


CREATE TABLE `res_mesas_detalle_tmp` (
  `id` int(11) NOT NULL AUTO_INCREMENT,
  `mesa` varchar(255) NOT NULL,
  `codigo` varchar(255) NOT NULL,
  `nombre` varchar(255) NOT NULL,
  `cant` varchar(255) NOT NULL,
  `valor` varchar(255) NOT NULL,
  `descuento` varchar(255) NOT NULL,
  PRIMARY KEY (`id`)
) ENGINE=InnoDB AUTO_INCREMENT=3 DEFAULT CHARSET=latin1;

INSERT INTO res_mesas_detalle_tmp VALUES("2","2","12","Producto de Prueba","1","120","0");


CREATE TABLE `resumen` (
  `id` int(11) NOT NULL AUTO_INCREMENT,
  `concepto` varchar(255) NOT NULL,
  `clase` varchar(255) NOT NULL COMMENT 'Compra, Venta, Abonos, Otro',
  `valor` varchar(255) NOT NULL,
  `dolar` varchar(255) NOT NULL,
  `tasa` varchar(255) NOT NULL,
  `tipo` varchar(255) NOT NULL COMMENT 'Entrada o Salida',
  `fecha` date NOT NULL,
  `hora` time NOT NULL,
  `usu` varchar(255) NOT NULL,
  `estado` varchar(255) NOT NULL,
  `very` varchar(255) NOT NULL,
  `sucursal` varchar(255) NOT NULL,
  `nota` varchar(255) NOT NULL,
  `formapago` varchar(255) NOT NULL,
  PRIMARY KEY (`id`)
) ENGINE=InnoDB AUTO_INCREMENT=77 DEFAULT CHARSET=latin1;

INSERT INTO resumen VALUES("4","VENTA REALIZADA, TICKET No. B 00000001","VENTA ANULADA","0","0","0","ENTRADA","2015-08-10","12:15:31","123456789","s","4","1","Online","1");
INSERT INTO resumen VALUES("5","VENTA ONLINE REALIZADA, TICKET No. B 00000002","VENTA","197","0","0","ENTRADA","2015-08-11","10:23:04","123456789","s","5","1","ONLINE","1");
INSERT INTO resumen VALUES("6","Prestamo Realizado al Empleado Alberto C por Valor de $3.000.000,00","PRESTAMOS","3000000","","","SALIDA","2015-08-13","13:47:27","123456789","s","1","1","Prestamos a Empleados","1");
INSERT INTO resumen VALUES("7","Pago de Empleado Alberto C Mes de Agosto","PAGOS A EMPLEADOS","227500","","","SALIDA","2015-08-13","13:49:43","123456789","s","1","1","Pago a Empleados","4");
INSERT INTO resumen VALUES("8","VENTA REALIZADA, TICKET No. B 00000003","VENTA","100","0","0","CXC","2015-08-13","13:52:46","123456789","s","6","1","Online","CXC");
INSERT INTO resumen VALUES("9","VENTA REALIZADA, TICKET No. B 00000003","VENTA","220","0","0","ENTRADA","2015-08-13","13:52:46","123456789","s","6","1","Online","1");
INSERT INTO resumen VALUES("10","VENTA ONLINE REALIZADA, TICKET No. B 00000004","VENTA","133","0","0","ENTRADA","2015-08-13","13:55:16","123456789","s","7","1","ONLINE","1");
INSERT INTO resumen VALUES("27","CONTRATO REALIZADO Y FINALIZADO, No. 00000010","VENTA","1001","0","0","ENTRADA","2015-08-18","21:10:31","123456789","s","f_10","","Contrato Finalizado","1");
INSERT INTO resumen VALUES("28","CONTRATO REALIZADO Y FINALIZADO, No. 00000010","VENTA","4028.2","0","0","ENTRADA","2015-08-18","21:10:31","123456789","s","f_10","","Contrato Finalizado","4");
INSERT INTO resumen VALUES("29","CONTRATO REALIZADO Y FINALIZADO, No. 00000010","VENTA","1762.6","0","0","ENTRADA","2015-08-21","22:26:36","123456789","s","f_10","","Contrato Finalizado","1");
INSERT INTO resumen VALUES("31","CONTRATO REALIZADO Y FINALIZADO, No. 00000012","VENTA","1755.54","0","0","ENTRADA","2015-08-21","22:37:28","123456789","s","f_12","","Contrato Finalizado","1");
INSERT INTO resumen VALUES("33","CONTRATO REALIZADO Y FINALIZADO, No. 00000013","VENTA","2757.09","0","0","ENTRADA","2015-08-22","10:18:20","123456789","s","f_13","","Contrato Finalizado","1");
INSERT INTO resumen VALUES("34","Compra Correspondiente a la Factura Compra No. 00000001","COMPRA REFACCIONES","199","0","0","SALIDA","2015-08-24","16:17:30","123456789","s","1","1","CompraRefaccion","1");
INSERT INTO resumen VALUES("35","Compra Correspondiente a la Factura Compra No. 00000002","COMPRA REFACCIONES","199","0","0","SALIDA","2015-08-24","16:18:24","123456789","s","2","1","CompraRefaccion","1");
INSERT INTO resumen VALUES("36","Compra Correspondiente a la Factura Compra No. 00000003","COMPRA REFACCIONES","100","0","0","SALIDA","2015-08-24","16:19:13","123456789","s","3","1","CompraRefaccion","1");
INSERT INTO resumen VALUES("37","Compra Correspondiente a la Factura Compra No. 00000003","COMPRA REFACCIONES","99","0","0","CXP","2015-08-24","16:19:13","123456789","s","3","1","CompraRefaccion","CXP");
INSERT INTO resumen VALUES("38","Compra Correspondiente a la Factura Compra No. 00000004","COMPRA REFACCIONES","640","0","0","SALIDA","2015-08-24","16:29:43","123456789","s","4","1","CompraRefaccion","1");
INSERT INTO resumen VALUES("39","Compra Correspondiente a la Factura Compra No. 00000004","COMPRA REFACCIONES","500","0","0","CXP","2015-08-24","16:29:43","123456789","s","4","1","CompraRefaccion","CXP");
INSERT INTO resumen VALUES("40","Abono Correspondiente a la Factura Compra No. 00000004","ABONO COMPRA REFACCIONES","100","0","0","SALIDA","2015-08-26","13:49:55","123456789","s","4","1","Abono Factura Compra","1");
INSERT INTO resumen VALUES("41","Abono Correspondiente a la Factura Compra No. 00000004","ABONO COMPRA REFACCIONES","120","10","12","SALIDA","2015-08-26","13:50:06","123456789","s","4","1","Abono Factura Compra","DOLAR");
INSERT INTO resumen VALUES("42","Pago a Empleados por Mantenimiento FUEL INJECTION","SERVICIOS","480","0","0","SALIDA","2015-08-27","22:51:52","123456789","s","","1","Pago a Empleados por Mantenimiento FUEL INJECTION","1");
INSERT INTO resumen VALUES("44","Compra Correspondiente a la Factura Compra No. 00000005","COMPRA","70","0","0","SALIDA","2015-09-04","17:31:09","123456789","s","5","1","Compras","5");
INSERT INTO resumen VALUES("45","CONTRATO DE EVENTO REALIZADO, No. 00000011","VENTA","1834.72","0","0","CXC","2015-09-11","17:57:07","123456789","s","11","1","Contrato Eventos","CXC");
INSERT INTO resumen VALUES("46","CONTRATO DE EVENTO REALIZADO, No. 00000011","VENTA","5000","0","0","ENTRADA","2015-09-11","17:57:07","123456789","s","11","1","Contrato Eventos","1");
INSERT INTO resumen VALUES("47","CONTRATO DE EVENTO REALIZADO, No. 00000011","VENTA","1834.72","0","0","CXC","2015-09-11","17:58:05","123456789","s","11","1","Contrato Eventos","CXC");
INSERT INTO resumen VALUES("48","CONTRATO DE EVENTO REALIZADO, No. 00000011","VENTA","5000","0","0","ENTRADA","2015-09-11","17:58:05","123456789","s","11","1","Contrato Eventos","1");
INSERT INTO resumen VALUES("50","ABONO REALIZADO DE EVENTO REALIZADO, No. 00000011","ABONO","834.72","0","0","ENTRADA","2015-09-14","20:48:19","123456789","s","11","1","Abonos Contrato Eventos","1");
INSERT INTO resumen VALUES("51","CONTRATO DE EVENTO REALIZADO, No. 00000014","VENTA","5000","0","0","CXC","2015-09-15","12:30:35","123456789","s","14","1","Contrato Eventos","CXC");
INSERT INTO resumen VALUES("52","CONTRATO DE EVENTO REALIZADO, No. 00000014","VENTA","5043.74","0","0","ENTRADA","2015-09-15","12:30:35","123456789","s","14","1","Contrato Eventos","1");
INSERT INTO resumen VALUES("53","ABONO REALIZADO DE EVENTO REALIZADO, No. 00000014","ABONO","800","0","0","ENTRADA","2015-09-15","12:31:05","123456789","s","14","1","Abonos Contrato Eventos","1");
INSERT INTO resumen VALUES("54","CONTRATO DE EVENTO REALIZADO, No. 00000014","VENTA","578.84","0","0","ENTRADA","2015-09-17","11:03:46","123456789","s","14","1","Contrato Eventos","1");
INSERT INTO resumen VALUES("55","CONTRATO DE EVENTO REALIZADO, No. 00000014","VENTA","1279.71","0","0","ENTRADA","2015-09-18","15:06:02","123456789","s","14","1","Contrato Eventos","1");
INSERT INTO resumen VALUES("60","ABONO REALIZADO DEL CONTRATO DE VEHICULO, No. 00000002","ABONO","300","0","0","ENTRADA","2015-09-19","12:18:39","123456789","s","2","1","Abonos Contrato Vehiculo","1");
INSERT INTO resumen VALUES("61","CONTRATO REALIZADO, No. 00000003","VENTA","2000","0","0","ENTRADA","2015-09-19","12:53:42","123456789","s","3","1","Contrato","CXC");
INSERT INTO resumen VALUES("62","CONTRATO REALIZADO, No. 00000003","VENTA","1978.8","0","0","ENTRADA","2015-09-19","12:53:42","123456789","s","3","1","Contrato","1");
INSERT INTO resumen VALUES("63","ABONO REALIZADO DEL CONTRATO DE VEHICULO, No. 00000003","ABONO","400","0","0","ENTRADA","2015-09-19","12:56:14","123456789","s","3","1","Abonos Contrato Vehiculo","1");
INSERT INTO resumen VALUES("64","VENTA REALIZADA, TICKET No.  00000001","VENTA","120","0","0","ENTRADA","2015-09-23","14:52:14","123456789","s","8","1","Online","1");
INSERT INTO resumen VALUES("65","VENTA REALIZADA, TICKET No.  00000002","VENTA","104","0","0","ENTRADA","2015-09-27","18:41:41","123456789","s","9","1","Online","1");
INSERT INTO resumen VALUES("66","VENTA REALIZADA, TICKET No. B 00000005","VENTA","399","0","0","ENTRADA","2015-09-27","18:48:55","123456789","s","10","1","Restaurante","1");
INSERT INTO resumen VALUES("67","VENTA REALIZADA, TICKET No. B 00000006","VENTA","1000","0","0","CXC","2015-09-28","18:29:22","123456789","s","11","1","Restaurante","CXC");
INSERT INTO resumen VALUES("68","VENTA REALIZADA, TICKET No. B 00000006","VENTA","380","0","0","ENTRADA","2015-09-28","18:29:22","123456789","s","11","1","Restaurante","1");
INSERT INTO resumen VALUES("69","VENTA REALIZADA, TICKET No. B 00000007","VENTA","500","0","0","CXC","2015-09-28","18:34:17","123456789","s","12","1","Restaurante","CXC");
INSERT INTO resumen VALUES("70","VENTA REALIZADA, TICKET No. B 00000007","VENTA","260","0","0","ENTRADA","2015-09-28","18:34:17","123456789","s","12","1","Restaurante","1");
INSERT INTO resumen VALUES("71","ABONO REALIZADO EN RESTAURANTE, No. B 00000006","ABONO","100","0","0","ENTRADA","2015-09-28","18:43:51","123456789","s","11","1","Abonos Restaurante","1");
INSERT INTO resumen VALUES("72","ABONO REALIZADO EN RESTAURANTE, No. B 00000007","ABONO","100","0","0","ENTRADA","2015-09-28","21:06:29","123456789","s","12","1","Abonos Restaurante","1");
INSERT INTO resumen VALUES("73","VENTA REALIZADA, TICKET No. B 00000008","VENTA","2712","0","0","ENTRADA","2015-10-03","23:24:35","123456789","s","13","1","Online","1");
INSERT INTO resumen VALUES("74","VENTA REALIZADA, TICKET No. B 00000008","VENTA","1000","0","0","CXC","2015-10-03","23:24:35","123456789","s","13","1","Online","CXC");
INSERT INTO resumen VALUES("75","VENTA REALIZADA, TICKET No. B 00000009","VENTA","610","0","0","ENTRADA","2015-10-06","19:00:09","123456789","s","14","1","Restaurante","1");
INSERT INTO resumen VALUES("76","Movimiento Financiero, agua","MOVIMIENTO FINANCIERO","1000","","","SALIDA","2015-10-10","12:15:41","123456789","s","2","1","","1");


CREATE TABLE `seg_menu` (
  `id` int(11) NOT NULL AUTO_INCREMENT,
  `m` varchar(255) NOT NULL,
  `sm` varchar(255) NOT NULL,
  `estado` varchar(255) NOT NULL,
  PRIMARY KEY (`id`)
) ENGINE=InnoDB AUTO_INCREMENT=20 DEFAULT CHARSET=latin1;

INSERT INTO seg_menu VALUES("1","Registro y Control","Modulo Usuarios","s");
INSERT INTO seg_menu VALUES("2","Registro y Control","Modulo Productos","s");
INSERT INTO seg_menu VALUES("3","Registro y Control","Modulo Almacen","s");
INSERT INTO seg_menu VALUES("4","Registro y Control","Modulo Tienda Virtual","s");
INSERT INTO seg_menu VALUES("5","Registro y Control","Modulo Proveedores","s");
INSERT INTO seg_menu VALUES("6","Registro y Control","Modulo Cliente","s");
INSERT INTO seg_menu VALUES("7","Registro y Control","Modulo Nomina","s");
INSERT INTO seg_menu VALUES("8","Registro y Control","Modulo Sucursales","s");
INSERT INTO seg_menu VALUES("9","Administrar","Administrar Informacion de Productos","s");
INSERT INTO seg_menu VALUES("10","Administrar","Configuración Renta","s");
INSERT INTO seg_menu VALUES("11","Financiero","Admin. Cuentas Financieras","s");
INSERT INTO seg_menu VALUES("12","Superior","Registro y Control","s");
INSERT INTO seg_menu VALUES("13","Superior","Administrar","s");
INSERT INTO seg_menu VALUES("14","Superior","Ventas","s");
INSERT INTO seg_menu VALUES("15","Superior","Financiero","s");
INSERT INTO seg_menu VALUES("16","Superior","Asistencias","s");
INSERT INTO seg_menu VALUES("17","Superior","Reportes","s");
INSERT INTO seg_menu VALUES("18","Registro y Control","Modulo Servicios","s");


CREATE TABLE `seg_modulo` (
  `id` int(11) NOT NULL AUTO_INCREMENT,
  `nombre` varchar(255) NOT NULL,
  `estado` varchar(255) NOT NULL,
  PRIMARY KEY (`id`)
) ENGINE=InnoDB AUTO_INCREMENT=4 DEFAULT CHARSET=latin1;

INSERT INTO seg_modulo VALUES("1","Modulo de Vehiculos","s");
INSERT INTO seg_modulo VALUES("2","Modulo de Eventos","s");
INSERT INTO seg_modulo VALUES("3","Modulo de Restaurantes","s");


CREATE TABLE `seg_nom` (
  `id` int(11) NOT NULL AUTO_INCREMENT,
  `grupo` varchar(255) NOT NULL,
  `cod` varchar(255) NOT NULL,
  `nombre` varchar(255) NOT NULL,
  `estado` varchar(255) NOT NULL,
  PRIMARY KEY (`id`)
) ENGINE=InnoDB AUTO_INCREMENT=154 DEFAULT CHARSET=latin1;

INSERT INTO seg_nom VALUES("1","Usuarios","1","Registro, Actualizar y Consultar Usuarios","s");
INSERT INTO seg_nom VALUES("2","Usuarios","2","Administrar Permisos","s");
INSERT INTO seg_nom VALUES("3","Usuarios","3","Administrar Cargos","s");
INSERT INTO seg_nom VALUES("4","Usuarios","4","Actualizar Contraseña","s");
INSERT INTO seg_nom VALUES("5","Productos","1","Crear, Consultar y Actualizar Productos","s");
INSERT INTO seg_nom VALUES("6","Productos","2","Administrar Precios y Costos","s");
INSERT INTO seg_nom VALUES("7","Productos","3","Administrar Familia, Grupo y SubGrupo","s");
INSERT INTO seg_nom VALUES("8","Productos","4","Actualizar Precios Masivamente","s");
INSERT INTO seg_nom VALUES("9","Proveedor","1","Crear, Consultar y Actualizar Proveedores","s");
INSERT INTO seg_nom VALUES("10","Proveedor","2","Administrar Tipos de Proveedores","s");
INSERT INTO seg_nom VALUES("11","Cliente","1","Crear, Consultar y Actualizar Clientes","s");
INSERT INTO seg_nom VALUES("12","Cliente","2","Administrar Créditos de Clientes","s");
INSERT INTO seg_nom VALUES("13","Cliente","3","Administrar Metodos de Pagos","s");
INSERT INTO seg_nom VALUES("14","Cliente","4","Cambiar Contraseña de Clientes","s");
INSERT INTO seg_nom VALUES("15","Nomina","1","Administrar Sueldos y Salarios","s");
INSERT INTO seg_nom VALUES("16","Nomina","2","Administrar Conceptos","s");
INSERT INTO seg_nom VALUES("17","Nomina","3","Administrar Tipo de Prestamos","s");
INSERT INTO seg_nom VALUES("18","Nomina","4","Pagar Salarios","s");
INSERT INTO seg_nom VALUES("19","Nomina","5","Aprobar Prestamos","s");
INSERT INTO seg_nom VALUES("20","Nomina","6","Consultar Pagos de Nomina","s");
INSERT INTO seg_nom VALUES("21","Sistemas","1","Administrar Sucursales","s");
INSERT INTO seg_nom VALUES("22","Bodega","1","Administrar Existencias","s");
INSERT INTO seg_nom VALUES("23","Bodega","2","Transferir Productos de Sucursal","s");
INSERT INTO seg_nom VALUES("24","Bodega","3","Consultar Transferencias de Productos","s");
INSERT INTO seg_nom VALUES("25","Bodega","4","Administrar Compras de Productos","s");
INSERT INTO seg_nom VALUES("26","Sistemas","2","Administrar Folios","s");
INSERT INTO seg_nom VALUES("27","Venta","1","Realizar Ventas","s");
INSERT INTO seg_nom VALUES("28","Venta","2","Editar Precio Venta","s");
INSERT INTO seg_nom VALUES("29","Venta","3","Editar Cantidades","s");
INSERT INTO seg_nom VALUES("30","Sistemas","3","Administrar Botones de Venta","s");
INSERT INTO seg_nom VALUES("31","Sistemas","4","Configurar Ticket","s");
INSERT INTO seg_nom VALUES("32","Cuentas","1","Administrar Cuentas por Cobrar CXC","s");
INSERT INTO seg_nom VALUES("33","Productos","5","Administrar Kits","s");
INSERT INTO seg_nom VALUES("34","Sistemas","5","Administrar Metodos de Pagos","s");
INSERT INTO seg_nom VALUES("35","Reportes","1","Productos mas Vendidos","s");
INSERT INTO seg_nom VALUES("36","Venta","4","Administrar Pedidos de Ventas","s");
INSERT INTO seg_nom VALUES("37","Venta","5","Utilizar Kits","s");
INSERT INTO seg_nom VALUES("38","Comisiones","1","Administrar Comisiones","s");
INSERT INTO seg_nom VALUES("39","Financieros","1","Administrar Cuentas","s");
INSERT INTO seg_nom VALUES("40","Financieros","2","Administrar Sub Cuentas","s");
INSERT INTO seg_nom VALUES("41","Financieros","3","Administrar Sub Sub Cuentas","s");
INSERT INTO seg_nom VALUES("42","Sistemas","6","Programar Descuentos","s");
INSERT INTO seg_nom VALUES("43","Productos","6","Consultar Productos Desactivados","s");
INSERT INTO seg_nom VALUES("44","Financieros","4","Consultar Estado Financiero","s");
INSERT INTO seg_nom VALUES("45","Venta","6","Consultar Facturas y/o Ticket","s");
INSERT INTO seg_nom VALUES("46","Reportes","2","Cierre de Caja","s");
INSERT INTO seg_nom VALUES("47","Reportes","3","Estadisticas","s");
INSERT INTO seg_nom VALUES("48","Productos","7","Administrar Listas de Precios","s");
INSERT INTO seg_nom VALUES("49","Sistemas","7","Revisar Correos Enviados","s");
INSERT INTO seg_nom VALUES("50","Venta","7","Administrar Consigna","s");
INSERT INTO seg_nom VALUES("51","Sistemas","8","Actualizar Imágenes de Presentacion","s");
INSERT INTO seg_nom VALUES("52","Venta","8","Administrar Devoluciones","s");
INSERT INTO seg_nom VALUES("53","Subir","1","Productos","s");
INSERT INTO seg_nom VALUES("54","Subir","2","Clientes","s");
INSERT INTO seg_nom VALUES("55","Sistemas","9","Administrar Pie de Pagina de Ticket","s");
INSERT INTO seg_nom VALUES("56","Anulaciones","1","Anular Facturas","s");
INSERT INTO seg_nom VALUES("57","Anulaciones","2","Consultar Facturas Anuladas","s");
INSERT INTO seg_nom VALUES("58","Venta","9","Utilizacion de Factura Electronica","s");
INSERT INTO seg_nom VALUES("59","Productos","8","Administrar Costos por Defecto","s");
INSERT INTO seg_nom VALUES("60","Productos","9","Consultar Costos Promedios ","s");
INSERT INTO seg_nom VALUES("61","Bodega","5","Reporte de Existencias Fisicas","s");
INSERT INTO seg_nom VALUES("62","Asistencias","3","Administrar Horas de Entrada y Salida","s");
INSERT INTO seg_nom VALUES("63","Asistencias","4","Consultar Horarios de Empleados","s");
INSERT INTO seg_nom VALUES("64","Asistencias","5","Administrar Asistencias a Empleados","s");
INSERT INTO seg_nom VALUES("65","Asistencias","6","Consultar Asistencias","s");
INSERT INTO seg_nom VALUES("66","Productos","10","Consultar Precio Venta y Costo de Productos","s");
INSERT INTO seg_nom VALUES("67","Cliente","5","Consultar Cliente por Lista de Precio","s");
INSERT INTO seg_nom VALUES("68","Venta","10","Cambiar Forma de Pagos a Facturas","s");
INSERT INTO seg_nom VALUES("69","Sistemas","10","Administrar Agenda","s");
INSERT INTO seg_nom VALUES("70","Sistemas","11","Administrar Verificador de Precios","s");
INSERT INTO seg_nom VALUES("71","Sistemas","12","Administrar Tasa del Dolar","s");
INSERT INTO seg_nom VALUES("72","Sistemas","13","Consultar Historial de Tasa de Dolar","s");
INSERT INTO seg_nom VALUES("73","Venta","11","Consultar Facturas Vencidas","s");
INSERT INTO seg_nom VALUES("74","Cliente","6","Consultar Estado de Cuenta de Clientes","s");
INSERT INTO seg_nom VALUES("75","Reportes","4","Cliente mas Activo","s");
INSERT INTO seg_nom VALUES("76","Reportes","5","Ventas por Productos","s");
INSERT INTO seg_nom VALUES("77","Asistencias","7","Consultar Horas Trabajadas","s");
INSERT INTO seg_nom VALUES("78","Asistencias","8","Actualizar Imágenes Publicitarias","s");
INSERT INTO seg_nom VALUES("79","Subir","3","Proveedores","s");
INSERT INTO seg_nom VALUES("80","Sistemas","14","Programar Compras","s");
INSERT INTO seg_nom VALUES("81","Sistemas","15","Administrar Impuestos","s");
INSERT INTO seg_nom VALUES("82","Vehiculo","1","Registro y Control de Vehiculo","s");
INSERT INTO seg_nom VALUES("83","Vehiculo","2","Administrar Configuracion Inicial de Vehiculos","s");
INSERT INTO seg_nom VALUES("84","Vehiculo","3","Registrar Compra de Vehiculo","s");
INSERT INTO seg_nom VALUES("85","Sistemas","16","Editar Planes de Renta","s");
INSERT INTO seg_nom VALUES("86","Vehiculo","4","Registrar Proveedores de Vehiculos","s");
INSERT INTO seg_nom VALUES("87","Vehiculo","5","Ingresar Tarifas de Renta de Proveedores","s");
INSERT INTO seg_nom VALUES("88","Vehiculo","6","Administrar Tarifas de Alquiler de Vehiculo","s");
INSERT INTO seg_nom VALUES("89","Vehiculo","7","Administrar Conductores","s");
INSERT INTO seg_nom VALUES("90","Vehiculo","8","Realizar Contrato de Alquiler de Vehiculo","s");
INSERT INTO seg_nom VALUES("91","Vehiculo","9","Administrar Equipamiento del Vehiculo","s");
INSERT INTO seg_nom VALUES("92","Sistemas","17","Historial de Eventos de Usuarios","s");
INSERT INTO seg_nom VALUES("93","Reportes","7","Consultar Descuentos Realizados","s");
INSERT INTO seg_nom VALUES("94","Productos","11","Administrar Departamentos de Productos","s");
INSERT INTO seg_nom VALUES("95","Tienda Online","1","Administrar Gastos de Envios","s");
INSERT INTO seg_nom VALUES("96","Productos","12","Habilitar Campos de Tallas y Color","s");
INSERT INTO seg_nom VALUES("97","Productos","13","Administrar Colores y Tallas","s");
INSERT INTO seg_nom VALUES("98","Tienda Online","2","Administrar Bancos","s");
INSERT INTO seg_nom VALUES("99","Tienda Online","3","Programar Descuentos","s");
INSERT INTO seg_nom VALUES("100","Tienda Online","4","Administrar Productos Preferenciales","s");
INSERT INTO seg_nom VALUES("101","Tienda Online","5","Cambiar de Sucursales Pedidos","s");
INSERT INTO seg_nom VALUES("102","Asistencias","9","Colocar Faltas a Empleados","s");
INSERT INTO seg_nom VALUES("103","Cliente","7","Consultar Estado de Cuenta","s");
INSERT INTO seg_nom VALUES("104","Tienda Online","6","Confirmar Pagos de Pedidos","s");
INSERT INTO seg_nom VALUES("105","Tienda Online","7","Enviar Pedidos","s");
INSERT INTO seg_nom VALUES("106","Reportes","8","Consultar Devoluciones Realizadas","s");
INSERT INTO seg_nom VALUES("107","Reportes","9","Consultar Facturas Anuladas","s");
INSERT INTO seg_nom VALUES("108","Tienda Online","8","Administrar Empresas de Envios","s");
INSERT INTO seg_nom VALUES("109","Tienda Online","9","Administrar Mensaje de Correo de Confirmación de Envio","s");
INSERT INTO seg_nom VALUES("110","Vehiculo","10","Finalizar Contrato","s");
INSERT INTO seg_nom VALUES("111","Vehiculo - Refacciones","1","Administrar Refacciones","s");
INSERT INTO seg_nom VALUES("112","Vehiculo - Refacciones","2","Relacionar Proveedor con Refacciones, Costos","s");
INSERT INTO seg_nom VALUES("113","Vehiculo - Refacciones","3","Compra de Refacciones","s");
INSERT INTO seg_nom VALUES("114","Vehiculo - Refacciones","4","Administrar Bodega de Refacciones","s");
INSERT INTO seg_nom VALUES("115","Vehiculo - Refacciones","5","Realizar Transferencias de Refacciones","s");
INSERT INTO seg_nom VALUES("116","Vehiculo - Empresa de Seguros","1","Administrar Empresas de Seguros","s");
INSERT INTO seg_nom VALUES("117","Venta","12","Imprimir Cotizaciones","s");
INSERT INTO seg_nom VALUES("118","Vehiculo - Mantenimiento","1","Programar Mantenimiento a Vehiculos","s");
INSERT INTO seg_nom VALUES("119","Vehiculo - Mantenimiento","2","Realizar Mantenimientos Programados","s");
INSERT INTO seg_nom VALUES("120","Vehiculo - Mantenimiento","3","Administrar Tipos de Servicios","s");
INSERT INTO seg_nom VALUES("121","Venta","13","Consultar y Procesar Cotizaciones","s");
INSERT INTO seg_nom VALUES("122","Eventos","1","Registro y Control de Salones","s");
INSERT INTO seg_nom VALUES("123","Eventos","2","Registro y Control de Vehiculos","s");
INSERT INTO seg_nom VALUES("124","Eventos","3","Administrar Tipo de Vehiculos","s");
INSERT INTO seg_nom VALUES("125","Eventos","4","Adminsitrar Productos a Alquilar","s");
INSERT INTO seg_nom VALUES("126","Eventos","5","Administrar Cantidades de Productos a Alquilar","s");
INSERT INTO seg_nom VALUES("127","Eventos","6","Administrar Tarifas","s");
INSERT INTO seg_nom VALUES("128","Eventos","7","Generar Contrato de Servicios para Eventos","s");
INSERT INTO seg_nom VALUES("129","Bodega","6","Consultar y Re Imprimir Comprobantes","s");
INSERT INTO seg_nom VALUES("130","Eventos","8","Administrar Cuentas por Cobrar","s");
INSERT INTO seg_nom VALUES("131","Eventos","9","Administrar Zonas","s");
INSERT INTO seg_nom VALUES("132","Eventos","10","Administrar Rutas","s");
INSERT INTO seg_nom VALUES("133","Eventos","11","Consultar Rutas Programadas","s");
INSERT INTO seg_nom VALUES("134","Vehiculo","11","Administrar Cuentas por Cobrar","s");
INSERT INTO seg_nom VALUES("135","Bodega","7","Cancelar Compras","s");
INSERT INTO seg_nom VALUES("136","Restaurante","1","Administrar Mesas","s");
INSERT INTO seg_nom VALUES("137","Restaurante","2","Realizar Pedidos o Atender Mesas","s");
INSERT INTO seg_nom VALUES("138","Restaurante","3","Administrar y Facturar Contenido de Mesas","s");
INSERT INTO seg_nom VALUES("139","Restaurante","4","Consultar Comandas en Cocina","s");
INSERT INTO seg_nom VALUES("140","Restaurante","5","Administrar Cuentas por Cobrar","s");
INSERT INTO seg_nom VALUES("141","Bodega","8","Consultar Productos en Baja Existencia","s");
INSERT INTO seg_nom VALUES("142","Bodega","9","Administrar Cantidad Minimo o Maximo de Productos","s");
INSERT INTO seg_nom VALUES("143","Bodega","10","Administrar Conceptos de Devoluciones","s");
INSERT INTO seg_nom VALUES("144","Bodega","11","Administrar Productos Defectuoso","s");
INSERT INTO seg_nom VALUES("145","Reportes","10","Centro de Costos, Consultar Facturas CXC","s");
INSERT INTO seg_nom VALUES("146","Restaurante - Insumos","1","Administrar Insumos","s");
INSERT INTO seg_nom VALUES("147","Restaurante - Insumos","2","Administrar Grupo, Sub Grupo y Familias","s");
INSERT INTO seg_nom VALUES("148","Restaurante - Insumos","3","Administrar Contenido y Cantidades de Insumos","s");
INSERT INTO seg_nom VALUES("149","Servicios","1","Administrar Servicios","s");
INSERT INTO seg_nom VALUES("150","Servicios","2","Administrar Categorias de Servicios","s");
INSERT INTO seg_nom VALUES("151","Servicios","3","Administrar Precios de Servicios","s");
INSERT INTO seg_nom VALUES("152","Reportes","11","Consultar Productos en Sucursales","s");
INSERT INTO seg_nom VALUES("153","Servicios","4","Facturar Servicios","s");


CREATE TABLE `seg_per` (
  `id` int(11) NOT NULL AUTO_INCREMENT,
  `usu` varchar(255) NOT NULL,
  `modulo` varchar(255) NOT NULL,
  `permiso` varchar(255) NOT NULL,
  `estado` varchar(255) NOT NULL,
  PRIMARY KEY (`id`)
) ENGINE=InnoDB AUTO_INCREMENT=835 DEFAULT CHARSET=latin1;

INSERT INTO seg_per VALUES("1","123456789","Anulaciones","1","s");
INSERT INTO seg_per VALUES("2","123456789","Anulaciones","2","s");
INSERT INTO seg_per VALUES("3","123456789","Asistencias","3","s");
INSERT INTO seg_per VALUES("4","123456789","Asistencias","4","s");
INSERT INTO seg_per VALUES("5","123456789","Asistencias","5","s");
INSERT INTO seg_per VALUES("6","123456789","Asistencias","6","s");
INSERT INTO seg_per VALUES("7","123456789","Asistencias","7","s");
INSERT INTO seg_per VALUES("8","123456789","Asistencias","8","s");
INSERT INTO seg_per VALUES("9","123456789","Asistencias","9","s");
INSERT INTO seg_per VALUES("10","123456789","Bodega","1","s");
INSERT INTO seg_per VALUES("11","123456789","Bodega","2","s");
INSERT INTO seg_per VALUES("12","123456789","Bodega","3","s");
INSERT INTO seg_per VALUES("13","123456789","Bodega","4","s");
INSERT INTO seg_per VALUES("14","123456789","Bodega","5","s");
INSERT INTO seg_per VALUES("15","123456789","Cliente","1","s");
INSERT INTO seg_per VALUES("16","123456789","Cliente","2","s");
INSERT INTO seg_per VALUES("17","123456789","Cliente","3","s");
INSERT INTO seg_per VALUES("18","123456789","Cliente","4","s");
INSERT INTO seg_per VALUES("19","123456789","Cliente","5","s");
INSERT INTO seg_per VALUES("20","123456789","Cliente","6","s");
INSERT INTO seg_per VALUES("21","123456789","Cliente","7","s");
INSERT INTO seg_per VALUES("22","123456789","Comisiones","1","s");
INSERT INTO seg_per VALUES("23","123456789","Cuentas","1","s");
INSERT INTO seg_per VALUES("24","123456789","Eventos","1","s");
INSERT INTO seg_per VALUES("25","123456789","Eventos","2","s");
INSERT INTO seg_per VALUES("26","123456789","Eventos","3","s");
INSERT INTO seg_per VALUES("27","123456789","Eventos","4","s");
INSERT INTO seg_per VALUES("28","123456789","Eventos","5","s");
INSERT INTO seg_per VALUES("29","123456789","Eventos","6","s");
INSERT INTO seg_per VALUES("30","123456789","Eventos","7","s");
INSERT INTO seg_per VALUES("31","123456789","Financieros","1","s");
INSERT INTO seg_per VALUES("32","123456789","Financieros","2","s");
INSERT INTO seg_per VALUES("33","123456789","Financieros","3","s");
INSERT INTO seg_per VALUES("34","123456789","Financieros","4","s");
INSERT INTO seg_per VALUES("35","123456789","Nomina","1","s");
INSERT INTO seg_per VALUES("36","123456789","Nomina","2","s");
INSERT INTO seg_per VALUES("37","123456789","Nomina","3","s");
INSERT INTO seg_per VALUES("38","123456789","Nomina","4","s");
INSERT INTO seg_per VALUES("39","123456789","Nomina","5","s");
INSERT INTO seg_per VALUES("40","123456789","Nomina","6","s");
INSERT INTO seg_per VALUES("41","123456789","Productos","1","s");
INSERT INTO seg_per VALUES("42","123456789","Productos","2","s");
INSERT INTO seg_per VALUES("43","123456789","Productos","3","s");
INSERT INTO seg_per VALUES("44","123456789","Productos","4","s");
INSERT INTO seg_per VALUES("45","123456789","Productos","5","s");
INSERT INTO seg_per VALUES("46","123456789","Productos","6","s");
INSERT INTO seg_per VALUES("47","123456789","Productos","7","s");
INSERT INTO seg_per VALUES("48","123456789","Productos","8","s");
INSERT INTO seg_per VALUES("49","123456789","Productos","9","s");
INSERT INTO seg_per VALUES("50","123456789","Productos","10","s");
INSERT INTO seg_per VALUES("51","123456789","Productos","11","s");
INSERT INTO seg_per VALUES("52","123456789","Productos","12","s");
INSERT INTO seg_per VALUES("53","123456789","Productos","13","s");
INSERT INTO seg_per VALUES("54","123456789","Proveedor","1","s");
INSERT INTO seg_per VALUES("55","123456789","Proveedor","2","s");
INSERT INTO seg_per VALUES("56","123456789","Reportes","1","s");
INSERT INTO seg_per VALUES("57","123456789","Reportes","2","s");
INSERT INTO seg_per VALUES("58","123456789","Reportes","3","s");
INSERT INTO seg_per VALUES("59","123456789","Reportes","4","s");
INSERT INTO seg_per VALUES("60","123456789","Reportes","5","s");
INSERT INTO seg_per VALUES("61","123456789","Reportes","7","s");
INSERT INTO seg_per VALUES("62","123456789","Reportes","8","s");
INSERT INTO seg_per VALUES("63","123456789","Reportes","9","s");
INSERT INTO seg_per VALUES("64","123456789","Sistemas","1","s");
INSERT INTO seg_per VALUES("65","123456789","Sistemas","2","s");
INSERT INTO seg_per VALUES("66","123456789","Sistemas","3","s");
INSERT INTO seg_per VALUES("67","123456789","Sistemas","4","s");
INSERT INTO seg_per VALUES("68","123456789","Sistemas","5","s");
INSERT INTO seg_per VALUES("69","123456789","Sistemas","6","s");
INSERT INTO seg_per VALUES("70","123456789","Sistemas","7","s");
INSERT INTO seg_per VALUES("71","123456789","Sistemas","8","s");
INSERT INTO seg_per VALUES("72","123456789","Sistemas","9","s");
INSERT INTO seg_per VALUES("73","123456789","Sistemas","10","s");
INSERT INTO seg_per VALUES("74","123456789","Sistemas","11","s");
INSERT INTO seg_per VALUES("75","123456789","Sistemas","12","s");
INSERT INTO seg_per VALUES("76","123456789","Sistemas","13","s");
INSERT INTO seg_per VALUES("77","123456789","Sistemas","14","s");
INSERT INTO seg_per VALUES("78","123456789","Sistemas","15","s");
INSERT INTO seg_per VALUES("79","123456789","Sistemas","16","s");
INSERT INTO seg_per VALUES("80","123456789","Sistemas","17","s");
INSERT INTO seg_per VALUES("81","123456789","Subir","1","s");
INSERT INTO seg_per VALUES("82","123456789","Subir","2","s");
INSERT INTO seg_per VALUES("83","123456789","Subir","3","s");
INSERT INTO seg_per VALUES("84","123456789","Tienda Online","1","s");
INSERT INTO seg_per VALUES("85","123456789","Tienda Online","2","s");
INSERT INTO seg_per VALUES("86","123456789","Tienda Online","3","s");
INSERT INTO seg_per VALUES("87","123456789","Tienda Online","4","s");
INSERT INTO seg_per VALUES("88","123456789","Tienda Online","5","s");
INSERT INTO seg_per VALUES("89","123456789","Tienda Online","6","s");
INSERT INTO seg_per VALUES("90","123456789","Tienda Online","7","s");
INSERT INTO seg_per VALUES("91","123456789","Tienda Online","8","s");
INSERT INTO seg_per VALUES("92","123456789","Tienda Online","9","s");
INSERT INTO seg_per VALUES("93","123456789","Usuarios","1","s");
INSERT INTO seg_per VALUES("94","123456789","Usuarios","2","s");
INSERT INTO seg_per VALUES("95","123456789","Usuarios","3","s");
INSERT INTO seg_per VALUES("96","123456789","Usuarios","4","s");
INSERT INTO seg_per VALUES("97","123456789","Vehiculo","1","s");
INSERT INTO seg_per VALUES("98","123456789","Vehiculo","2","s");
INSERT INTO seg_per VALUES("99","123456789","Vehiculo","3","s");
INSERT INTO seg_per VALUES("100","123456789","Vehiculo","4","s");
INSERT INTO seg_per VALUES("101","123456789","Vehiculo","5","s");
INSERT INTO seg_per VALUES("102","123456789","Vehiculo","6","s");
INSERT INTO seg_per VALUES("103","123456789","Vehiculo","7","s");
INSERT INTO seg_per VALUES("104","123456789","Vehiculo","8","s");
INSERT INTO seg_per VALUES("105","123456789","Vehiculo","9","s");
INSERT INTO seg_per VALUES("106","123456789","Vehiculo","10","s");
INSERT INTO seg_per VALUES("107","123456789","Vehiculo - Empresa de Seguros","1","s");
INSERT INTO seg_per VALUES("108","123456789","Vehiculo - Mantenimiento","1","s");
INSERT INTO seg_per VALUES("109","123456789","Vehiculo - Mantenimiento","2","s");
INSERT INTO seg_per VALUES("110","123456789","Vehiculo - Mantenimiento","3","s");
INSERT INTO seg_per VALUES("111","123456789","Vehiculo - Refacciones","1","s");
INSERT INTO seg_per VALUES("112","123456789","Vehiculo - Refacciones","2","s");
INSERT INTO seg_per VALUES("113","123456789","Vehiculo - Refacciones","3","s");
INSERT INTO seg_per VALUES("114","123456789","Vehiculo - Refacciones","4","s");
INSERT INTO seg_per VALUES("115","123456789","Vehiculo - Refacciones","5","s");
INSERT INTO seg_per VALUES("116","123456789","Venta","1","s");
INSERT INTO seg_per VALUES("117","123456789","Venta","2","s");
INSERT INTO seg_per VALUES("118","123456789","Venta","3","s");
INSERT INTO seg_per VALUES("119","123456789","Venta","4","s");
INSERT INTO seg_per VALUES("120","123456789","Venta","5","s");
INSERT INTO seg_per VALUES("121","123456789","Venta","6","s");
INSERT INTO seg_per VALUES("122","123456789","Venta","7","s");
INSERT INTO seg_per VALUES("123","123456789","Venta","8","s");
INSERT INTO seg_per VALUES("124","123456789","Venta","9","s");
INSERT INTO seg_per VALUES("125","123456789","Venta","10","s");
INSERT INTO seg_per VALUES("126","123456789","Venta","11","s");
INSERT INTO seg_per VALUES("127","123456789","Venta","12","s");
INSERT INTO seg_per VALUES("128","123456789","Venta","13","s");
INSERT INTO seg_per VALUES("254","123456789","Bodega","6","s");
INSERT INTO seg_per VALUES("255","123456789","Eventos","8","s");
INSERT INTO seg_per VALUES("256","123456789","Eventos","9","s");
INSERT INTO seg_per VALUES("519","123456789","Eventos","10","s");
INSERT INTO seg_per VALUES("520","123456789","Eventos","11","s");
INSERT INTO seg_per VALUES("521","123456789","Vehiculo","11","s");
INSERT INTO seg_per VALUES("522","123456789","Bodega","7","s");
INSERT INTO seg_per VALUES("523","123456789","Restaurante","1","s");
INSERT INTO seg_per VALUES("526","123456789","Restaurante","2","s");
INSERT INTO seg_per VALUES("527","123456789","Restaurante","3","s");
INSERT INTO seg_per VALUES("528","123456789","Restaurante","4","s");
INSERT INTO seg_per VALUES("529","123456789","Restaurante","5","s");
INSERT INTO seg_per VALUES("530","123456789","Bodega","8","s");
INSERT INTO seg_per VALUES("532","123456789","Bodega","9","s");
INSERT INTO seg_per VALUES("533","123456789","Bodega","10","s");
INSERT INTO seg_per VALUES("534","123456789","1","","n");
INSERT INTO seg_per VALUES("535","123456789","Bodega","11","s");
INSERT INTO seg_per VALUES("536","123456789","Reportes","10","s");
INSERT INTO seg_per VALUES("537","123456789","32","","n");
INSERT INTO seg_per VALUES("538","","Usuarios","1","n");
INSERT INTO seg_per VALUES("539","","Usuarios","2","n");
INSERT INTO seg_per VALUES("540","","Usuarios","3","n");
INSERT INTO seg_per VALUES("541","","Usuarios","4","n");
INSERT INTO seg_per VALUES("542","","Productos","1","n");
INSERT INTO seg_per VALUES("543","","Productos","2","n");
INSERT INTO seg_per VALUES("544","","Productos","3","n");
INSERT INTO seg_per VALUES("545","","Productos","4","n");
INSERT INTO seg_per VALUES("546","","Proveedor","1","n");
INSERT INTO seg_per VALUES("547","","Proveedor","2","n");
INSERT INTO seg_per VALUES("548","","Cliente","1","n");
INSERT INTO seg_per VALUES("549","","Cliente","2","n");
INSERT INTO seg_per VALUES("550","","Cliente","3","n");
INSERT INTO seg_per VALUES("551","","Cliente","4","n");
INSERT INTO seg_per VALUES("552","","Nomina","1","n");
INSERT INTO seg_per VALUES("553","","Nomina","2","n");
INSERT INTO seg_per VALUES("554","","Nomina","3","n");
INSERT INTO seg_per VALUES("555","","Nomina","4","n");
INSERT INTO seg_per VALUES("556","","Nomina","5","n");
INSERT INTO seg_per VALUES("557","","Nomina","6","n");
INSERT INTO seg_per VALUES("558","","Sistemas","1","n");
INSERT INTO seg_per VALUES("559","","Bodega","1","n");
INSERT INTO seg_per VALUES("560","","Bodega","2","n");
INSERT INTO seg_per VALUES("561","","Bodega","3","n");
INSERT INTO seg_per VALUES("562","","Bodega","4","n");
INSERT INTO seg_per VALUES("563","","Sistemas","2","n");
INSERT INTO seg_per VALUES("564","","Venta","1","n");
INSERT INTO seg_per VALUES("565","","Venta","2","n");
INSERT INTO seg_per VALUES("566","","Venta","3","n");
INSERT INTO seg_per VALUES("567","","Sistemas","3","n");
INSERT INTO seg_per VALUES("568","","Sistemas","4","n");
INSERT INTO seg_per VALUES("569","","Cuentas","1","n");
INSERT INTO seg_per VALUES("570","","Productos","5","n");
INSERT INTO seg_per VALUES("571","","Sistemas","5","n");
INSERT INTO seg_per VALUES("572","","Reportes","1","n");
INSERT INTO seg_per VALUES("573","","Venta","4","n");
INSERT INTO seg_per VALUES("574","","Venta","5","n");
INSERT INTO seg_per VALUES("575","","Comisiones","1","n");
INSERT INTO seg_per VALUES("576","","Financieros","1","n");
INSERT INTO seg_per VALUES("577","","Financieros","2","n");
INSERT INTO seg_per VALUES("578","","Financieros","3","n");
INSERT INTO seg_per VALUES("579","","Sistemas","6","n");
INSERT INTO seg_per VALUES("580","","Productos","6","n");
INSERT INTO seg_per VALUES("581","","Financieros","4","n");
INSERT INTO seg_per VALUES("582","","Venta","6","n");
INSERT INTO seg_per VALUES("583","","Reportes","2","n");
INSERT INTO seg_per VALUES("584","","Reportes","3","n");
INSERT INTO seg_per VALUES("585","","Productos","7","n");
INSERT INTO seg_per VALUES("586","","Sistemas","7","n");
INSERT INTO seg_per VALUES("587","","Venta","7","n");
INSERT INTO seg_per VALUES("588","","Sistemas","8","n");
INSERT INTO seg_per VALUES("589","","Venta","8","n");
INSERT INTO seg_per VALUES("590","","Subir","1","n");
INSERT INTO seg_per VALUES("591","","Subir","2","n");
INSERT INTO seg_per VALUES("592","","Sistemas","9","n");
INSERT INTO seg_per VALUES("593","","Anulaciones","1","n");
INSERT INTO seg_per VALUES("594","","Anulaciones","2","n");
INSERT INTO seg_per VALUES("595","","Venta","9","n");
INSERT INTO seg_per VALUES("596","","Productos","8","n");
INSERT INTO seg_per VALUES("597","","Productos","9","n");
INSERT INTO seg_per VALUES("598","","Bodega","5","n");
INSERT INTO seg_per VALUES("599","","Asistencias","3","n");
INSERT INTO seg_per VALUES("600","","Asistencias","4","n");
INSERT INTO seg_per VALUES("601","","Asistencias","5","n");
INSERT INTO seg_per VALUES("602","","Asistencias","6","n");
INSERT INTO seg_per VALUES("603","","Productos","10","n");
INSERT INTO seg_per VALUES("604","","Cliente","5","n");
INSERT INTO seg_per VALUES("605","","Venta","10","n");
INSERT INTO seg_per VALUES("606","","Sistemas","10","n");
INSERT INTO seg_per VALUES("607","","Sistemas","11","n");
INSERT INTO seg_per VALUES("608","","Sistemas","12","n");
INSERT INTO seg_per VALUES("609","","Sistemas","13","n");
INSERT INTO seg_per VALUES("610","","Venta","11","n");
INSERT INTO seg_per VALUES("611","","Cliente","6","n");
INSERT INTO seg_per VALUES("612","","Reportes","4","n");
INSERT INTO seg_per VALUES("613","","Reportes","5","n");
INSERT INTO seg_per VALUES("614","","Asistencias","7","n");
INSERT INTO seg_per VALUES("615","","Asistencias","8","n");
INSERT INTO seg_per VALUES("616","","Subir","3","n");
INSERT INTO seg_per VALUES("617","","Sistemas","14","n");
INSERT INTO seg_per VALUES("618","","Sistemas","15","n");
INSERT INTO seg_per VALUES("619","","Vehiculo","1","n");
INSERT INTO seg_per VALUES("620","","Vehiculo","2","n");
INSERT INTO seg_per VALUES("621","","Vehiculo","3","n");
INSERT INTO seg_per VALUES("622","","Sistemas","16","n");
INSERT INTO seg_per VALUES("623","","Vehiculo","4","n");
INSERT INTO seg_per VALUES("624","","Vehiculo","5","n");
INSERT INTO seg_per VALUES("625","","Vehiculo","6","n");
INSERT INTO seg_per VALUES("626","","Vehiculo","7","n");
INSERT INTO seg_per VALUES("627","","Vehiculo","8","n");
INSERT INTO seg_per VALUES("628","","Vehiculo","9","n");
INSERT INTO seg_per VALUES("629","","Sistemas","17","n");
INSERT INTO seg_per VALUES("630","","Reportes","7","n");
INSERT INTO seg_per VALUES("631","","Productos","11","n");
INSERT INTO seg_per VALUES("632","","Tienda Online","1","n");
INSERT INTO seg_per VALUES("633","","Productos","12","n");
INSERT INTO seg_per VALUES("634","","Productos","13","n");
INSERT INTO seg_per VALUES("635","","Tienda Online","2","n");
INSERT INTO seg_per VALUES("636","","Tienda Online","3","n");
INSERT INTO seg_per VALUES("637","","Tienda Online","4","n");
INSERT INTO seg_per VALUES("638","","Tienda Online","5","n");
INSERT INTO seg_per VALUES("639","","Asistencias","9","n");
INSERT INTO seg_per VALUES("640","","Cliente","7","n");
INSERT INTO seg_per VALUES("641","","Tienda Online","6","n");
INSERT INTO seg_per VALUES("642","","Tienda Online","7","n");
INSERT INTO seg_per VALUES("643","","Reportes","8","n");
INSERT INTO seg_per VALUES("644","","Reportes","9","n");
INSERT INTO seg_per VALUES("645","","Tienda Online","8","n");
INSERT INTO seg_per VALUES("646","","Tienda Online","9","n");
INSERT INTO seg_per VALUES("647","","Vehiculo","10","n");
INSERT INTO seg_per VALUES("648","","Vehiculo - Refacciones","1","n");
INSERT INTO seg_per VALUES("649","","Vehiculo - Refacciones","2","n");
INSERT INTO seg_per VALUES("650","","Vehiculo - Refacciones","3","n");
INSERT INTO seg_per VALUES("651","","Vehiculo - Refacciones","4","n");
INSERT INTO seg_per VALUES("652","","Vehiculo - Refacciones","5","n");
INSERT INTO seg_per VALUES("653","","Vehiculo - Empresa de Seguros","1","n");
INSERT INTO seg_per VALUES("654","","Venta","12","n");
INSERT INTO seg_per VALUES("655","","Vehiculo - Mantenimiento","1","n");
INSERT INTO seg_per VALUES("656","","Vehiculo - Mantenimiento","2","n");
INSERT INTO seg_per VALUES("657","","Vehiculo - Mantenimiento","3","n");
INSERT INTO seg_per VALUES("658","","Venta","13","n");
INSERT INTO seg_per VALUES("659","","Eventos","1","n");
INSERT INTO seg_per VALUES("660","","Eventos","2","n");
INSERT INTO seg_per VALUES("661","","Eventos","3","n");
INSERT INTO seg_per VALUES("662","","Eventos","4","n");
INSERT INTO seg_per VALUES("663","","Eventos","5","n");
INSERT INTO seg_per VALUES("664","","Eventos","6","n");
INSERT INTO seg_per VALUES("665","","Eventos","7","n");
INSERT INTO seg_per VALUES("666","","Bodega","6","n");
INSERT INTO seg_per VALUES("667","","Eventos","8","n");
INSERT INTO seg_per VALUES("668","","Eventos","9","n");
INSERT INTO seg_per VALUES("669","","Eventos","10","n");
INSERT INTO seg_per VALUES("670","","Eventos","11","n");
INSERT INTO seg_per VALUES("671","","Vehiculo","11","n");
INSERT INTO seg_per VALUES("672","","Bodega","7","n");
INSERT INTO seg_per VALUES("673","","Restaurante","1","n");
INSERT INTO seg_per VALUES("674","","Restaurante","2","n");
INSERT INTO seg_per VALUES("675","","Restaurante","3","n");
INSERT INTO seg_per VALUES("676","","Restaurante","4","n");
INSERT INTO seg_per VALUES("677","","Restaurante","5","n");
INSERT INTO seg_per VALUES("678","","Bodega","8","n");
INSERT INTO seg_per VALUES("679","","Bodega","9","n");
INSERT INTO seg_per VALUES("680","","Bodega","10","n");
INSERT INTO seg_per VALUES("681","","Bodega","11","n");
INSERT INTO seg_per VALUES("682","","Reportes","10","n");
INSERT INTO seg_per VALUES("683","5566","Usuarios","1","n");
INSERT INTO seg_per VALUES("684","5566","Usuarios","2","n");
INSERT INTO seg_per VALUES("685","5566","Usuarios","3","n");
INSERT INTO seg_per VALUES("686","5566","Usuarios","4","n");
INSERT INTO seg_per VALUES("687","5566","Productos","1","n");
INSERT INTO seg_per VALUES("688","5566","Productos","2","n");
INSERT INTO seg_per VALUES("689","5566","Productos","3","n");
INSERT INTO seg_per VALUES("690","5566","Productos","4","n");
INSERT INTO seg_per VALUES("691","5566","Proveedor","1","n");
INSERT INTO seg_per VALUES("692","5566","Proveedor","2","n");
INSERT INTO seg_per VALUES("693","5566","Cliente","1","s");
INSERT INTO seg_per VALUES("694","5566","Cliente","2","s");
INSERT INTO seg_per VALUES("695","5566","Cliente","3","n");
INSERT INTO seg_per VALUES("696","5566","Cliente","4","s");
INSERT INTO seg_per VALUES("697","5566","Nomina","1","n");
INSERT INTO seg_per VALUES("698","5566","Nomina","2","n");
INSERT INTO seg_per VALUES("699","5566","Nomina","3","n");
INSERT INTO seg_per VALUES("700","5566","Nomina","4","n");
INSERT INTO seg_per VALUES("701","5566","Nomina","5","n");
INSERT INTO seg_per VALUES("702","5566","Nomina","6","n");
INSERT INTO seg_per VALUES("703","5566","Sistemas","1","n");
INSERT INTO seg_per VALUES("704","5566","Bodega","1","n");
INSERT INTO seg_per VALUES("705","5566","Bodega","2","n");
INSERT INTO seg_per VALUES("706","5566","Bodega","3","n");
INSERT INTO seg_per VALUES("707","5566","Bodega","4","n");
INSERT INTO seg_per VALUES("708","5566","Sistemas","2","n");
INSERT INTO seg_per VALUES("709","5566","Venta","1","n");
INSERT INTO seg_per VALUES("710","5566","Venta","2","n");
INSERT INTO seg_per VALUES("711","5566","Venta","3","n");
INSERT INTO seg_per VALUES("712","5566","Sistemas","3","n");
INSERT INTO seg_per VALUES("713","5566","Sistemas","4","n");
INSERT INTO seg_per VALUES("714","5566","Cuentas","1","n");
INSERT INTO seg_per VALUES("715","5566","Productos","5","n");
INSERT INTO seg_per VALUES("716","5566","Sistemas","5","n");
INSERT INTO seg_per VALUES("717","5566","Reportes","1","n");
INSERT INTO seg_per VALUES("718","5566","Venta","4","n");
INSERT INTO seg_per VALUES("719","5566","Venta","5","n");
INSERT INTO seg_per VALUES("720","5566","Comisiones","1","n");
INSERT INTO seg_per VALUES("721","5566","Financieros","1","n");
INSERT INTO seg_per VALUES("722","5566","Financieros","2","n");
INSERT INTO seg_per VALUES("723","5566","Financieros","3","n");
INSERT INTO seg_per VALUES("724","5566","Sistemas","6","n");
INSERT INTO seg_per VALUES("725","5566","Productos","6","n");
INSERT INTO seg_per VALUES("726","5566","Financieros","4","n");
INSERT INTO seg_per VALUES("727","5566","Venta","6","n");
INSERT INTO seg_per VALUES("728","5566","Reportes","2","n");
INSERT INTO seg_per VALUES("729","5566","Reportes","3","n");
INSERT INTO seg_per VALUES("730","5566","Productos","7","n");
INSERT INTO seg_per VALUES("731","5566","Sistemas","7","n");
INSERT INTO seg_per VALUES("732","5566","Venta","7","n");
INSERT INTO seg_per VALUES("733","5566","Sistemas","8","n");
INSERT INTO seg_per VALUES("734","5566","Venta","8","n");
INSERT INTO seg_per VALUES("735","5566","Subir","1","n");
INSERT INTO seg_per VALUES("736","5566","Subir","2","n");
INSERT INTO seg_per VALUES("737","5566","Sistemas","9","n");
INSERT INTO seg_per VALUES("738","5566","Anulaciones","1","s");
INSERT INTO seg_per VALUES("739","5566","Anulaciones","2","s");
INSERT INTO seg_per VALUES("740","5566","Venta","9","n");
INSERT INTO seg_per VALUES("741","5566","Productos","8","n");
INSERT INTO seg_per VALUES("742","5566","Productos","9","n");
INSERT INTO seg_per VALUES("743","5566","Bodega","5","n");
INSERT INTO seg_per VALUES("744","5566","Asistencias","3","n");
INSERT INTO seg_per VALUES("745","5566","Asistencias","4","n");
INSERT INTO seg_per VALUES("746","5566","Asistencias","5","n");
INSERT INTO seg_per VALUES("747","5566","Asistencias","6","n");
INSERT INTO seg_per VALUES("748","5566","Productos","10","n");
INSERT INTO seg_per VALUES("749","5566","Cliente","5","n");
INSERT INTO seg_per VALUES("750","5566","Venta","10","n");
INSERT INTO seg_per VALUES("751","5566","Sistemas","10","n");
INSERT INTO seg_per VALUES("752","5566","Sistemas","11","n");
INSERT INTO seg_per VALUES("753","5566","Sistemas","12","n");
INSERT INTO seg_per VALUES("754","5566","Sistemas","13","n");
INSERT INTO seg_per VALUES("755","5566","Venta","11","n");
INSERT INTO seg_per VALUES("756","5566","Cliente","6","n");
INSERT INTO seg_per VALUES("757","5566","Reportes","4","n");
INSERT INTO seg_per VALUES("758","5566","Reportes","5","n");
INSERT INTO seg_per VALUES("759","5566","Asistencias","7","n");
INSERT INTO seg_per VALUES("760","5566","Asistencias","8","n");
INSERT INTO seg_per VALUES("761","5566","Subir","3","n");
INSERT INTO seg_per VALUES("762","5566","Sistemas","14","n");
INSERT INTO seg_per VALUES("763","5566","Sistemas","15","n");
INSERT INTO seg_per VALUES("764","5566","Vehiculo","1","n");
INSERT INTO seg_per VALUES("765","5566","Vehiculo","2","n");
INSERT INTO seg_per VALUES("766","5566","Vehiculo","3","n");
INSERT INTO seg_per VALUES("767","5566","Sistemas","16","n");
INSERT INTO seg_per VALUES("768","5566","Vehiculo","4","n");
INSERT INTO seg_per VALUES("769","5566","Vehiculo","5","n");
INSERT INTO seg_per VALUES("770","5566","Vehiculo","6","n");
INSERT INTO seg_per VALUES("771","5566","Vehiculo","7","n");
INSERT INTO seg_per VALUES("772","5566","Vehiculo","8","n");
INSERT INTO seg_per VALUES("773","5566","Vehiculo","9","n");
INSERT INTO seg_per VALUES("774","5566","Sistemas","17","n");
INSERT INTO seg_per VALUES("775","5566","Reportes","7","n");
INSERT INTO seg_per VALUES("776","5566","Productos","11","n");
INSERT INTO seg_per VALUES("777","5566","Tienda Online","1","n");
INSERT INTO seg_per VALUES("778","5566","Productos","12","n");
INSERT INTO seg_per VALUES("779","5566","Productos","13","n");
INSERT INTO seg_per VALUES("780","5566","Tienda Online","2","n");
INSERT INTO seg_per VALUES("781","5566","Tienda Online","3","n");
INSERT INTO seg_per VALUES("782","5566","Tienda Online","4","n");
INSERT INTO seg_per VALUES("783","5566","Tienda Online","5","n");
INSERT INTO seg_per VALUES("784","5566","Asistencias","9","n");
INSERT INTO seg_per VALUES("785","5566","Cliente","7","n");
INSERT INTO seg_per VALUES("786","5566","Tienda Online","6","n");
INSERT INTO seg_per VALUES("787","5566","Tienda Online","7","n");
INSERT INTO seg_per VALUES("788","5566","Reportes","8","n");
INSERT INTO seg_per VALUES("789","5566","Reportes","9","n");
INSERT INTO seg_per VALUES("790","5566","Tienda Online","8","n");
INSERT INTO seg_per VALUES("791","5566","Tienda Online","9","n");
INSERT INTO seg_per VALUES("792","5566","Vehiculo","10","n");
INSERT INTO seg_per VALUES("793","5566","Vehiculo - Refacciones","1","n");
INSERT INTO seg_per VALUES("794","5566","Vehiculo - Refacciones","2","n");
INSERT INTO seg_per VALUES("795","5566","Vehiculo - Refacciones","3","n");
INSERT INTO seg_per VALUES("796","5566","Vehiculo - Refacciones","4","n");
INSERT INTO seg_per VALUES("797","5566","Vehiculo - Refacciones","5","n");
INSERT INTO seg_per VALUES("798","5566","Vehiculo - Empresa de Seguros","1","n");
INSERT INTO seg_per VALUES("799","5566","Venta","12","n");
INSERT INTO seg_per VALUES("800","5566","Vehiculo - Mantenimiento","1","n");
INSERT INTO seg_per VALUES("801","5566","Vehiculo - Mantenimiento","2","n");
INSERT INTO seg_per VALUES("802","5566","Vehiculo - Mantenimiento","3","n");
INSERT INTO seg_per VALUES("803","5566","Venta","13","n");
INSERT INTO seg_per VALUES("804","5566","Eventos","1","n");
INSERT INTO seg_per VALUES("805","5566","Eventos","2","n");
INSERT INTO seg_per VALUES("806","5566","Eventos","3","n");
INSERT INTO seg_per VALUES("807","5566","Eventos","4","n");
INSERT INTO seg_per VALUES("808","5566","Eventos","5","n");
INSERT INTO seg_per VALUES("809","5566","Eventos","6","n");
INSERT INTO seg_per VALUES("810","5566","Eventos","7","n");
INSERT INTO seg_per VALUES("811","5566","Bodega","6","n");
INSERT INTO seg_per VALUES("812","5566","Eventos","8","n");
INSERT INTO seg_per VALUES("813","5566","Eventos","9","n");
INSERT INTO seg_per VALUES("814","5566","Eventos","10","n");
INSERT INTO seg_per VALUES("815","5566","Eventos","11","n");
INSERT INTO seg_per VALUES("816","5566","Vehiculo","11","n");
INSERT INTO seg_per VALUES("817","5566","Bodega","7","n");
INSERT INTO seg_per VALUES("818","5566","Restaurante","1","n");
INSERT INTO seg_per VALUES("819","5566","Restaurante","2","n");
INSERT INTO seg_per VALUES("820","5566","Restaurante","3","n");
INSERT INTO seg_per VALUES("821","5566","Restaurante","4","n");
INSERT INTO seg_per VALUES("822","5566","Restaurante","5","n");
INSERT INTO seg_per VALUES("823","5566","Bodega","8","n");
INSERT INTO seg_per VALUES("824","5566","Bodega","9","n");
INSERT INTO seg_per VALUES("825","5566","Bodega","10","n");
INSERT INTO seg_per VALUES("826","5566","Bodega","11","n");
INSERT INTO seg_per VALUES("827","5566","Reportes","10","n");
INSERT INTO seg_per VALUES("828","123456789","Restaurante - Insumos","1","s");
INSERT INTO seg_per VALUES("829","123456789","Restaurante - Insumos","2","s");
INSERT INTO seg_per VALUES("830","123456789","Restaurante - Insumos","3","s");
INSERT INTO seg_per VALUES("831","123456789","Servicios","1","s");
INSERT INTO seg_per VALUES("832","123456789","Servicios","2","s");
INSERT INTO seg_per VALUES("833","123456789","Servicios","3","s");
INSERT INTO seg_per VALUES("834","123456789","Reportes","11","s");


CREATE TABLE `ser_info` (
  `id` int(11) NOT NULL AUTO_INCREMENT,
  `codigo` varchar(255) NOT NULL,
  `nombre` varchar(255) NOT NULL,
  `familia` varchar(255) NOT NULL,
  `grupo` varchar(255) NOT NULL,
  `subgrupo` varchar(255) NOT NULL,
  `estado` varchar(255) NOT NULL,
  PRIMARY KEY (`id`)
) ENGINE=InnoDB AUTO_INCREMENT=2 DEFAULT CHARSET=latin1;

INSERT INTO ser_info VALUES("1","10","Prueba Servicio Numero S","106","109","110","s");


CREATE TABLE `ser_info_desactivado` (
  `id` int(11) NOT NULL AUTO_INCREMENT,
  `codigo` varchar(255) NOT NULL,
  `nombre` varchar(255) NOT NULL,
  `familia` varchar(255) NOT NULL,
  `grupo` varchar(255) NOT NULL,
  `subgrupo` varchar(255) NOT NULL,
  `estado` varchar(255) NOT NULL,
  PRIMARY KEY (`id`)
) ENGINE=InnoDB DEFAULT CHARSET=latin1;



CREATE TABLE `ser_precio` (
  `id` int(11) NOT NULL AUTO_INCREMENT,
  `servicio` varchar(255) NOT NULL,
  `valor` varchar(255) NOT NULL,
  `lista` varchar(255) NOT NULL,
  PRIMARY KEY (`id`)
) ENGINE=InnoDB AUTO_INCREMENT=7 DEFAULT CHARSET=latin1;

INSERT INTO ser_precio VALUES("1","10","100","1");
INSERT INTO ser_precio VALUES("2","10","200","2");
INSERT INTO ser_precio VALUES("3","10","300","3");
INSERT INTO ser_precio VALUES("4","10","400","4");
INSERT INTO ser_precio VALUES("5","10","500","5");
INSERT INTO ser_precio VALUES("6","10","450","6");


CREATE TABLE `sucursal` (
  `id` int(11) NOT NULL AUTO_INCREMENT,
  `nom` varchar(255) NOT NULL,
  `ciudad` varchar(255) NOT NULL,
  `dir` varchar(255) NOT NULL,
  `tel` varchar(255) NOT NULL,
  `correo` varchar(255) NOT NULL,
  `calle` varchar(255) NOT NULL,
  `noext` varchar(255) NOT NULL,
  `noint` varchar(255) NOT NULL,
  `colonia` varchar(255) NOT NULL,
  `localidad` varchar(255) NOT NULL,
  `municipio` varchar(255) NOT NULL,
  `estado2` varchar(255) NOT NULL,
  `pais` varchar(255) NOT NULL,
  `cp` varchar(255) NOT NULL,
  `rfc` varchar(255) NOT NULL,
  `folio` varchar(255) NOT NULL,
  `serie` varchar(255) NOT NULL,
  `auto` varchar(255) NOT NULL,
  `propina` double NOT NULL,
  `tama` varchar(255) NOT NULL,
  `letra` varchar(255) NOT NULL,
  `ve_auto` varchar(255) NOT NULL,
  PRIMARY KEY (`id`)
) ENGINE=InnoDB AUTO_INCREMENT=3 DEFAULT CHARSET=latin1;

INSERT INTO sucursal VALUES("1","Principal","Estado de Mexico","Tecamac","t","correo","calle","no ext","no int","colonia","localidad","municipip","tek","pais","codigopostal","rfc","","00001000000302642674","n","5","340","12","s");
INSERT INTO sucursal VALUES("2","Secundario","Monterrey","NL","11","","","","","","","","","","","","","00001000000302642674","n","0","340","12","n");


CREATE TABLE `t_detalle` (
  `id` int(11) NOT NULL AUTO_INCREMENT,
  `producto` varchar(255) NOT NULL,
  `ref` varchar(255) NOT NULL,
  `cant` varchar(255) NOT NULL,
  `valor` varchar(255) NOT NULL,
  `costo` varchar(255) NOT NULL,
  `lista` varchar(255) NOT NULL,
  `rete` varchar(255) NOT NULL,
  `descuento` varchar(255) NOT NULL,
  PRIMARY KEY (`id`)
) ENGINE=InnoDB DEFAULT CHARSET=latin1;



CREATE TABLE `t_retener` (
  `id` int(11) NOT NULL AUTO_INCREMENT,
  `nombre` varchar(255) NOT NULL,
  `descrip` longtext NOT NULL,
  `fecha` date NOT NULL,
  `hora` time NOT NULL,
  `cliente` varchar(255) NOT NULL,
  `usu` varchar(255) NOT NULL,
  `descuento` varchar(255) NOT NULL,
  PRIMARY KEY (`id`)
) ENGINE=InnoDB DEFAULT CHARSET=latin1;



CREATE TABLE `tmp_comi` (
  `id` int(11) NOT NULL AUTO_INCREMENT,
  `comi` varchar(255) NOT NULL,
  `valor` varchar(255) NOT NULL,
  `usu` varchar(255) NOT NULL,
  PRIMARY KEY (`id`)
) ENGINE=InnoDB DEFAULT CHARSET=latin1;



CREATE TABLE `tmp_trans` (
  `id` int(11) NOT NULL AUTO_INCREMENT,
  `codigo` varchar(255) NOT NULL,
  `nombre` varchar(255) NOT NULL,
  `origen` varchar(255) NOT NULL,
  `final` varchar(255) NOT NULL,
  `cant` varchar(255) NOT NULL,
  `usu` varchar(255) NOT NULL,
  PRIMARY KEY (`id`)
) ENGINE=InnoDB DEFAULT CHARSET=latin1;



CREATE TABLE `tmp_venta` (
  `id` int(11) NOT NULL AUTO_INCREMENT,
  `cliente` varchar(255) NOT NULL,
  `usu` varchar(255) NOT NULL,
  PRIMARY KEY (`id`)
) ENGINE=InnoDB AUTO_INCREMENT=68 DEFAULT CHARSET=latin1;

INSERT INTO tmp_venta VALUES("67","2","123456789");


CREATE TABLE `tmp_venta_caja` (
  `id` int(11) NOT NULL AUTO_INCREMENT,
  `cod` varchar(255) NOT NULL,
  `ref` varchar(255) NOT NULL,
  `nom` varchar(255) NOT NULL,
  `cant` varchar(255) NOT NULL,
  `val` varchar(255) NOT NULL,
  `descuento` varchar(255) NOT NULL,
  `color` varchar(255) NOT NULL,
  `usu` varchar(255) NOT NULL,
  PRIMARY KEY (`id`),
  UNIQUE KEY `id` (`id`)
) ENGINE=InnoDB AUTO_INCREMENT=34 DEFAULT CHARSET=latin1;

INSERT INTO tmp_venta_caja VALUES("30","12","","Producto de Prueba","30","120","0","","123456789");
INSERT INTO tmp_venta_caja VALUES("31","13","","Producto de Prueba dos","1","100","0","","123456789");


CREATE TABLE `tmp_venta_cargo` (
  `id` int(11) NOT NULL AUTO_INCREMENT,
  `concepto` varchar(255) NOT NULL,
  `valor` varchar(255) NOT NULL,
  `usu` varchar(255) NOT NULL,
  PRIMARY KEY (`id`)
) ENGINE=InnoDB DEFAULT CHARSET=latin1;



CREATE TABLE `tmp_venta_concepto` (
  `id` int(11) NOT NULL AUTO_INCREMENT,
  `concepto` varchar(255) NOT NULL,
  `valor` varchar(255) NOT NULL,
  `usu` varchar(255) NOT NULL,
  `cargo` varchar(100) NOT NULL,
  PRIMARY KEY (`id`)
) ENGINE=InnoDB AUTO_INCREMENT=18 DEFAULT CHARSET=latin1;



CREATE TABLE `trans` (
  `id` int(11) NOT NULL AUTO_INCREMENT,
  `origen` varchar(255) NOT NULL,
  `final` varchar(255) NOT NULL,
  `producto` varchar(255) NOT NULL,
  `nombre` varchar(255) NOT NULL,
  `cant` varchar(255) NOT NULL,
  `nota` longtext NOT NULL,
  `fecha` date NOT NULL,
  `hora` time NOT NULL,
  `usu` varchar(255) NOT NULL,
  `relacion` varchar(255) NOT NULL,
  PRIMARY KEY (`id`)
) ENGINE=InnoDB AUTO_INCREMENT=8 DEFAULT CHARSET=latin1;

INSERT INTO trans VALUES("1","1","2","12","Producto de Prueba","10","nada","2015-05-09","15:03:36","123456789","");
INSERT INTO trans VALUES("2","1","2","13","Producto de Prueba dos","25","nada","2015-06-08","15:05:20","123456789","");
INSERT INTO trans VALUES("3","1","2","123","PRUEBA","10","nada","2015-08-23","14:28:36","123456789","");
INSERT INTO trans VALUES("4","1","2","12","Producto de Prueba","2","nada","2015-09-06","15:59:32","123456789","");
INSERT INTO trans VALUES("5","2","1","12","Producto de Prueba","1","nada","2015-09-14","11:00:59","123456789","");
INSERT INTO trans VALUES("6","2","1","12","Producto de Prueba","1","nada","2015-09-14","11:33:01","123456789","1");
INSERT INTO trans VALUES("7","1","2","12","Producto de Prueba","3","nada","2015-09-14","11:43:11","123456789","2");


CREATE TABLE `trans_detalle` (
  `id` int(11) NOT NULL AUTO_INCREMENT,
  `codigo` varchar(255) NOT NULL,
  `nombre` varchar(255) NOT NULL,
  `origen` varchar(255) NOT NULL,
  `final` varchar(255) NOT NULL,
  `cant` varchar(255) NOT NULL,
  `lista` varchar(255) NOT NULL,
  PRIMARY KEY (`id`)
) ENGINE=InnoDB AUTO_INCREMENT=3 DEFAULT CHARSET=latin1;

INSERT INTO trans_detalle VALUES("1","13","Producto de Prueba dos","1","2","1","1");
INSERT INTO trans_detalle VALUES("2","12","Producto de Prueba","1","2","4","3");


CREATE TABLE `trans_encabezado` (
  `id` int(11) NOT NULL AUTO_INCREMENT,
  `fecha` date NOT NULL,
  `hora` time NOT NULL,
  `usuario` varchar(255) NOT NULL,
  `origen` varchar(255) NOT NULL,
  `final` varchar(255) NOT NULL,
  PRIMARY KEY (`id`)
) ENGINE=InnoDB AUTO_INCREMENT=3 DEFAULT CHARSET=latin1;

INSERT INTO trans_encabezado VALUES("1","2015-09-14","11:33:01","123456789","2","1");
INSERT INTO trans_encabezado VALUES("2","2015-09-14","11:43:11","123456789","1","2");


CREATE TABLE `trans_lista` (
  `id` int(11) NOT NULL AUTO_INCREMENT,
  `nombre` varchar(255) NOT NULL,
  `nota` varchar(266) NOT NULL,
  `origen` varchar(255) NOT NULL,
  `final` varchar(255) NOT NULL,
  PRIMARY KEY (`id`)
) ENGINE=InnoDB AUTO_INCREMENT=4 DEFAULT CHARSET=latin1;

INSERT INTO trans_lista VALUES("1","JORGE","MINDA","1","2");
INSERT INTO trans_lista VALUES("2","hola","hola","1","2");
INSERT INTO trans_lista VALUES("3","prueba de refacciones","ninguna opcoon","1","2");


CREATE TABLE `username` (
  `id` int(11) NOT NULL AUTO_INCREMENT,
  `usu` varchar(255) NOT NULL,
  `con` varchar(255) NOT NULL,
  `tipo` varchar(255) NOT NULL,
  `cargo` varchar(255) NOT NULL,
  `sucursal` varchar(255) NOT NULL,
  `estado` varchar(255) NOT NULL,
  `caja` varchar(255) NOT NULL,
  PRIMARY KEY (`id`)
) ENGINE=InnoDB AUTO_INCREMENT=9 DEFAULT CHARSET=latin1;

INSERT INTO username VALUES("1","123456789","caa297fe47671dbb6c4ba4547ebef3a4a022cc91","a","Administrador","1","s","Principal");
INSERT INTO username VALUES("3","15","c0b56e05b4f234bd2ee0f4ac624c98d9a4615d69","c","cliente","1","s","");
INSERT INTO username VALUES("4","5566","7229d98cfb771336daaebdde53206a658a76e460","u","5","1","s","NINGUNA");
INSERT INTO username VALUES("5","58578","5ea720372418c448d69446b6e04a316279793c98","c","Cliente","1","s","");
INSERT INTO username VALUES("6","16","d745e06106d97b8dafaaf5310abe4dca8905a615","c","Cliente","1","s","");
INSERT INTO username VALUES("7","5555","730cdf062eed2454e64723c83d45b243c277bcb0","u","4","1","s","2");
INSERT INTO username VALUES("8","1","6a1ae6807bce538d8b1e08dc07e86742c1387c2d","c","Cliente","1","s","");


CREATE TABLE `ve_info` (
  `id` int(11) NOT NULL AUTO_INCREMENT,
  `linea1` text NOT NULL,
  `linea2` text NOT NULL,
  `linea3` text NOT NULL,
  `fecha` date NOT NULL,
  `hora` time NOT NULL,
  `usu` varchar(255) NOT NULL,
  `sucursal` varchar(255) NOT NULL,
  PRIMARY KEY (`id`)
) ENGINE=InnoDB AUTO_INCREMENT=3 DEFAULT CHARSET=latin1;

INSERT INTO ve_info VALUES("1","hola","como","estas","2015-06-18","14:23:47","123456789","1");
INSERT INTO ve_info VALUES("2","bien","gracias","y tu","2015-06-18","14:26:27","123456789","2");


CREATE TABLE `ve_lista` (
  `id` int(11) NOT NULL AUTO_INCREMENT,
  `lista` varchar(255) NOT NULL,
  `sucursal` varchar(255) NOT NULL,
  PRIMARY KEY (`id`)
) ENGINE=InnoDB AUTO_INCREMENT=4 DEFAULT CHARSET=latin1;

INSERT INTO ve_lista VALUES("1","1","1");
INSERT INTO ve_lista VALUES("2","2","1");
INSERT INTO ve_lista VALUES("3","3","1");


CREATE TABLE `ve_veh_detalle` (
  `id` int(11) NOT NULL AUTO_INCREMENT,
  `placa` varchar(255) NOT NULL,
  `tipo` varchar(255) NOT NULL,
  `color` varchar(255) NOT NULL,
  `modelo` varchar(255) NOT NULL,
  `nota` longtext NOT NULL,
  `estado` varchar(255) NOT NULL,
  PRIMARY KEY (`id`)
) ENGINE=InnoDB AUTO_INCREMENT=3 DEFAULT CHARSET=latin1;

INSERT INTO ve_veh_detalle VALUES("1","xyz-123","3","Rojo","2014","Ninguna","s");
INSERT INTO ve_veh_detalle VALUES("2","XXX-2","4","AZUL","2014","NINGUNA","s");


CREATE TABLE `vehiculo_co_detalle` (
  `id` int(11) NOT NULL AUTO_INCREMENT,
  `compra` varchar(255) NOT NULL,
  `pro` varchar(255) NOT NULL,
  `nom` varchar(255) NOT NULL,
  `cant` varchar(255) NOT NULL,
  `recibido` varchar(255) NOT NULL,
  `valor` varchar(255) NOT NULL,
  PRIMARY KEY (`id`)
) ENGINE=InnoDB DEFAULT CHARSET=latin1;



CREATE TABLE `vehiculo_co_info` (
  `id` int(11) NOT NULL AUTO_INCREMENT,
  `entregada` varchar(10) NOT NULL,
  `fentregada` date NOT NULL,
  `hentregada` time NOT NULL,
  `uentregada` varchar(255) NOT NULL,
  `descuento` varchar(255) NOT NULL,
  `fechae` date NOT NULL,
  `destino` varchar(255) NOT NULL,
  `contado` varchar(255) NOT NULL,
  `credito` varchar(255) NOT NULL,
  `cod_prov` varchar(255) NOT NULL,
  `referencia` varchar(255) NOT NULL,
  `envio` varchar(255) NOT NULL,
  `des_anticipo` varchar(255) NOT NULL,
  `fecha` date NOT NULL,
  `hora` time NOT NULL,
  `id_sucursal` varchar(10) NOT NULL,
  `sucursal` varchar(255) NOT NULL,
  `usu` varchar(255) NOT NULL,
  `nom_ven` varchar(255) NOT NULL,
  `nom_prov` varchar(255) NOT NULL,
  `estado` varchar(255) NOT NULL,
  `municipio` varchar(255) NOT NULL,
  `tel` varchar(255) NOT NULL,
  `calle` varchar(255) NOT NULL,
  `contacto` varchar(255) NOT NULL,
  `rfc` varchar(255) NOT NULL,
  `cp` varchar(10) NOT NULL,
  `est` varchar(10) NOT NULL,
  `nota` text NOT NULL,
  PRIMARY KEY (`id`)
) ENGINE=InnoDB DEFAULT CHARSET=latin1;



CREATE TABLE `vehiculo_co_tmp` (
  `id` int(11) NOT NULL AUTO_INCREMENT,
  `cod` varchar(255) NOT NULL,
  `nom` varchar(255) NOT NULL,
  `val` varchar(255) NOT NULL,
  `cant` varchar(255) NOT NULL,
  `usu` varchar(255) NOT NULL,
  PRIMARY KEY (`id`)
) ENGINE=InnoDB DEFAULT CHARSET=latin1;



CREATE TABLE `vehiculo_co_tmp_concepto` (
  `id` int(11) NOT NULL AUTO_INCREMENT,
  `concepto` varchar(255) NOT NULL,
  `valor` varchar(255) NOT NULL,
  `usu` varchar(255) NOT NULL,
  PRIMARY KEY (`id`)
) ENGINE=InnoDB DEFAULT CHARSET=latin1;



CREATE TABLE `vehiculo_compra` (
  `id` int(11) NOT NULL AUTO_INCREMENT,
  `vehiculo` varchar(255) NOT NULL,
  `metodopago` varchar(255) NOT NULL,
  `valor` varchar(255) NOT NULL,
  `fecha` date NOT NULL,
  `hora` time NOT NULL,
  `usu` varchar(255) NOT NULL,
  `sucursal` varchar(255) NOT NULL,
  `nota` text NOT NULL,
  `tipo` varchar(255) NOT NULL,
  `ultimo` varchar(255) NOT NULL,
  PRIMARY KEY (`id`)
) ENGINE=InnoDB AUTO_INCREMENT=2 DEFAULT CHARSET=latin1;

INSERT INTO vehiculo_compra VALUES("1","12","1","600000","2015-07-01","19:00:13","123456789","1","1","comprado","Jorge vas");


CREATE TABLE `vehiculo_comprobante` (
  `id` int(11) NOT NULL AUTO_INCREMENT,
  `contrato` varchar(255) NOT NULL,
  `tipo` varchar(255) NOT NULL,
  `cliente` varchar(255) NOT NULL,
  `rfc` varchar(255) NOT NULL,
  `cp` varchar(255) NOT NULL,
  `correo` varchar(255) NOT NULL,
  `celular` varchar(255) NOT NULL,
  `fecha` date NOT NULL,
  `hora` time NOT NULL,
  `usuario` varchar(255) NOT NULL,
  `sucursal` varchar(255) NOT NULL,
  PRIMARY KEY (`id`)
) ENGINE=InnoDB AUTO_INCREMENT=12 DEFAULT CHARSET=latin1;

INSERT INTO vehiculo_comprobante VALUES("7","13","1","16","f","64000","bryo@no.com","554","2015-08-21","22:54:54","123456789","1");
INSERT INTO vehiculo_comprobante VALUES("8","13","2","16","f","64000","bryo@no.com","554","2015-08-22","10:19:46","123456789","1");
INSERT INTO vehiculo_comprobante VALUES("9","1","1","16","f","64000","bryo@no.com","554","2015-09-19","11:59:17","123456789","1");
INSERT INTO vehiculo_comprobante VALUES("10","2","1","16","f","64000","bryo@no.com","554","2015-09-19","12:12:09","123456789","1");
INSERT INTO vehiculo_comprobante VALUES("11","3","1","16","f","64000","bryo@no.com","554","2015-09-19","12:53:42","123456789","1");


CREATE TABLE `vehiculo_comprobante_detalle` (
  `id` int(11) NOT NULL AUTO_INCREMENT,
  `contrato` varchar(255) NOT NULL,
  `concepto` varchar(255) NOT NULL,
  `valor` varchar(255) NOT NULL,
  `cant` varchar(255) NOT NULL,
  `total` varchar(255) NOT NULL,
  PRIMARY KEY (`id`)
) ENGINE=InnoDB DEFAULT CHARSET=latin1;



CREATE TABLE `vehiculo_con_tmp` (
  `id` int(11) NOT NULL AUTO_INCREMENT,
  `facturado` varchar(255) NOT NULL,
  `cliente` varchar(255) NOT NULL,
  `vehiculo` varchar(255) NOT NULL,
  `usu` varchar(255) NOT NULL,
  `conductor` varchar(255) NOT NULL,
  PRIMARY KEY (`id`)
) ENGINE=InnoDB DEFAULT CHARSET=latin1;



CREATE TABLE `vehiculo_conductor` (
  `id` int(11) NOT NULL AUTO_INCREMENT,
  `usu` varchar(255) NOT NULL,
  `licencia` varchar(255) NOT NULL,
  `vencimiento` date NOT NULL,
  `expedido` date NOT NULL,
  `nota` text NOT NULL,
  `estado` varchar(25) NOT NULL,
  PRIMARY KEY (`id`)
) ENGINE=InnoDB AUTO_INCREMENT=2 DEFAULT CHARSET=latin1;

INSERT INTO vehiculo_conductor VALUES("1","5566","4444","2015-07-02","2015-07-02","1111ccc","s");


CREATE TABLE `vehiculo_confi` (
  `id` int(11) NOT NULL AUTO_INCREMENT,
  `nombre` varchar(255) NOT NULL,
  `tabla` varchar(255) NOT NULL,
  PRIMARY KEY (`id`)
) ENGINE=InnoDB AUTO_INCREMENT=62 DEFAULT CHARSET=latin1;

INSERT INTO vehiculo_confi VALUES("1","Toyota","marca");
INSERT INTO vehiculo_confi VALUES("2","Hyundai","marca");
INSERT INTO vehiculo_confi VALUES("3","Chevrolet","marca");
INSERT INTO vehiculo_confi VALUES("4","Nissan","marca");
INSERT INTO vehiculo_confi VALUES("5","Ford","marca");
INSERT INTO vehiculo_confi VALUES("6","Chrysler","marca");
INSERT INTO vehiculo_confi VALUES("7","Mazda","marca");
INSERT INTO vehiculo_confi VALUES("8","Auto","modelo");
INSERT INTO vehiculo_confi VALUES("9","MInivan","modelo");
INSERT INTO vehiculo_confi VALUES("10","VAN","modelo");
INSERT INTO vehiculo_confi VALUES("11","Pick up","modelo");
INSERT INTO vehiculo_confi VALUES("12","Azul","color");
INSERT INTO vehiculo_confi VALUES("13","Negro","color");
INSERT INTO vehiculo_confi VALUES("14","Blanco","color");
INSERT INTO vehiculo_confi VALUES("15","Gris","color");
INSERT INTO vehiculo_confi VALUES("16","Plata","color");
INSERT INTO vehiculo_confi VALUES("17","Nuevo","estado");
INSERT INTO vehiculo_confi VALUES("18","De Segunda Mano","estado");
INSERT INTO vehiculo_confi VALUES("19","SEMINUEVO","estado");
INSERT INTO vehiculo_confi VALUES("20","50 litros","tanque");
INSERT INTO vehiculo_confi VALUES("21","60 litros","tanque");
INSERT INTO vehiculo_confi VALUES("22","45 litros","tanque");
INSERT INTO vehiculo_confi VALUES("23","95 litros","tanque");
INSERT INTO vehiculo_confi VALUES("24","100 litros","tanque");
INSERT INTO vehiculo_confi VALUES("25","117 litros","tanque");
INSERT INTO vehiculo_confi VALUES("26","138 litros","tanque");
INSERT INTO vehiculo_confi VALUES("27","4 Cilindros","cilindro");
INSERT INTO vehiculo_confi VALUES("28","6 Cilindros","cilindro");
INSERT INTO vehiculo_confi VALUES("29","8 Cilindros","cilindro");
INSERT INTO vehiculo_confi VALUES("30","4 Pasajeros","capacidad");
INSERT INTO vehiculo_confi VALUES("31","5 Pasajeros","capacidad");
INSERT INTO vehiculo_confi VALUES("32","6 Pasajeros","capacidad");
INSERT INTO vehiculo_confi VALUES("33","7 Pasajeros","capacidad");
INSERT INTO vehiculo_confi VALUES("34","8 Pasajeros","capacidad");
INSERT INTO vehiculo_confi VALUES("35","10 Pasajeros","capacidad");
INSERT INTO vehiculo_confi VALUES("36","12 Pasajeros","capacidad");
INSERT INTO vehiculo_confi VALUES("37","14 Pasajeros","capacidad");
INSERT INTO vehiculo_confi VALUES("38","15 Pasajeros","capacidad");
INSERT INTO vehiculo_confi VALUES("39","Automatica","transmision");
INSERT INTO vehiculo_confi VALUES("40","Estandar","transmision");
INSERT INTO vehiculo_confi VALUES("41","Atitude","tipo");
INSERT INTO vehiculo_confi VALUES("42","Express Van","tipo");
INSERT INTO vehiculo_confi VALUES("43","Sentra","tipo");
INSERT INTO vehiculo_confi VALUES("44","Ford F-150","tipo");
INSERT INTO vehiculo_confi VALUES("45","Avenger","tipo");
INSERT INTO vehiculo_confi VALUES("46","Sienna","tipo");
INSERT INTO vehiculo_confi VALUES("47","Town Country","tipo");
INSERT INTO vehiculo_confi VALUES("48","Sonic","tipo");
INSERT INTO vehiculo_confi VALUES("49","Elantra","tipo");
INSERT INTO vehiculo_confi VALUES("50","Fiesta","tipo");
INSERT INTO vehiculo_confi VALUES("51","Hiace","tipo");
INSERT INTO vehiculo_confi VALUES("52","Semi Equipado","equipo");
INSERT INTO vehiculo_confi VALUES("53","Equipado","equipo");
INSERT INTO vehiculo_confi VALUES("54","Tela","inte");
INSERT INTO vehiculo_confi VALUES("55","Piel","inte");
INSERT INTO vehiculo_confi VALUES("56","AXXA","seguro");
INSERT INTO vehiculo_confi VALUES("57","AFIRME","seguro");
INSERT INTO vehiculo_confi VALUES("58","INBURSA","seguro");
INSERT INTO vehiculo_confi VALUES("59","Austero","equipo");
INSERT INTO vehiculo_confi VALUES("60","MAGNA","combustible");
INSERT INTO vehiculo_confi VALUES("61","PREMIUM","combustible");


CREATE TABLE `vehiculo_contrato` (
  `id` int(11) NOT NULL AUTO_INCREMENT,
  `clie_cod` varchar(255) NOT NULL,
  `clie_nom` varchar(255) NOT NULL,
  `clie_dir` varchar(255) NOT NULL,
  `clie_colonia` varchar(255) NOT NULL,
  `clie_tel` varchar(255) NOT NULL,
  `clie_lista` varchar(255) NOT NULL,
  `clie_iva` varchar(255) NOT NULL,
  `veh_cod` varchar(255) NOT NULL,
  `veh_placa` varchar(255) NOT NULL,
  `veh_marca` varchar(255) NOT NULL,
  `veh_modelo` varchar(255) NOT NULL,
  `veh_capacidad` varchar(255) NOT NULL,
  `veh_color` varchar(255) NOT NULL,
  `veh_tipo` varchar(255) NOT NULL,
  `veh_asig` varchar(255) NOT NULL,
  `veh_tarifa` varchar(255) NOT NULL,
  `veh_dia` varchar(255) NOT NULL,
  `veh_cant` varchar(255) NOT NULL,
  `veh_valor` varchar(255) NOT NULL,
  `veh_costo` varchar(255) NOT NULL,
  `veh_inte` varchar(255) NOT NULL,
  `con_cod` varchar(255) NOT NULL,
  `con_nom` varchar(255) NOT NULL,
  `con_lic` varchar(255) NOT NULL,
  `con_exp` date NOT NULL,
  `con_ven` date NOT NULL,
  `con_valor` varchar(255) NOT NULL,
  `ser_desc` varchar(255) NOT NULL,
  `fin_kms_salida` varchar(255) NOT NULL,
  `fin_kms_entrada` varchar(255) NOT NULL,
  `fin_kms_valor` varchar(255) NOT NULL,
  `fin_gasolina_salida` varchar(255) NOT NULL,
  `fin_gasolina_entrada` varchar(255) NOT NULL,
  `fin_gasolina_valor` varchar(255) NOT NULL,
  `fin_autorizado` varchar(255) NOT NULL,
  `fin_tipo` varchar(255) NOT NULL,
  `fin_vehiculo` text NOT NULL,
  `fin_responsable` varchar(255) NOT NULL,
  `fin_fecha_salida` date NOT NULL,
  `fin_hora_salida` time NOT NULL,
  `fin_fecha_entrada` date NOT NULL,
  `fin_hora_entrada` time NOT NULL,
  `fin_deposito` varchar(255) NOT NULL,
  `fin_conductor` text NOT NULL,
  `fin_desc` varchar(255) NOT NULL,
  `fin_factura` varchar(255) NOT NULL,
  `sucursal` varchar(255) NOT NULL,
  `fecha` date NOT NULL,
  `hora` time NOT NULL,
  `estado` varchar(255) NOT NULL,
  `usuario` varchar(255) NOT NULL,
  `vencimiento` date NOT NULL,
  `f_tiempo` varchar(255) NOT NULL,
  `f_kms` varchar(255) NOT NULL,
  `f_cargo` varchar(255) NOT NULL,
  `f_choque` varchar(255) NOT NULL,
  `f_gasolina` varchar(255) NOT NULL,
  `f_personal` varchar(255) NOT NULL,
  PRIMARY KEY (`id`)
) ENGINE=InnoDB AUTO_INCREMENT=4 DEFAULT CHARSET=latin1;

INSERT INTO vehiculo_contrato VALUES("3","16","Infosis Piso 11","Maq Piso 11","centro","33","1","s","65","abc596","Nissan","2005","4 Pasajeros","Blanco","Avenger","prov","dia","3","3","1800","300000","2","5566","USUARIO DE PRUEBA","4444","2015-07-02","2015-07-02","790","0","300","","","4","","","300","Efectivo","Ninguna","JORGE VASQUEZ","2015-09-20","00:00:00","0000-00-00","00:00:00","1000","nINGUNA","0","Factura","1","2015-09-19","12:38:40","s","123456789","2015-09-25","0","0","0","0","0","0");


CREATE TABLE `vehiculo_contrato_equipo` (
  `id` int(11) NOT NULL AUTO_INCREMENT,
  `contrato` varchar(255) NOT NULL,
  `nombre` varchar(255) NOT NULL,
  `estado` varchar(255) NOT NULL,
  `valor` varchar(255) NOT NULL,
  PRIMARY KEY (`id`)
) ENGINE=InnoDB AUTO_INCREMENT=11 DEFAULT CHARSET=latin1;

INSERT INTO vehiculo_contrato_equipo VALUES("1","3","AUDIFONOS","NO","5");
INSERT INTO vehiculo_contrato_equipo VALUES("2","3","DVD","SI","200");
INSERT INTO vehiculo_contrato_equipo VALUES("3","3","RADIO","SI","190");
INSERT INTO vehiculo_contrato_equipo VALUES("4","3","LLANTA","NO","15");
INSERT INTO vehiculo_contrato_equipo VALUES("5","3","GATO","NO","40");
INSERT INTO vehiculo_contrato_equipo VALUES("6","3","TAPONES","NO","15");
INSERT INTO vehiculo_contrato_equipo VALUES("7","3","ESPEJO","SI","30");
INSERT INTO vehiculo_contrato_equipo VALUES("8","3","PLACAS","SI","100");
INSERT INTO vehiculo_contrato_equipo VALUES("9","3","T. CIRCULACION","NO","2");
INSERT INTO vehiculo_contrato_equipo VALUES("10","3","POLIZA DE SEGURO","NO","500");


CREATE TABLE `vehiculo_contrato_producto` (
  `id` int(11) NOT NULL AUTO_INCREMENT,
  `cod` varchar(255) NOT NULL,
  `ref` varchar(255) NOT NULL,
  `nom` varchar(255) NOT NULL,
  `cant` varchar(255) NOT NULL,
  `val` varchar(255) NOT NULL,
  `descuento` varchar(255) NOT NULL,
  `contrato` varchar(255) NOT NULL,
  PRIMARY KEY (`id`),
  UNIQUE KEY `id` (`id`)
) ENGINE=InnoDB AUTO_INCREMENT=3 DEFAULT CHARSET=latin1;

INSERT INTO vehiculo_contrato_producto VALUES("1","12","","Producto de Prueba","1","120","0","3");
INSERT INTO vehiculo_contrato_producto VALUES("2","13","","Producto de Prueba dos","2","100","0","3");


CREATE TABLE `vehiculo_contrato_tarifa` (
  `id` int(11) NOT NULL AUTO_INCREMENT,
  `contrato` varchar(255) NOT NULL,
  `tarifa` varchar(255) NOT NULL,
  `nombre` varchar(255) NOT NULL,
  `valor` varchar(255) NOT NULL,
  PRIMARY KEY (`id`)
) ENGINE=InnoDB AUTO_INCREMENT=5 DEFAULT CHARSET=latin1;

INSERT INTO vehiculo_contrato_tarifa VALUES("1","3","dia","dia","600");
INSERT INTO vehiculo_contrato_tarifa VALUES("2","3","hora","hora","200");
INSERT INTO vehiculo_contrato_tarifa VALUES("3","3","3","Mes","15000");
INSERT INTO vehiculo_contrato_tarifa VALUES("4","3","2","Semana","4000");


CREATE TABLE `vehiculo_cxc` (
  `id` int(11) NOT NULL AUTO_INCREMENT,
  `contrato` varchar(255) NOT NULL,
  `cliente` varchar(255) NOT NULL,
  `valor` varchar(255) NOT NULL,
  `fecha` date NOT NULL,
  `hora` time NOT NULL,
  PRIMARY KEY (`id`)
) ENGINE=InnoDB AUTO_INCREMENT=2 DEFAULT CHARSET=latin1;

INSERT INTO vehiculo_cxc VALUES("1","3","16","2000","2015-09-19","12:53:42");


CREATE TABLE `vehiculo_cxc_abono` (
  `id` int(11) NOT NULL AUTO_INCREMENT,
  `contrato` varchar(255) NOT NULL,
  `valor` varchar(255) NOT NULL,
  `usu` varchar(255) NOT NULL,
  `fecha` date NOT NULL,
  `hora` time NOT NULL,
  `metodopago` varchar(255) NOT NULL,
  `tasa` varchar(255) NOT NULL,
  `ntasa` varchar(255) NOT NULL,
  `sucursal` varchar(255) NOT NULL,
  PRIMARY KEY (`id`)
) ENGINE=InnoDB AUTO_INCREMENT=2 DEFAULT CHARSET=latin1;

INSERT INTO vehiculo_cxc_abono VALUES("1","3","400","123456789","2015-09-19","12:56:14","1","","","1");


CREATE TABLE `vehiculo_cxp` (
  `id` int(11) NOT NULL AUTO_INCREMENT,
  `compra` varchar(255) NOT NULL,
  `proveedor` varchar(255) NOT NULL,
  `valor` varchar(255) NOT NULL,
  `fecha` date NOT NULL,
  `hora` time NOT NULL,
  PRIMARY KEY (`id`)
) ENGINE=InnoDB AUTO_INCREMENT=3 DEFAULT CHARSET=latin1;

INSERT INTO vehiculo_cxp VALUES("1","3","67584","99","2015-08-24","16:19:13");
INSERT INTO vehiculo_cxp VALUES("2","4","67584","500","2015-08-24","16:29:43");


CREATE TABLE `vehiculo_cxp_abono` (
  `id` int(11) NOT NULL AUTO_INCREMENT,
  `compra` varchar(255) NOT NULL,
  `valor` varchar(255) NOT NULL,
  `total` varchar(255) NOT NULL,
  `saldo` varchar(255) NOT NULL,
  `usu` varchar(255) NOT NULL,
  `fecha` date NOT NULL,
  `hora` time NOT NULL,
  `metodopago` varchar(255) NOT NULL,
  `tasa` varchar(255) NOT NULL,
  `ntasa` varchar(255) NOT NULL,
  `sucursal` varchar(255) NOT NULL,
  PRIMARY KEY (`id`)
) ENGINE=InnoDB AUTO_INCREMENT=3 DEFAULT CHARSET=latin1;

INSERT INTO vehiculo_cxp_abono VALUES("1","4","100","500","400","123456789","2015-08-26","13:49:55","1","0","","1");
INSERT INTO vehiculo_cxp_abono VALUES("2","4","120","500","280","123456789","2015-08-26","13:50:06","DOLAR","12","USD","1");


CREATE TABLE `vehiculo_equipo` (
  `id` int(11) NOT NULL AUTO_INCREMENT,
  `nombre` varchar(255) NOT NULL,
  `vehiculo` varchar(255) NOT NULL,
  `valor` varchar(255) NOT NULL,
  PRIMARY KEY (`id`)
) ENGINE=InnoDB AUTO_INCREMENT=11 DEFAULT CHARSET=latin1;

INSERT INTO vehiculo_equipo VALUES("1","AUDIFONOS","65","5");
INSERT INTO vehiculo_equipo VALUES("2","DVD","65","200");
INSERT INTO vehiculo_equipo VALUES("3","RADIO","65","190");
INSERT INTO vehiculo_equipo VALUES("4","LLANTA","65","15");
INSERT INTO vehiculo_equipo VALUES("5","GATO","65","40");
INSERT INTO vehiculo_equipo VALUES("6","TAPONES","65","15");
INSERT INTO vehiculo_equipo VALUES("7","ESPEJO","65","30");
INSERT INTO vehiculo_equipo VALUES("8","PLACAS","65","100");
INSERT INTO vehiculo_equipo VALUES("9","T. CIRCULACION","65","2");
INSERT INTO vehiculo_equipo VALUES("10","POLIZA DE SEGURO","65","500");


CREATE TABLE `vehiculo_info` (
  `id` int(11) NOT NULL AUTO_INCREMENT,
  `codigo` varchar(255) NOT NULL,
  `marca` varchar(10) NOT NULL,
  `modelo` varchar(10) NOT NULL,
  `fechac` date NOT NULL,
  `placa` varchar(255) NOT NULL,
  `chasis` varchar(255) NOT NULL,
  `carroceria` varchar(255) NOT NULL,
  `kilometra` varchar(255) NOT NULL,
  `transmision` varchar(255) NOT NULL,
  `color` varchar(255) NOT NULL,
  `puerta` varchar(20) NOT NULL,
  `tipo` varchar(255) NOT NULL,
  `tanque` varchar(255) NOT NULL,
  `capacidad` varchar(255) NOT NULL,
  `cilindro` varchar(255) NOT NULL,
  `costo` varchar(255) NOT NULL,
  `venta` varchar(255) NOT NULL,
  `estado` varchar(255) NOT NULL,
  `nota` text NOT NULL,
  `estrellas` int(11) NOT NULL,
  `dispo` varchar(255) NOT NULL,
  `asig` varchar(255) NOT NULL,
  `equipo` varchar(255) NOT NULL,
  `inte` varchar(255) NOT NULL,
  `seguro` varchar(255) NOT NULL,
  `combustible` varchar(255) NOT NULL,
  `sucursal` varchar(255) NOT NULL,
  PRIMARY KEY (`id`)
) ENGINE=InnoDB AUTO_INCREMENT=4 DEFAULT CHARSET=latin1;

INSERT INTO vehiculo_info VALUES("1","12","1","10","2015-06-29","BXA345","192999","Ninguna","1999","40","15","4","47","26","36","28","0","0","17","","4","n","prop","53","54","56","61","2");
INSERT INTO vehiculo_info VALUES("2","65","4","2005","2015-07-01","abc596","45","n95959","u5559","40","14","4","45","20","30","29","0","0","19","","3","s","prov","53","55","57","61","2");
INSERT INTO vehiculo_info VALUES("3","13","3","8","2015-10-01","as","as","as","as","39","12","2","41","24","35","27","0","0","18","","1","s","prop","59","55","57","60","1");


CREATE TABLE `vehiculo_prov` (
  `id` int(11) NOT NULL AUTO_INCREMENT,
  `codigo` varchar(255) NOT NULL,
  `razon` varchar(255) NOT NULL,
  `contacto` varchar(255) NOT NULL,
  `cel` varchar(255) NOT NULL,
  `tel` varchar(255) NOT NULL,
  `dir` varchar(255) NOT NULL,
  `estado` varchar(255) NOT NULL,
  `municipio` varchar(255) NOT NULL,
  `localidad` varchar(255) NOT NULL,
  `nota` text NOT NULL,
  PRIMARY KEY (`id`)
) ENGINE=InnoDB AUTO_INCREMENT=2 DEFAULT CHARSET=latin1;

INSERT INTO vehiculo_prov VALUES("1","858585","UMBRELA","JORGE JULIO","75464","78899","CERRADA","MEXICO","TECAMAC","SAN PEDRO","");


CREATE TABLE `vehiculo_prov_tarifa` (
  `id` int(11) NOT NULL AUTO_INCREMENT,
  `proveedor` varchar(255) NOT NULL,
  `vehiculo` varchar(255) NOT NULL,
  `tarifa` varchar(255) NOT NULL,
  `valor` varchar(255) NOT NULL,
  PRIMARY KEY (`id`)
) ENGINE=InnoDB AUTO_INCREMENT=5 DEFAULT CHARSET=latin1;

INSERT INTO vehiculo_prov_tarifa VALUES("1","858585","65","hora","40");
INSERT INTO vehiculo_prov_tarifa VALUES("2","858585","65","dia","70");
INSERT INTO vehiculo_prov_tarifa VALUES("3","858585","65","2","500");
INSERT INTO vehiculo_prov_tarifa VALUES("4","858585","65","3","1000");


CREATE TABLE `vehiculo_ref_contenido` (
  `id` int(11) NOT NULL AUTO_INCREMENT,
  `producto` varchar(255) NOT NULL,
  `sucursal` varchar(255) NOT NULL,
  `cant` varchar(255) NOT NULL,
  PRIMARY KEY (`id`)
) ENGINE=InnoDB AUTO_INCREMENT=3 DEFAULT CHARSET=latin1;

INSERT INTO vehiculo_ref_contenido VALUES("1","123","1","23");
INSERT INTO vehiculo_ref_contenido VALUES("2","123","2","60");


CREATE TABLE `vehiculo_ref_prov` (
  `id` int(11) NOT NULL AUTO_INCREMENT,
  `ref` varchar(255) NOT NULL,
  `prov` varchar(255) NOT NULL,
  `costo` varchar(255) NOT NULL,
  PRIMARY KEY (`id`)
) ENGINE=InnoDB AUTO_INCREMENT=3 DEFAULT CHARSET=latin1;

INSERT INTO vehiculo_ref_prov VALUES("2","123","67584","300");


CREATE TABLE `vehiculo_refaccion` (
  `id` int(11) NOT NULL AUTO_INCREMENT,
  `codigo` varchar(255) NOT NULL,
  `nombre` varchar(255) NOT NULL,
  `nota` text NOT NULL,
  `marca` varchar(255) NOT NULL,
  `tipo` varchar(255) NOT NULL,
  `anno` varchar(255) NOT NULL,
  `modelo` varchar(255) NOT NULL,
  `minimo` varchar(255) NOT NULL,
  `maximo` varchar(255) NOT NULL,
  `costo` varchar(255) NOT NULL,
  PRIMARY KEY (`id`)
) ENGINE=InnoDB AUTO_INCREMENT=2 DEFAULT CHARSET=latin1;

INSERT INTO vehiculo_refaccion VALUES("1","123","PRUEBA","NINGUNA","1","47","2014","10","10","30","300");


CREATE TABLE `vehiculo_seguro_info` (
  `id` int(11) NOT NULL AUTO_INCREMENT,
  `nombre` varchar(255) NOT NULL,
  `dir` varchar(255) NOT NULL,
  `tel` varchar(255) NOT NULL,
  `cel` varchar(255) NOT NULL,
  `fax` varchar(255) NOT NULL,
  `ciudad` varchar(255) NOT NULL,
  `pais` varchar(255) NOT NULL,
  `estado` varchar(10) NOT NULL,
  `contacto` varchar(255) NOT NULL,
  PRIMARY KEY (`id`)
) ENGINE=InnoDB AUTO_INCREMENT=2 DEFAULT CHARSET=latin1;

INSERT INTO vehiculo_seguro_info VALUES("1","nombre","direccion","telef","cel","fax","ciudad","pais","s","contato");


CREATE TABLE `vehiculo_ser_detalle` (
  `id` int(11) NOT NULL AUTO_INCREMENT,
  `cod` varchar(255) NOT NULL,
  `nom` varchar(255) NOT NULL,
  `val` varchar(255) NOT NULL,
  `cant` varchar(255) NOT NULL,
  `servicio` varchar(255) NOT NULL,
  `nota` text NOT NULL,
  PRIMARY KEY (`id`)
) ENGINE=InnoDB AUTO_INCREMENT=7 DEFAULT CHARSET=latin1;

INSERT INTO vehiculo_ser_detalle VALUES("3","1000","Refaccion de Prueba","590","1","3","Ninguna Observaciones");
INSERT INTO vehiculo_ser_detalle VALUES("4","1000","Refaccion de Prueba","590","6","4","Ninguna Observaciones");
INSERT INTO vehiculo_ser_detalle VALUES("5","1000","Refaccion de Prueba","590","5","4","Ninguna Observaciones");
INSERT INTO vehiculo_ser_detalle VALUES("6","123","PRUEBA","300","1","5","");


CREATE TABLE `vehiculo_ser_info` (
  `id` int(11) NOT NULL AUTO_INCREMENT,
  `tipo` varchar(255) NOT NULL,
  `vehiculo` varchar(255) NOT NULL,
  `fechai` date NOT NULL,
  `fechaf` date NOT NULL,
  `k` varchar(255) NOT NULL,
  `costo` varchar(255) NOT NULL,
  `estado` varchar(255) NOT NULL,
  `nota1` text NOT NULL,
  `nota2` text NOT NULL,
  `inventario` varchar(255) NOT NULL,
  `fecha` date NOT NULL,
  `hora` time NOT NULL,
  `responsable` varchar(255) NOT NULL,
  `sucursal` varchar(255) NOT NULL,
  `valor` varchar(255) NOT NULL,
  `otros` varchar(255) NOT NULL,
  PRIMARY KEY (`id`)
) ENGINE=InnoDB AUTO_INCREMENT=6 DEFAULT CHARSET=latin1;

INSERT INTO vehiculo_ser_info VALUES("2","4","BHD 124","2015-04-07","2015-04-07","19008","100","VENCIDO","Ninguna","Hola mundo mundo","si","2015-04-14","17:15:04","123456789","1","","");
INSERT INTO vehiculo_ser_info VALUES("3","2","BHD 124","2015-04-14","2015-04-23","19008","766","PENDIENTE","TRABAJA RAPIDO","Se limpio solamente el vehiculo","si","2015-04-14","23:03:34","123456789","1","","");
INSERT INTO vehiculo_ser_info VALUES("4","5","BHD 124","2015-04-15","2015-04-15","19008","300","VENCIDO","g","h","si","2015-04-15","11:22:14","123456789","1","300","50");
INSERT INTO vehiculo_ser_info VALUES("5","3","BXA345","2015-08-27","2015-08-27","1999","380","PENDIENTE","","jol","si","2015-08-27","22:51:52","123456789","1","380","100");


CREATE TABLE `vehiculo_ser_tipo` (
  `id` int(11) NOT NULL AUTO_INCREMENT,
  `nombre` varchar(255) NOT NULL,
  `costo` varchar(255) NOT NULL,
  PRIMARY KEY (`id`)
) ENGINE=InnoDB AUTO_INCREMENT=6 DEFAULT CHARSET=latin1;

INSERT INTO vehiculo_ser_tipo VALUES("1","LAVADO DE MOTORS","899");
INSERT INTO vehiculo_ser_tipo VALUES("2","TUNE UP","766");
INSERT INTO vehiculo_ser_tipo VALUES("3","FUEL INJECTION","380");
INSERT INTO vehiculo_ser_tipo VALUES("4","MOTOR","100");
INSERT INTO vehiculo_ser_tipo VALUES("5","LAVADO GENERAL","300");


CREATE TABLE `vehiculo_ser_tmp` (
  `id` int(11) NOT NULL AUTO_INCREMENT,
  `cod` varchar(255) NOT NULL,
  `nom` varchar(255) NOT NULL,
  `val` varchar(255) NOT NULL,
  `cant` varchar(255) NOT NULL,
  `usu` varchar(255) NOT NULL,
  PRIMARY KEY (`id`)
) ENGINE=InnoDB DEFAULT CHARSET=latin1;



CREATE TABLE `vehiculo_tarifa` (
  `id` int(11) NOT NULL AUTO_INCREMENT,
  `vehiculo` varchar(255) NOT NULL,
  `lista` varchar(255) NOT NULL,
  `tarifa` varchar(255) NOT NULL,
  `valor` varchar(255) NOT NULL,
  PRIMARY KEY (`id`)
) ENGINE=InnoDB AUTO_INCREMENT=25 DEFAULT CHARSET=latin1;

INSERT INTO vehiculo_tarifa VALUES("1","65","1","dia","600");
INSERT INTO vehiculo_tarifa VALUES("2","65","1","hora","200");
INSERT INTO vehiculo_tarifa VALUES("3","65","1","3","15000");
INSERT INTO vehiculo_tarifa VALUES("4","65","1","2","4000");
INSERT INTO vehiculo_tarifa VALUES("5","65","2","dia","600");
INSERT INTO vehiculo_tarifa VALUES("6","65","2","hora","200");
INSERT INTO vehiculo_tarifa VALUES("7","65","2","3","15000");
INSERT INTO vehiculo_tarifa VALUES("8","65","2","2","4000");
INSERT INTO vehiculo_tarifa VALUES("9","65","3","dia","600");
INSERT INTO vehiculo_tarifa VALUES("10","65","3","hora","200");
INSERT INTO vehiculo_tarifa VALUES("11","65","3","3","15000");
INSERT INTO vehiculo_tarifa VALUES("12","65","3","2","4000");
INSERT INTO vehiculo_tarifa VALUES("13","65","4","dia","600");
INSERT INTO vehiculo_tarifa VALUES("14","65","4","hora","200");
INSERT INTO vehiculo_tarifa VALUES("15","65","4","3","15000");
INSERT INTO vehiculo_tarifa VALUES("16","65","4","2","4000");
INSERT INTO vehiculo_tarifa VALUES("17","65","5","dia","600");
INSERT INTO vehiculo_tarifa VALUES("18","65","5","hora","200");
INSERT INTO vehiculo_tarifa VALUES("19","65","5","3","15000");
INSERT INTO vehiculo_tarifa VALUES("20","65","5","2","4000");
INSERT INTO vehiculo_tarifa VALUES("21","65","6","dia","600");
INSERT INTO vehiculo_tarifa VALUES("22","65","6","hora","200");
INSERT INTO vehiculo_tarifa VALUES("23","65","6","3","15000");
INSERT INTO vehiculo_tarifa VALUES("24","65","6","2","4000");


CREATE TABLE `vehiculo_tmp` (
  `id` int(11) NOT NULL AUTO_INCREMENT,
  `clie_cod` varchar(255) NOT NULL,
  `clie_nom` varchar(255) NOT NULL,
  `clie_dir` varchar(255) NOT NULL,
  `clie_colonia` varchar(355) NOT NULL,
  `clie_tel` varchar(255) NOT NULL,
  `clie_lista` varchar(255) NOT NULL,
  `clie_iva` varchar(255) NOT NULL,
  `veh_cod` varchar(255) NOT NULL,
  `veh_placa` varchar(255) NOT NULL,
  `veh_marca` varchar(255) NOT NULL,
  `veh_modelo` varchar(255) NOT NULL,
  `veh_capacidad` varchar(255) NOT NULL,
  `veh_color` varchar(255) NOT NULL,
  `veh_tipo` varchar(255) NOT NULL,
  `veh_asig` varchar(255) NOT NULL,
  `veh_tarifa` varchar(255) NOT NULL,
  `veh_dia` varchar(255) NOT NULL,
  `veh_cant` varchar(255) NOT NULL,
  `veh_valor` varchar(255) NOT NULL,
  `veh_costo` varchar(255) NOT NULL,
  `veh_inte` varchar(255) NOT NULL,
  `con_cod` varchar(255) NOT NULL,
  `con_nom` varchar(255) NOT NULL,
  `con_lic` varchar(255) NOT NULL,
  `con_exp` date NOT NULL,
  `con_ven` date NOT NULL,
  `con_valor` varchar(255) NOT NULL,
  `ser_desc` varchar(255) NOT NULL,
  `fin_kms_salida` varchar(255) NOT NULL,
  `fin_kms_entrada` varchar(255) NOT NULL,
  `fin_kms_valor` varchar(255) NOT NULL,
  `fin_gasolina_salida` varchar(255) NOT NULL,
  `fin_gasolina_entrada` varchar(255) NOT NULL,
  `fin_gasolina_valor` varchar(255) NOT NULL,
  `fin_autorizado` varchar(255) NOT NULL,
  `fin_tipo` varchar(255) NOT NULL,
  `fin_vehiculo` text NOT NULL,
  `fin_responsable` varchar(255) NOT NULL,
  `fin_fecha_salida` date NOT NULL,
  `fin_hora_salida` time NOT NULL,
  `fin_fecha_entrada` date NOT NULL,
  `fin_hora_entrada` time NOT NULL,
  `fin_deposito` varchar(255) NOT NULL,
  `fin_conductor` text NOT NULL,
  `fin_desc` varchar(255) NOT NULL,
  `fin_factura` varchar(255) NOT NULL,
  `sucursal` varchar(255) NOT NULL,
  `fecha` date NOT NULL,
  `hora` time NOT NULL,
  `estado` varchar(255) NOT NULL,
  `usuario` varchar(255) NOT NULL,
  `vencimiento` date NOT NULL,
  `f_tiempo` varchar(255) NOT NULL,
  `f_kms` varchar(255) NOT NULL,
  `f_cargo` varchar(255) NOT NULL,
  `f_choque` varchar(255) NOT NULL,
  `f_gasolina` varchar(255) NOT NULL,
  `f_personal` varchar(255) NOT NULL,
  PRIMARY KEY (`id`)
) ENGINE=InnoDB AUTO_INCREMENT=6 DEFAULT CHARSET=latin1;

INSERT INTO vehiculo_tmp VALUES("5","16","Infosis Piso 11","Maq Piso 11","centro","33","1","s","13","as","Chevrolet","8","10 Pasajeros","Azul","Atitude","prop","dia","2","2","0","140000","5","","","","0000-00-00","0000-00-00","0","0","","","","","","","","","","","0000-00-00","00:00:00","0000-00-00","00:00:00","","","","","","2015-10-01","18:40:15","s","123456789","0000-00-00","0","0","0","0","0","0");


CREATE TABLE `vehiculo_tmp_equipo` (
  `id` int(11) NOT NULL AUTO_INCREMENT,
  `tmp` varchar(255) NOT NULL,
  `contrato` varchar(255) NOT NULL,
  `nombre` varchar(255) NOT NULL,
  `estado` varchar(255) NOT NULL,
  `valor` varchar(255) NOT NULL,
  PRIMARY KEY (`id`)
) ENGINE=InnoDB DEFAULT CHARSET=latin1;



CREATE TABLE `vehiculo_tmp_fin` (
  `id` int(11) NOT NULL AUTO_INCREMENT,
  `contrato` varchar(255) NOT NULL,
  `dias_ex` varchar(255) NOT NULL,
  `fin_fecha_entrada` date NOT NULL,
  `fin_hora_entrada` time NOT NULL,
  `f_choque` varchar(255) NOT NULL,
  `f_personal` varchar(255) NOT NULL,
  `fin_desc` varchar(255) NOT NULL,
  `f_cargo` varchar(255) NOT NULL,
  `f_tiempo` varchar(255) NOT NULL,
  `f_kms` varchar(255) NOT NULL,
  `fin_kms_entrada` varchar(255) NOT NULL,
  `fin_gasolina_entrada` varchar(255) NOT NULL,
  `f_gasolina` varchar(255) NOT NULL,
  `tipo` varchar(255) NOT NULL,
  PRIMARY KEY (`id`)
) ENGINE=InnoDB AUTO_INCREMENT=6 DEFAULT CHARSET=latin1;

INSERT INTO vehiculo_tmp_fin VALUES("2","8","2","2015-08-20","11:00:17","100","590","10","146","1200","340","4900","1","26.8","dia");
INSERT INTO vehiculo_tmp_fin VALUES("3","10","1","2015-09-07","22:13:40","300","400","21","200","600","7410","66000","3","13.4","dia");
INSERT INTO vehiculo_tmp_fin VALUES("4","12","1","2015-08-29","22:33:08","100","400","0","200","600","200","1900","4","13.4","dia");
INSERT INTO vehiculo_tmp_fin VALUES("5","13","2","2015-08-28","10:14:36","100","350","0","200","1200","500","3000","2","26.8","dia");


CREATE TABLE `vehiculo_tmp_trans` (
  `id` int(11) NOT NULL AUTO_INCREMENT,
  `codigo` varchar(255) NOT NULL,
  `nombre` varchar(255) NOT NULL,
  `origen` varchar(255) NOT NULL,
  `final` varchar(255) NOT NULL,
  `cant` varchar(255) NOT NULL,
  `usu` varchar(255) NOT NULL,
  PRIMARY KEY (`id`)
) ENGINE=InnoDB DEFAULT CHARSET=latin1;



CREATE TABLE `vehiculo_trans` (
  `id` int(11) NOT NULL AUTO_INCREMENT,
  `origen` varchar(255) NOT NULL,
  `final` varchar(255) NOT NULL,
  `producto` varchar(255) NOT NULL,
  `nombre` varchar(255) NOT NULL,
  `cant` varchar(255) NOT NULL,
  `nota` longtext NOT NULL,
  `fecha` date NOT NULL,
  `hora` time NOT NULL,
  `usu` varchar(255) NOT NULL,
  PRIMARY KEY (`id`)
) ENGINE=InnoDB AUTO_INCREMENT=2 DEFAULT CHARSET=latin1;

INSERT INTO vehiculo_trans VALUES("1","1","2","123","PRUEBA","10","nada","2015-08-23","14:35:38","123456789");


CREATE TABLE `vehiculo_trans_detalle` (
  `id` int(11) NOT NULL AUTO_INCREMENT,
  `codigo` varchar(255) NOT NULL,
  `nombre` varchar(255) NOT NULL,
  `origen` varchar(255) NOT NULL,
  `final` varchar(255) NOT NULL,
  `cant` varchar(255) NOT NULL,
  `lista` varchar(255) NOT NULL,
  PRIMARY KEY (`id`)
) ENGINE=InnoDB DEFAULT CHARSET=latin1;



CREATE TABLE `vehiculo_trans_lista` (
  `id` int(11) NOT NULL AUTO_INCREMENT,
  `nombre` varchar(255) NOT NULL,
  `nota` varchar(266) NOT NULL,
  `origen` varchar(255) NOT NULL,
  `final` varchar(255) NOT NULL,
  PRIMARY KEY (`id`)
) ENGINE=InnoDB DEFAULT CHARSET=latin1;



CREATE TABLE `venta_botones` (
  `id` int(11) NOT NULL AUTO_INCREMENT,
  `cliente` varchar(255) NOT NULL,
  `nombre` varchar(255) NOT NULL,
  `color` varchar(255) NOT NULL,
  `tama` varchar(255) NOT NULL,
  `estado` varchar(255) NOT NULL,
  PRIMARY KEY (`id`)
) ENGINE=InnoDB AUTO_INCREMENT=3 DEFAULT CHARSET=latin1;

INSERT INTO venta_botones VALUES("1","15","CLIENTE MONSTRADOR","VERDE","PEQUENO","s");
INSERT INTO venta_botones VALUES("2","58578","cliente monstrador","AMARILLO","NORMAL","s");
